167
CXUS52 KFFC 011010
CF6ATL
PRELIMINARY LOCAL CLIMATOLOGICAL DATA (WS FORM: F-6)
STATION: ATLANTA
MONTH: JUNE
YEAR: 2020
LATITUDE: 33 39 N
LONGITUDE: 84 26 W
TEMPERATURE IN F: :PCPN: SNOW: WIND :SUNSHINE: SKY :PK WND
================================================================================
1 2 3 4 5 6A 6B 7 8 9 10 11 12 13 14 15 16 17 18
12Z AVG MX 2MIN
DY MAX MIN AVG DEP HDD CDD WTR SNW DPTH SPD SPD DIR MIN PSBL S-S WX SPD DR
================================================================================
1 82 66 74 0 0 9 0.00 0.0 M 9.3 17 80 M M 6 21 90
2 85 66 76 2 0 11 0.00 0.0 M 5.7 10 180 M M 7 16 200
3 87 69 78 3 0 13 0.00 0.0 M 5.9 13 260 M M 7 16 250
4 89 70 80 5 0 15 0.00 M M 7.7 15 290 M M 6 3 18 290
5 83 71 77 2 0 12 0.26 M M 6.2 20 330 M M 6 138 24 330
6 87 69 78 2 0 13 0.12 M M 4.6 22 190 M M 8 1 26 180
7 85 71 78 2 0 13 T M M 6.2 13 150 M M 8 17 140
8 85 73 79 3 0 14 T M M 8.1 15 120 M M 8 3 25 190
9 86 73 80 4 0 15 0.32 M M 7.8 28 200 M M 7 138 39 200
10 84 73 79 3 0 14 0.71 M M 8.5 20 200 M M 8 13 27 200
11 84 68 76 -1 0 11 T 0.0 M 10.6 18 310 M M 3 22 310
12 88 66 77 0 0 12 0.01 0.0 M 9.4 24 40 M M 4 29 40
13 87 69 78 1 0 13 0.00 M M 7.0 15 90 M M 4 21 10
14 81 65 73 -4 0 8 0.40 0.0 0 6.8 37 30 M M 4 3 46 30
15 80 63 72 -5 0 7 T 0.0 M 8.8 33 30 M M 5 3 44 40
16 75 61 68 -10 0 3 0.00 0.0 M 11.1 18 70 M M 7 23 90
17 76 59 68 -10 0 3 0.00 0.0 0 4.6 13 340 M M 7 17 80
18 83 61 72 -6 0 7 0.00 M M 4.2 12 270 M M 5 17 320
19 87 68 78 0 0 13 0.00 M M 4.6 13 40 M M 5 15 40
20 90 67 79 1 0 14 0.00 0.0 M 4.2 15 310 M M 3 18 310
21 90 70 80 2 0 15 0.02 0.0 M 4.9 31 270 M M 6 3 43 270
22 87 69 78 -1 0 13 0.10 0.0 M 4.6 24 190 M M 6 3 39 170
23 86 70 78 -1 0 13 0.02 0.0 M 10.5 18 240 M M 9 26 250
24 83 69 76 -3 0 11 0.20 0.0 M 8.2 15 290 M M 9 1 20 270
25 83 69 76 -3 0 11 0.23 0.0 M 7.0 26 250 M M 9 13 35 240
26 86 68 77 -2 0 12 0.04 0.0 0 9.2 29 290 M M 8 38 290
27 88 68 78 -1 0 13 0.17 0.0 M 8.1 35 330 M M 8 138 42 320
28 90 74 82 3 0 17 0.00 0.0 0 9.7 17 260 M M 7 21 300
29 93 73 83 3 0 18 0.00 M M 7.9 22 340 M M 6 28 350
30 91 71 81 1 0 16 0.04 0.0 M 7.4 26 270 M M 8 13 33 270
================================================================================
SM 2561 2049 0 359 2.64 0.0 218.8 M 194
================================================================================
AV 85.4 68.3 7.3 FASTST M M 6 MAX(MPH)
MISC ----> 37 30 46 30
================================================================================
NOTES:
# LAST OF SEVERAL OCCURRENCES
COLUMN 17 PEAK WIND IN M.P.H.
PRELIMINARY LOCAL CLIMATOLOGICAL DATA (WS FORM: F-6) , PAGE 2
STATION: ATLANTA
MONTH: JUNE
YEAR: 2020
LATITUDE: 33 39 N
LONGITUDE: 84 26 W
[TEMPERATURE DATA] [PRECIPITATION DATA] SYMBOLS USED IN COLUMN 16
AVERAGE MONTHLY: 76.8 TOTAL FOR MONTH: 2.64 1 = FOG OR MIST
DPTR FM NORMAL: -0.5 DPTR FM NORMAL: -1.31 2 = FOG REDUCING VISIBILITY
HIGHEST: 93 ON 29 GRTST 24HR 0.99 ON 9-10 TO 1/4 MILE OR LESS
LOWEST: 59 ON 17 3 = THUNDER
SNOW, ICE PELLETS, HAIL 4 = ICE PELLETS
TOTAL MONTH: 0.0 INCH 5 = HAIL
GRTST 24HR 0.0 6 = FREEZING RAIN OR DRIZZLE
GRTST DEPTH: 0 7 = DUSTSTORM OR SANDSTORM:
VSBY 1/2 MILE OR LESS
8 = SMOKE OR HAZE
[NO. OF DAYS WITH] [WEATHER - DAYS WITH] 9 = BLOWING SNOW
X = TORNADO
MAX 32 OR BELOW: 0 0.01 INCH OR MORE: 14
MAX 90 OR ABOVE: 5 0.10 INCH OR MORE: 9
MIN 32 OR BELOW: 0 0.50 INCH OR MORE: 1
MIN 0 OR BELOW: 0 1.00 INCH OR MORE: 0
[HDD (BASE 65) ]
TOTAL THIS MO. 0 CLEAR (SCALE 0-3) 0
DPTR FM NORMAL -2 PTCLDY (SCALE 4-7) 23
TOTAL FM JUL 1 2095 CLOUDY (SCALE 8-10) 7
DPTR FM NORMAL -671
[CDD (BASE 65) ]
TOTAL THIS MO. 359
DPTR FM NORMAL -12 [PRESSURE DATA]
TOTAL FM JAN 1 631 HIGHEST SLP 30.23 ON 1
DPTR FM NORMAL 10 LOWEST SLP 29.83 ON 23
[REMARKS]
#FINAL-06-20#