000
CXUS52 KFFC 030100
CLMATL
CLIMATE REPORT
NATIONAL WEATHER SERVICE PEACHTREE CITY GA
800 PM EST FRI FEB 02 2024
...................................
...THE ATLANTA CLIMATE SUMMARY FOR THE MONTH OF JANUARY 2024...
CLIMATE NORMAL PERIOD: 1991 TO 2020
CLIMATE RECORD PERIOD: 1878 TO 2024
WEATHER OBSERVED NORMAL DEPART LAST YEAR`S
VALUE DATE(S) VALUE FROM VALUE DATE(S)
NORMAL
................................................................
TEMPERATURE (F)
RECORD
HIGH 79 01/11/1949
LOW -8 01/21/1985
HIGHEST 72 01/25 77 -5 74 01/02
LOWEST 13 01/17 -8 21 29 01/15
AVG. MAXIMUM 53.5 54.0 -0.5 60.4
AVG. MINIMUM 35.1 35.6 -0.5 43.0
MEAN 44.3 44.8 -0.5 51.7
DAYS MAX >= 90 0 0.0 0.0 0
DAYS MAX <= 32 1 0.8 0.2 0
DAYS MIN <= 32 12 12.8 -0.8 5
DAYS MIN <= 0 0 0.0 0.0 0
PRECIPITATION (INCHES)
RECORD
MAXIMUM 15.82 1883
MINIMUM 0.84 1981
TOTALS 6.43 4.59 1.84 7.23
DAILY AVG. 0.21 0.15 0.06 0.23
DAYS >= .01 12 11.1 0.9 14
DAYS >= .10 8 7.3 0.7 9
DAYS >= .50 3 3.2 -0.2 6
DAYS >= 1.00 2 1.3 0.7 3
GREATEST
24 HR. TOTAL 3.19 01/08 TO 01/09 4.39 01/03 TO 01/04
SNOWFALL (INCHES)
RECORDS
TOTAL 4.6 2002
24 HR TOTAL 3.7 MM
TOTALS T 1.0 -1.0 0.0
SINCE 7/1 T 1.4 -1.4 MM
SNOWDEPTH AVG. 0 0
DAYS >= TRACE 1 0.7 0.3 0
DAYS >= 1.0 0 0.4 -0.4 0
GREATEST
24 HR TOTAL MM MM
DEGREE DAYS
HEATING TOTAL 634 627 7 405
SINCE 7/1 1431 1612 -181 MM
COOLING TOTAL 2 1 1 1
SINCE 1/1 2 1 1 MM
................................................................
WIND (MPH)
AVERAGE WIND SPEED 9.7
HIGHEST WIND SPEED/DIRECTION 31/310 DATE 01/19
HIGHEST GUST SPEED/DIRECTION 47/310 DATE 01/19
SKY COVER
POSSIBLE SUNSHINE (PERCENT) MM
AVERAGE SKY COVER 0.58
NUMBER OF DAYS FAIR 10
NUMBER OF DAYS PC 8
NUMBER OF DAYS CLOUDY 13
AVERAGE RH (PERCENT) 64
WEATHER CONDITIONS. NUMBER OF DAYS WITH
THUNDERSTORM 3 MIXED PRECIP 0
HEAVY RAIN 7 RAIN 8
LIGHT RAIN 13 FREEZING RAIN 0
LT FREEZING RAIN 0 HAIL 0
HEAVY SNOW 0 SNOW 0
LIGHT SNOW 1 SLEET 0
FOG 12 FOG W/VIS <= 1/4 MILE 2
HAZE 1
- INDICATES NEGATIVE NUMBERS.
R INDICATES RECORD WAS SET OR TIED.
MM INDICATES DATA IS MISSING.
T INDICATES TRACE AMOUNT.
$$