000
CXUS54 KMAF 011210
CF6ATS
PRELIMINARY LOCAL CLIMATOLOGICAL DATA (WS FORM: F-6)
STATION: ARTESIA
MONTH: NOVEMBER
YEAR: 2022
LATITUDE: 32 54 N
LONGITUDE: 104 30 W
TEMPERATURE IN F: :PCPN: SNOW: WIND :SUNSHINE: SKY :PK WND
================================================================================
1 2 3 4 5 6A 6B 7 8 9 10 11 12 13 14 15 16 17 18
12Z AVG MX 2MIN
DY MAX MIN AVG DEP HDD CDD WTR SNW DPTH SPD SPD DIR MIN PSBL S-S WX SPD DR
================================================================================
1 75 41 58 M 7 0 0.00 M M 8.8 15 150 M M 1 1 21 140
2 77 50 64 M 1 0 0.00 M M 12.4 21 210 M M 3 12 29 210
3 79 52 66 M 0 1 0.00 M M 17.8 30 230 M M 2 1 39 220
4 61 41 51 M 14 0 0.00 M M 13.5 30 300 M M 2 49 280
5 72 36 54 M 11 0 0.00 M M 10.2 24 240 M M 0 30 240
6 79 48 64 M 1 0 0.00 M M 7.5 18 260 M M 0 25 260
7 64 43 54 M 11 0 0.00 M M 6.0 14 340 M M 1 M M
8 77 55 66 M 0 1 0.00 M M 11.7 21 150 M M 5 28 150
9 82 55 69 M 0 4 0.00 M M 13.4 21 220 M M 2 1 28 220
10 72 48 60 M 5 0 0.00 M M 12.1 22 230 M M 0 28 230
11 50 34 42 M 23 0 0.00 M M 10.4 20 10 M M 2 27 360
12 54 27 41 M 24 0 0.00 M M 10.5 23 130 M M 0 28 140
13 57 28 43 M 22 0 0.00 M M 13.3 27 150 M M 0 33 150
14 50 32 41 M 24 0 0.00 M M 11.4 30 350 M M 1 38 350
15 46 23 35 M 30 0 0.00 M M 4.7 10 140 M M 1 16 130
16 43 30 37 M 28 0 0.00 M M 4.5 14 190 M M 7 20 99
17 55 23 39 M 26 0 0.00 M M 6.3 10 200 M M 0 15 180
18 37 28 33 M 32 0 0.00 M M 8.5 17 350 M M 9 17 350
19 39 32 36 M 29 0 0.00 M M 5.1 14 10 M M 9 16 360
20 48 25 37 M 28 0 0.00 M M 6.7 14 150 M M 2 1 15 160
21 57 27 42 M 23 0 0.00 M M 5.2 10 240 M M 4 12 M M
22 59 23 41 M 24 0 0.00 M M 5.2 10 220 M M 0 12 140
23 70 27 49 M 16 0 0.00 M M 8.2 24 230 M M 0 1 32 230
24 48 36 42 M 23 0 0.08 M M 18.7 28 10 M M 6 35 10
25 37 32 35 M 30 0 0.50 M M 13.9 23 350 M M 10 28 320
26 59 36 48 M 17 0 0.11 M M 10.8 25 260 M M 3 31 260
27 57 36 47 M 18 0 0.00 M M 6.0 14 260 M M 0 M M
28 63 34 49 M 16 0 0.00 M M 9.7 30 240 M M 0 40 230
29 68 34 51 M 14 0 0.00 M M 15.8 36 250 M M 0 45 250
30 43 27 35 M 30 0 0.00 M M 7.0 14 160 M M 0 21 160
================================================================================
SM 1778 1063 527 6 0.69 M 295.3 M 70
================================================================================
AV 59.3 35.4 9.8 FASTST M M 2 MAX(MPH)
MISC ----> 36 250 49 280
================================================================================
NOTES:
# LAST OF SEVERAL OCCURRENCES
COLUMN 17 PEAK WIND IN M.P.H.
PRELIMINARY LOCAL CLIMATOLOGICAL DATA (WS FORM: F-6) , PAGE 2
STATION: ARTESIA
MONTH: NOVEMBER
YEAR: 2022
LATITUDE: 32 54 N
LONGITUDE: 104 30 W
[TEMPERATURE DATA] [PRECIPITATION DATA] SYMBOLS USED IN COLUMN 16
AVERAGE MONTHLY: 47.4 TOTAL FOR MONTH: 0.69 1 = FOG OR MIST
DPTR FM NORMAL: 0.0 DPTR FM NORMAL: M 2 = FOG REDUCING VISIBILITY
HIGHEST: 82 ON 9 GRTST 24HR 0.50 ON 25-25 TO 1/4 MILE OR LESS
LOWEST: 23 ON 22,17 3 = THUNDER
SNOW, ICE PELLETS, HAIL 4 = ICE PELLETS
TOTAL MONTH: M 5 = HAIL
GRTST 24HR M ON M 6 = FREEZING RAIN OR DRIZZLE
GRTST DEPTH: M ON M 7 = DUSTSTORM OR SANDSTORM:
VSBY 1/2 MILE OR LESS
8 = SMOKE OR HAZE
[NO. OF DAYS WITH] [WEATHER - DAYS WITH] 9 = BLOWING SNOW
X = TORNADO
MAX 32 OR BELOW: 0 0.01 INCH OR MORE: 3
MAX 90 OR ABOVE: 0 0.10 INCH OR MORE: 2
MIN 32 OR BELOW: 14 0.50 INCH OR MORE: 1
MIN 0 OR BELOW: 0 1.00 INCH OR MORE: 0
[HDD (BASE 65) ]
TOTAL THIS MO. 527 CLEAR (SCALE 0-3) 23
DPTR FM NORMAL M PTCLDY (SCALE 4-7) 4
TOTAL FM JUL 1 666 CLOUDY (SCALE 8-10) 3
DPTR FM NORMAL M
[CDD (BASE 65) ]
TOTAL THIS MO. 6
DPTR FM NORMAL M [PRESSURE DATA]
TOTAL FM JAN 1 2372 HIGHEST SLP M ON M
DPTR FM NORMAL M LOWEST SLP M ON M
[REMARKS]
#FINAL-11-22#