000
CXUS54 KMAF 011110
CF6ATS
PRELIMINARY LOCAL CLIMATOLOGICAL DATA (WS FORM: F-6)
STATION: ARTESIA
MONTH: MARCH
YEAR: 2022
LATITUDE: 32 54 N
LONGITUDE: 104 30 W
TEMPERATURE IN F: :PCPN: SNOW: WIND :SUNSHINE: SKY :PK WND
================================================================================
1 2 3 4 5 6A 6B 7 8 9 10 11 12 13 14 15 16 17 18
12Z AVG MX 2MIN
DY MAX MIN AVG DEP HDD CDD WTR SNW DPTH SPD SPD DIR MIN PSBL S-S WX SPD DR
================================================================================
1 63 36 50 M 15 0 0.00 M M 5.3 13 340 M M 0 14 330
2 72 32 52 M 13 0 0.00 M M 7.0 12 250 M M 0 13 130
3 73 34 54 M 11 0 0.00 M M 8.5 16 160 M M 0 22 140
4 81 48 65 M 0 0 0.00 M M 12.5 28 220 M M 0 35 210
5 73 45 59 M 6 0 0.00 M M 15.2 26 240 M M 0 36 230
6 64 36 50 M 15 0 0.00 M M 12.4 36 260 M M 0 49 260
7 46 23 35 M 30 0 0.00 M M 6.3 14 160 M M 1 22 160
8 54 25 40 M 25 0 0.00 M M 5.6 10 250 M M 0 15 150
9 66 23 45 M 20 0 0.00 M M 12.5 27 210 M M 0 35 210
10 61 28 45 M 20 0 0.00 M M 12.7 21 340 M M 0 28 30
11 55 23 39 M 26 0 0.00 M M 11.6 22 360 M M 4 24 20
12 63 18 41 M 24 0 0.00 M M 9.8 18 200 M M 0 32 180
13 73 28 51 M 14 0 0.00 M M 12.4 26 230 M M 0 36 230
14 64 45 55 M 10 0 0.00 M M 15.4 29 10 M M 1 44 360
15 73 30 52 M 13 0 0.00 M M 9.2 16 160 M M 0 8 23 150
16 82 36 59 M 6 0 0.00 M M 11.3 25 230 M M 0 33 230
17 66 36 51 M 14 0 0.00 M M 21.0 37 300 M M 2 46 300
18 59 30 45 M 20 0 0.00 M M 8.5 15 140 M M 0 18 190
19 72 30 51 M 14 0 0.00 M M 5.7 9 230 M M 0 14 99
20 82 36 59 M 6 0 0.00 M M 18.1 31 140 M M 0 8 43 140
21 64 39 52 M 13 0 0.00 M M 18.7 30 240 M M 3 40 250
22 52 34 43 M 22 0 0.00 M M 10.8 22 20 M M 2 30 330
23 61 32 47 M 18 0 0.00 M M 11.5 24 330 M M 1 32 310
24 75 27 51 M 14 0 0.00 M M 6.8 14 280 M M 0 14 200
25 81 39 60 M 5 0 0.00 M M 5.8 12 250 M M 0 15 99
26 84 43 64 M 1 0 0.00 M M 8.1 13 360 M M 0 14 220
27 90 45 68 M 0 3 0.00 M M 6.8 13 200 M M 0 22 200
28 88 46 67 M 0 2 0.00 M M 11.2 23 220 M M 0 31 220
29 79 54 67 M 0 2 0.00 M M 22.0 40 250 M M 0 53 270
30 68 45 57 M 8 0 0.00 M M 13.0 23 20 M M 4 37 250
31 66 34 50 M 15 0 0.00 M M 8.6 26 350 M M 0 35 350
================================================================================
SM 2150 1080 398 7 0.00 M 344.2 M 18
================================================================================
AV 69.4 34.8 11.1 FASTST M M 1 MAX(MPH)
MISC ----> 40 250 53 270
================================================================================
NOTES:
# LAST OF SEVERAL OCCURRENCES
COLUMN 17 PEAK WIND IN M.P.H.
PRELIMINARY LOCAL CLIMATOLOGICAL DATA (WS FORM: F-6) , PAGE 2
STATION: ARTESIA
MONTH: MARCH
YEAR: 2022
LATITUDE: 32 54 N
LONGITUDE: 104 30 W
[TEMPERATURE DATA] [PRECIPITATION DATA] SYMBOLS USED IN COLUMN 16
AVERAGE MONTHLY: 52.1 TOTAL FOR MONTH: 0.00 1 = FOG OR MIST
DPTR FM NORMAL: 0.0 DPTR FM NORMAL: M 2 = FOG REDUCING VISIBILITY
HIGHEST: 90 ON 27 GRTST 24HR 0.00 ON 6- 6 TO 1/4 MILE OR LESS
LOWEST: 18 ON 12 3 = THUNDER
SNOW, ICE PELLETS, HAIL 4 = ICE PELLETS
TOTAL MONTH: M 5 = HAIL
GRTST 24HR M ON M 6 = FREEZING RAIN OR DRIZZLE
GRTST DEPTH: M ON M 7 = DUSTSTORM OR SANDSTORM:
VSBY 1/2 MILE OR LESS
8 = SMOKE OR HAZE
[NO. OF DAYS WITH] [WEATHER - DAYS WITH] 9 = BLOWING SNOW
X = TORNADO
MAX 32 OR BELOW: 0 0.01 INCH OR MORE: 0
MAX 90 OR ABOVE: 1 0.10 INCH OR MORE: 0
MIN 32 OR BELOW: 13 0.50 INCH OR MORE: 0
MIN 0 OR BELOW: 0 1.00 INCH OR MORE: 0
[HDD (BASE 65) ]
TOTAL THIS MO. 398 CLEAR (SCALE 0-3) 29
DPTR FM NORMAL M PTCLDY (SCALE 4-7) 2
TOTAL FM JUL 1 2586 CLOUDY (SCALE 8-10) 0
DPTR FM NORMAL M
[CDD (BASE 65) ]
TOTAL THIS MO. 7
DPTR FM NORMAL M [PRESSURE DATA]
TOTAL FM JAN 1 7 HIGHEST SLP M ON M
DPTR FM NORMAL M LOWEST SLP M ON M
[REMARKS]
#FINAL-03-22#