000
CXUS54 KMAF 040137
CF6ATS
PRELIMINARY LOCAL CLIMATOLOGICAL DATA (WS FORM: F-6)
STATION: ARTESIA
MONTH: JULY
YEAR: 2021
LATITUDE: 32 54 N
LONGITUDE: 104 30 W
TEMPERATURE IN F: :PCPN: SNOW: WIND :SUNSHINE: SKY :PK WND
================================================================================
1 2 3 4 5 6A 6B 7 8 9 10 11 12 13 14 15 16 17 18
12Z AVG MX 2MIN
DY MAX MIN AVG DEP HDD CDD WTR SNW DPTH SPD SPD DIR MIN PSBL S-S WX SPD DR
================================================================================
1 84 68 76 M 0 11 0.00 M M 3.9 8 140 M M 3 14 130
2 82 72 77 M 0 12 0.00 M M 5.6 16 10 M M 1 18 50
3 86 70 78 M 0 13 0.00 M M 4.6 15 230 M M 3 22 160
4 91 75 83 M 0 18 0.00 M M 7.0 12 170 M M 0 14 180
5 88 64 76 M 0 11 0.06 M M 10.0 46 30 M M 0 56 30
6 84 72 78 M 0 13 0.10 M M 5.9 14 120 M M 2 27 99
7 84 70 77 M 0 12 0.06 M M 6.0 22 20 M M 2 31 20
8 90 73 82 M 0 17 0.00 M M 3.9 7 150 M M 1 12 99
9 91 70 81 M 0 16 0.00 M M 7.7 16 170 M M 0 22 170
10 93 68 81 M 0 16 0.00 M M 10.4 18 170 M M 0 22 150
11 86 70 78 M 0 13 0.04 M M 8.6 24 210 M M 3 30 210
12 90 68 79 M 0 14 0.00 M M 6.0 20 150 M M 1 18 140
13 90 68 79 M 0 14 0.00 M M 8.9 15 170 M M 0 23 170
14 93 68 81 M 0 16 0.00 M M 13.1 18 150 M M 0 26 160
15 93 68 81 M 0 16 0.00 M M 5.5 15 160 M M 1 23 0
16 93 73 83 M 0 18 0.00 M M 4.8 14 330 M M 0 13 99
17 95 72 84 M 0 19 0.00 M M 6.1 26 290 M M 1 44 110
18 79 66 73 M 0 8 0.11 M M 8.1 21 20 M M 2 23 10
19 88 73 81 M 0 16 0.00 M M 6.9 21 50 M M 0 26 50
20 88 72 80 M 0 15 0.00 M M 5.3 10 130 M M 2 15 99
21 86 64 75 M 0 10 0.00 M M 9.7 16 140 M M 0 22 160
22 91 66 79 M 0 14 0.01 M M 9.2 17 150 M M 2 24 150
23 88 70 79 M 0 14 0.00 M M 9.0 21 240 M M 2 3 29 240
24 93 68 81 M 0 16 0.00 M M 4.7 13 270 M M 1 17 210
25 90 68 79 M 0 14 0.02 M M 8.6 17 180 M M 1 26 160
26 95 70 83 M 0 18 0.04 M M 8.4 28 310 M M 1 38 160
27 95 70 83 M 0 18 0.00 M M 5.8 14 160 M M 1 20 160
28 84 68 76 M 0 11 0.00 M M 11.2 29 150 M M 0 35 150
29 90 66 78 M 0 13 0.00 M M 5.4 15 130 M M 0 21 140
30 91 66 79 M 0 14 0.00 M M 5.2 14 140 M M 1 3 29 110
31 93 68 81 M 0 16 0.00 M M 7.5 18 280 M M 1 24 320
================================================================================
SM 2764 2144 0 446 0.44 M 222.9 M 32
================================================================================
AV 89.2 69.2 7.2 FASTST M M 1 MAX(MPH)
MISC ----> 46 30 56 30
================================================================================
NOTES:
# LAST OF SEVERAL OCCURRENCES
COLUMN 17 PEAK WIND IN M.P.H.
PRELIMINARY LOCAL CLIMATOLOGICAL DATA (WS FORM: F-6) , PAGE 2
STATION: ARTESIA
MONTH: JULY
YEAR: 2021
LATITUDE: 32 54 N
LONGITUDE: 104 30 W
[TEMPERATURE DATA] [PRECIPITATION DATA] SYMBOLS USED IN COLUMN 16
AVERAGE MONTHLY: 79.2 TOTAL FOR MONTH: 0.44 1 = FOG OR MIST
DPTR FM NORMAL: 0.0 DPTR FM NORMAL: M 2 = FOG REDUCING VISIBILITY
HIGHEST: 95 ON 27,26 GRTST 24HR 0.11 ON 18-18 TO 1/4 MILE OR LESS
LOWEST: 64 ON 21, 5 3 = THUNDER
SNOW, ICE PELLETS, HAIL 4 = ICE PELLETS
TOTAL MONTH: M 5 = HAIL
GRTST 24HR M ON M 6 = FREEZING RAIN OR DRIZZLE
GRTST DEPTH: M ON M 7 = DUSTSTORM OR SANDSTORM:
VSBY 1/2 MILE OR LESS
8 = SMOKE OR HAZE
[NO. OF DAYS WITH] [WEATHER - DAYS WITH] 9 = BLOWING SNOW
X = TORNADO
MAX 32 OR BELOW: 0 0.01 INCH OR MORE: 8
MAX 90 OR ABOVE: 18 0.10 INCH OR MORE: 1
MIN 32 OR BELOW: 0 0.50 INCH OR MORE: 0
MIN 0 OR BELOW: 0 1.00 INCH OR MORE: 0
[HDD (BASE 65) ]
TOTAL THIS MO. 0 CLEAR (SCALE 0-3) 29
DPTR FM NORMAL M PTCLDY (SCALE 4-7) 2
TOTAL FM JUL 1 0 CLOUDY (SCALE 8-10) 0
DPTR FM NORMAL M
[CDD (BASE 65) ]
TOTAL THIS MO. 446
DPTR FM NORMAL M [PRESSURE DATA]
TOTAL FM JAN 1 1204 HIGHEST SLP M ON M
DPTR FM NORMAL M LOWEST SLP M ON M
[REMARKS]
#FINAL-07-21#