000
CXUS54 KMAF 011210
CF6ATS
PRELIMINARY LOCAL CLIMATOLOGICAL DATA (WS FORM: F-6)
STATION: ARTESIA
MONTH: FEBRUARY
YEAR: 2021
LATITUDE: 32 54 N
LONGITUDE: 104 30 W
TEMPERATURE IN F: :PCPN: SNOW: WIND :SUNSHINE: SKY :PK WND
================================================================================
1 2 3 4 5 6A 6B 7 8 9 10 11 12 13 14 15 16 17 18
12Z AVG MX 2MIN
DY MAX MIN AVG DEP HDD CDD WTR SNW DPTH SPD SPD DIR MIN PSBL S-S WX SPD DR
================================================================================
1 61 27 44 M 21 0 0.00 M M 9.4 21 140 M M 0 29 160
2 75 39 57 M 8 0 0.03 M M 4.6 13 270 M M 0 17 270
3 81 41 61 M 4 0 0.00 M M 10.8 29 250 M M 0 36 230
4 64 43 54 M 11 0 0.00 M M 12.1 23 10 M M 0 29 10
5 63 28 46 M 19 0 0.00 M M 6.3 12 310 M M 0 17 99
6 63 36 50 M 15 0 0.00 M M 11.5 26 350 M M 0 30 350
7 75 34 55 M 10 0 0.00 M M 8.9 20 230 M M 0 28 230
8 79 36 58 M 7 0 0.00 M M 9.2 24 240 M M 0 31 240
9 77 41 59 M 6 0 0.00 M M 16.3 28 220 M M 0 38 220
10 66 32 49 M 16 0 0.00 M M 11.4 21 130 M M 3 1 27 230
11 48 32 40 M 25 0 0.00 M M 11.1 25 150 M M 7 1 30 150
12 32 25 29 M 36 0 0.00 M M 12.1 16 150 M M 9 1 22 150
13 25 19 22 M 43 0 0.00 M M 11.9 17 130 M M 10 1 27 130
14 19 7 13 M 52 0 0.00 M M 11.8 17 40 M M 10 1 21 40
15 19 -2 9 M 56 0 0.00 M M 6.7 16 160 M M 4 24 160
16 48 14 31 M 34 0 0.00 M M 10.7 22 240 M M 3 1 29 240
17 48 23 36 M 29 0 0.00 M M 7.8 16 150 M M 3 12 12 99
18 28 21 25 M 40 0 0.02 M M 8.4 18 10 M M 7 18 17 140
19 54 14 34 M 31 0 0.00 M M 8.7 15 140 M M 0 1 20 170
20 73 28 51 M 14 0 0.00 M M 11.4 35 220 M M 0 1 44 220
21 63 32 48 M 17 0 0.00 M M 14.9 23 330 M M 0 30 330
22 72 27 50 M 15 0 0.00 M M 6.8 15 360 M M 0 15 260
23 79 32 56 M 9 0 0.00 M M 12.4 30 230 M M 0 38 230
24 61 34 48 M 17 0 0.00 M M 9.7 15 270 M M 0 31 270
25 54 32 43 M 22 0 0.00 M M 7.2 12 100 M M 0 13 310
26 66 25 46 M 19 0 0.00 M M 4.8 13 290 M M 0 M M
27 75 32 54 M 11 0 0.00 M M 15.3 29 230 M M 0 37 240
28 59 34 47 M 18 0 0.00 M M 9.8 21 330 M M 0 25 330
================================================================================
SM 1627 786 605 0 0.05 M 281.9 M 56
================================================================================
AV 58.1 28.1 10.1 FASTST M M 2 MAX(MPH)
MISC ----> 35 220 44 220
================================================================================
NOTES:
# LAST OF SEVERAL OCCURRENCES
COLUMN 17 PEAK WIND IN M.P.H.
PRELIMINARY LOCAL CLIMATOLOGICAL DATA (WS FORM: F-6) , PAGE 2
STATION: ARTESIA
MONTH: FEBRUARY
YEAR: 2021
LATITUDE: 32 54 N
LONGITUDE: 104 30 W
[TEMPERATURE DATA] [PRECIPITATION DATA] SYMBOLS USED IN COLUMN 16
AVERAGE MONTHLY: 43.1 TOTAL FOR MONTH: 0.05 1 = FOG OR MIST
DPTR FM NORMAL: 0.0 DPTR FM NORMAL: 0.05 2 = FOG REDUCING VISIBILITY
HIGHEST: 81 ON 3 GRTST 24HR 0.03 ON 2- 2 TO 1/4 MILE OR LESS
LOWEST: -2 ON 15 3 = THUNDER
SNOW, ICE PELLETS, HAIL 4 = ICE PELLETS
TOTAL MONTH: M 5 = HAIL
GRTST 24HR M ON M 6 = FREEZING RAIN OR DRIZZLE
GRTST DEPTH: M ON M 7 = DUSTSTORM OR SANDSTORM:
VSBY 1/2 MILE OR LESS
8 = SMOKE OR HAZE
[NO. OF DAYS WITH] [WEATHER - DAYS WITH] 9 = BLOWING SNOW
X = TORNADO
MAX 32 OR BELOW: 5 0.01 INCH OR MORE: 2
MAX 90 OR ABOVE: 0 0.10 INCH OR MORE: 0
MIN 32 OR BELOW: 19 0.50 INCH OR MORE: 0
MIN 0 OR BELOW: 1 1.00 INCH OR MORE: 0
[HDD (BASE 65) ]
TOTAL THIS MO. 605 CLEAR (SCALE 0-3) 22
DPTR FM NORMAL M PTCLDY (SCALE 4-7) 3
TOTAL FM JUL 1 2552 CLOUDY (SCALE 8-10) 3
DPTR FM NORMAL M
[CDD (BASE 65) ]
TOTAL THIS MO. 0
DPTR FM NORMAL M [PRESSURE DATA]
TOTAL FM JAN 1 0 HIGHEST SLP M ON M
DPTR FM NORMAL M LOWEST SLP M ON M
[REMARKS]
#FINAL-02-21#