000
CXUS54 KMAF 011110
CF6ATS
PRELIMINARY LOCAL CLIMATOLOGICAL DATA (WS FORM: F-6)
STATION: ARTESIA
MONTH: MAY
YEAR: 2020
LATITUDE: 32 54 N
LONGITUDE: 104 30 W
TEMPERATURE IN F: :PCPN: SNOW: WIND :SUNSHINE: SKY :PK WND
================================================================================
1 2 3 4 5 6A 6B 7 8 9 10 11 12 13 14 15 16 17 18
12Z AVG MX 2MIN
DY MAX MIN AVG DEP HDD CDD WTR SNW DPTH SPD SPD DIR MIN PSBL S-S WX SPD DR
================================================================================
1 99 61 80 M 0 15 0.00 M M 12.4 28 230 M M 0 35 230
2 99 57 78 M 0 13 0.00 M M 12.6 25 220 M M 0 36 230
3 97 63 80 M 0 15 0.00 M M 12.0 23 220 M M 0 32 220
4 97 63 80 M 0 15 0.00 M M 8.7 15 250 M M 0 25 70
5 79 61 70 M 0 5 0.00 M M 11.4 22 40 M M 1 31 40
6 88 55 72 M 0 7 0.00 M M 12.8 20 140 M M 0 25 150
7 100 59 80 M 0 15 0.00 M M 13.7 25 270 M M 0 36 300
8 73 54 64 M 1 0 0.00 M M 14.6 32 20 M M 1 8 45 20
9 82 50 66 M 0 1 0.00 M M 13.1 23 150 M M 0 30 150
10 79 55 67 M 0 2 0.00 M M 9.5 18 160 M M 0 30 160
11 84 59 72 M 0 7 0.00 M M 11.9 28 330 M M 2 56 330
12 91 54 73 M 0 8 0.00 M M 9.2 21 240 M M 0 28 230
13 91 63 77 M 0 12 0.00 M M 11.3 25 230 M M 0 37 230
14 91 55 73 M 0 8 0.00 M M 12.0 29 220 M M 0 35 220
15 90 61 76 M 0 11 0.00 M M 8.5 17 130 M M 0 30 180
16 88 57 73 M 0 8 0.00 M M 8.8 20 140 M M 1 25 130
17 93 61 77 M 0 12 0.00 M M 13.9 21 150 M M 0 30 150
18 102 59 81 M 0 16 0.00 M M 9.3 20 200 M M 0 27 99
19 99 61 80 M 0 15 0.00 M M 8.1 28 150 M M 0 8 36 90
20 95 63 79 M 0 14 0.00 M M 10.7 25 230 M M 0 31 220
21 93 55 74 M 0 9 0.00 M M 14.2 26 240 M M 0 33 220
22 93 54 74 M 0 9 0.00 M M 8.9 18 220 M M 0 24 220
23 95 61 78 M 0 13 0.00 M M 13.0 23 230 M M 0 37 210
24 93 57 75 M 0 10 0.00 M M 10.1 24 230 M M 0 32 230
25 72 55 64 M 1 0 0.00 M M 11.1 21 20 M M 4 26 20
26 84 50 67 M 0 2 0.00 M M 10.1 20 140 M M 0 28 140
27 93 57 75 M 0 10 0.00 M M 7.7 17 340 M M 0 20 340
28 90 61 76 M 0 11 0.00 M M 7.8 17 130 M M 0 20 99
29 90 59 75 M 0 10 0.00 M M 9.8 21 160 M M 0 25 150
30 90 63 77 M 0 12 0.00 M M 14.7 25 160 M M 0 33 140
31 88 59 74 M 0 9 0.00 M M 9.3 18 150 M M 0 26 150
================================================================================
SM 2798 1802 2 294 0.00 M 341.1 M 9
================================================================================
AV 90.3 58.1 11.0 FASTST M M 0 MAX(MPH)
MISC ----> 32 20 56 330
================================================================================
NOTES:
# LAST OF SEVERAL OCCURRENCES
COLUMN 17 PEAK WIND IN M.P.H.
PRELIMINARY LOCAL CLIMATOLOGICAL DATA (WS FORM: F-6) , PAGE 2
STATION: ARTESIA
MONTH: MAY
YEAR: 2020
LATITUDE: 32 54 N
LONGITUDE: 104 30 W
[TEMPERATURE DATA] [PRECIPITATION DATA] SYMBOLS USED IN COLUMN 16
AVERAGE MONTHLY: 74.2 TOTAL FOR MONTH: 0.00 1 = FOG OR MIST
DPTR FM NORMAL: 0.0 DPTR FM NORMAL: M 2 = FOG REDUCING VISIBILITY
HIGHEST: 102 ON 18 GRTST 24HR 0.00 ON 1- 1 TO 1/4 MILE OR LESS
LOWEST: 50 ON 26, 9 3 = THUNDER
SNOW, ICE PELLETS, HAIL 4 = ICE PELLETS
TOTAL MONTH: M 5 = HAIL
GRTST 24HR M ON M 6 = FREEZING RAIN OR DRIZZLE
GRTST DEPTH: M ON M 7 = DUSTSTORM OR SANDSTORM:
VSBY 1/2 MILE OR LESS
8 = SMOKE OR HAZE
[NO. OF DAYS WITH] [WEATHER - DAYS WITH] 9 = BLOWING SNOW
X = TORNADO
MAX 32 OR BELOW: 0 0.01 INCH OR MORE: 0
MAX 90 OR ABOVE: 21 0.10 INCH OR MORE: 0
MIN 32 OR BELOW: 0 0.50 INCH OR MORE: 0
MIN 0 OR BELOW: 0 1.00 INCH OR MORE: 0
[HDD (BASE 65) ]
TOTAL THIS MO. 2 CLEAR (SCALE 0-3) 30
DPTR FM NORMAL M PTCLDY (SCALE 4-7) 1
TOTAL FM JUL 1 2759 CLOUDY (SCALE 8-10) 0
DPTR FM NORMAL M
[CDD (BASE 65) ]
TOTAL THIS MO. 294
DPTR FM NORMAL M [PRESSURE DATA]
TOTAL FM JAN 1 377 HIGHEST SLP M ON M
DPTR FM NORMAL M LOWEST SLP M ON M
[REMARKS]
#FINAL-05-20#