000
CXUS54 KMAF 011110
CF6ATS
PRELIMINARY LOCAL CLIMATOLOGICAL DATA (WS FORM: F-6)
STATION: ARTESIA
MONTH: OCTOBER
YEAR: 2023
LATITUDE: 32 54 N
LONGITUDE: 104 30 W
TEMPERATURE IN F: :PCPN: SNOW: WIND :SUNSHINE: SKY :PK WND
================================================================================
1 2 3 4 5 6A 6B 7 8 9 10 11 12 13 14 15 16 17 18
12Z AVG MX 2MIN
DY MAX MIN AVG DEP HDD CDD WTR SNW DPTH SPD SPD DIR MIN PSBL S-S WX SPD DR
================================================================================
1 84 61 73 M 0 8 0.00 M M 8.0 15 160 M M 3 22 100
2 81 64 73 M 0 8 0.02 M M 9.6 20 120 M M 5 30 120
3 88 63 76 M 0 11 0.00 M M 9.7 23 230 M M 3 12 32 230
4 90 61 76 M 0 11 0.03 M M 6.7 16 240 M M 2 8 23 240
5 81 57 69 M 0 4 0.00 M M 8.1 13 120 M M 0 16 360
6 79 55 67 M 0 2 0.00 M M 7.0 14 70 M M 0 22 100
7 72 50 61 M 4 0 0.00 M M 8.4 18 150 M M 2 25 150
8 81 50 66 M 0 1 0.00 M M 5.6 9 220 M M 0 14 170
9 84 54 69 M 0 4 0.00 M M 5.4 21 300 M M 0 26 300
10 88 54 71 M 0 6 0.00 M M 8.1 20 150 M M 1 25 150
11 90 54 72 M 0 7 0.00 M M 11.3 25 220 M M 0 39 230
12 88 59 74 M 0 9 0.00 M M 18.4 32 240 M M 0 40 240
13 73 50 62 M 3 0 0.00 M M 7.0 15 20 M M 1 16 50
14 68 48 58 M 7 0 0.00 M M 6.4 10 110 M M 0 21 120
15 68 46 57 M 8 0 0.00 M M 5.0 12 130 M M 0 15 150
16 75 43 59 M 6 0 0.00 M M 9.2 17 160 M M 0 22 150
17 84 46 65 M 0 0 0.00 M M 10.1 21 150 M M 0 24 150
18 88 54 71 M 0 6 0.00 M M 9.0 20 30 M M 0 8 24 10
19 81 48 65 M 0 0 0.00 M M 7.3 16 140 M M 0 22 130
20 77 50 64 M 1 0 0.00 M M 7.4 12 340 M M 0 M M
21 90 68 79 M 0 14 0.00 M M 8.8 17 140 M M 0 22 150
22 88 61 75 M 0 10 0.00 M M 12.3 25 150 M M 0 30 160
23 81 55 68 M 0 3 0.00 M M 12.3 23 160 M M 3 29 160
24 77 59 68 M 0 3 0.17 M M 7.4 21 30 M M 6 1 23 240
25 75 52 64 M 1 0 0.00 M M 11.4 31 220 M M 1 35 220
26 82 52 67 M 0 2 0.00 M M 9.6 21 210 M M 0 31 230
27 66 50 58 M 7 0 0.00 M M 9.2 22 360 M M 1 29 360
28 73 55 64 M 1 0 0.00 M M 9.4 21 140 M M 7 1 25 150
29 63 34 49 M 16 0 0.00 M M 16.2 24 360 M M 10 1 31 360
30 45 32 39 M 26 0 0.00 M M 6.9 17 20 M M 4 26 20
31 54 27 41 M 24 0 0.00 M M 7.2 12 230 M M 0 13 350
================================================================================
SM 2414 1612 104 109 0.22 M 278.5 M 49
================================================================================
AV 77.9 52.0 9.0 FASTST M M 2 MAX(MPH)
MISC ----> 32 240 40 240
================================================================================
NOTES:
# LAST OF SEVERAL OCCURRENCES
COLUMN 17 PEAK WIND IN M.P.H.
PRELIMINARY LOCAL CLIMATOLOGICAL DATA (WS FORM: F-6) , PAGE 2
STATION: ARTESIA
MONTH: OCTOBER
YEAR: 2023
LATITUDE: 32 54 N
LONGITUDE: 104 30 W
[TEMPERATURE DATA] [PRECIPITATION DATA] SYMBOLS USED IN COLUMN 16
AVERAGE MONTHLY: 64.9 TOTAL FOR MONTH: 0.22 1 = FOG OR MIST
DPTR FM NORMAL: 0.0 DPTR FM NORMAL: M 2 = FOG REDUCING VISIBILITY
HIGHEST: 90 ON 21,11 GRTST 24HR 0.17 ON 24-24 TO 1/4 MILE OR LESS
LOWEST: 27 ON 31 3 = THUNDER
SNOW, ICE PELLETS, HAIL 4 = ICE PELLETS
TOTAL MONTH: M 5 = HAIL
GRTST 24HR M ON M 6 = FREEZING RAIN OR DRIZZLE
GRTST DEPTH: M ON M 7 = DUSTSTORM OR SANDSTORM:
VSBY 1/2 MILE OR LESS
8 = SMOKE OR HAZE
[NO. OF DAYS WITH] [WEATHER - DAYS WITH] 9 = BLOWING SNOW
X = TORNADO
MAX 32 OR BELOW: 0 0.01 INCH OR MORE: 3
MAX 90 OR ABOVE: 3 0.10 INCH OR MORE: 1
MIN 32 OR BELOW: 2 0.50 INCH OR MORE: 0
MIN 0 OR BELOW: 0 1.00 INCH OR MORE: 0
[HDD (BASE 65) ]
TOTAL THIS MO. 104 CLEAR (SCALE 0-3) 25
DPTR FM NORMAL M PTCLDY (SCALE 4-7) 5
TOTAL FM JUL 1 104 CLOUDY (SCALE 8-10) 1
DPTR FM NORMAL M
[CDD (BASE 65) ]
TOTAL THIS MO. 109
DPTR FM NORMAL M [PRESSURE DATA]
TOTAL FM JAN 1 2509 HIGHEST SLP M ON M
DPTR FM NORMAL M LOWEST SLP M ON M
[REMARKS]
#FINAL-10-23#