000
CXUS54 KEWX 031805
CF6ATT
PRELIMINARY LOCAL CLIMATOLOGICAL DATA (WS FORM: F-6)
STATION: AUSTIN CAMP MABRY
MONTH: MAY
YEAR: 2020
LATITUDE: 30 17 N
LONGITUDE: 97 42 W
TEMPERATURE IN F: :PCPN: SNOW: WIND :SUNSHINE: SKY :PK WND
================================================================================
1 2 3 4 5 6A 6B 7 8 9 10 11 12 13 14 15 16 17 18
12Z AVG MX 2MIN
DY MAX MIN AVG DEP HDD CDD WTR SNW DPTH SPD SPD DIR MIN PSBL S-S WX SPD DR
================================================================================
1 90 61 76 3 0 11 0.00 0.0 0 7.0 14 150 M M 0 25 160
2 93 69 81 8 0 16 0.00 0.0 0 8.5 16 150 M M 5 32 160
3 95 70 83 9 0 18 0.00 0.0 0 7.1 14 150 M M 3 25 190
4 97 72 85 11 0 20 0.00 0.0 0 7.3 15 150 M M 4 27 130
5 86 71 79 5 0 14 T 0.0 0 5.9 18 20 M M 9 8 34 20
6 87 66 77 3 0 12 0.00 0.0 0 4.5 9 110 M M 3 19 70
7 84 57 71 -3 0 6 0.00 0.0 0 5.4 17 160 M M 5 32 160
8 86 64 75 0 0 10 0.00 0.0 0 9.5 20 10 M M 6 36 20
9 79 61 70 -5 0 5 0.00 0.0 0 4.6 10 130 M M 2 20 90
10 82 55 69 -6 0 4 0.00 0.0 0 2.8 9 120 M M 0 17 80
11 86 59 73 -3 0 8 0.00 0.0 0 6.0 16 150 M M 4 30 150
12 74 66 70 -6 0 5 2.37 0.0 0 4.1 12 140 M M 10 123 21 140
13 89 64 77 1 0 12 0.01 0.0 0 5.4 13 150 M M 6 1 25 180
14 93 72 83 7 0 18 0.00 0.0 0 6.6 15 160 M M 4 31 150
15 92 65 79 3 0 14 2.19 0.0 0 5.7 20 120 M M 7 123 37 310
16 84 63 74 -3 0 9 0.63 0.0 0 5.1 14 330 M M 4 13 27 350
17 92 66 79 2 0 14 0.00 0.0 0 2.7 9 360 M M 0 16 360
18 95 64 80 3 0 15 0.00 0.0 0 2.8 10 170 M M 0 21 210
19 97 70 84 7 0 19 0.00 0.0 0 3.9 12 150 M M 0 21 150
20 95 75 85 7 0 20 0.00 0.0 0 6.8 14 160 M M 3 1 27 150
21 93 71 82 4 0 17 0.04 0.0 0 6.1 14 150 M M 4 8 27 150
22 95 73 84 6 0 19 0.05 0.0 0 7.4 15 150 M M 6 27 170
23 93 74 84 6 0 19 0.02 0.0 0 8.7 16 140 M M 6 27 150
24 95 67 81 3 0 16 0.97 0.0 0 6.6 15 120 M M 6 13 26 130
25 80 66 73 -6 0 8 0.73 0.0 0 3.2 13 50 M M 7 13 28 60
26 86 65 76 -3 0 11 0.20 0.0 0 2.9 12 290 M M 1 13 21 330
27 91 62 77 -2 0 12 0.63 0.0 0 4.8 15 10 M M 1 13 28 340
28 90 63 77 -2 0 12 0.00 0.0 0 1.9 9 360 M M 1 16 30
29 89 70 80 0 0 15 0.00 0.0 0 4.8 15 30 M M 0 25 50
30 89 63 76 -4 0 11 0.00 0.0 0 1.3 10 120 M M 1 17 90
31 85 74 80 0 0 15 T 0.0 0 4.7 12 120 M M 5 18 110
================================================================================
SM 2762 2058 0 405 7.84 0.0 164.1 M 113
================================================================================
AV 89.1 66.4 5.3 FASTST M M 4 MAX(MPH)
MISC ----> # 20 10 # 37 310
================================================================================
NOTES:
# LAST OF SEVERAL OCCURRENCES
COLUMN 17 PEAK WIND IN M.P.H.
PRELIMINARY LOCAL CLIMATOLOGICAL DATA (WS FORM: F-6) , PAGE 2
STATION: AUSTIN CAMP MABRY
MONTH: MAY
YEAR: 2020
LATITUDE: 30 17 N
LONGITUDE: 97 42 W
[TEMPERATURE DATA] [PRECIPITATION DATA] SYMBOLS USED IN COLUMN 16
AVERAGE MONTHLY: 77.7 TOTAL FOR MONTH: 7.84 1 = FOG OR MIST
DPTR FM NORMAL: 1.1 DPTR FM NORMAL: 3.40 2 = FOG REDUCING VISIBILITY
HIGHEST: 97 ON 19, 4 GRTST 24HR 2.37 ON 12-12 TO 1/4 MILE OR LESS
LOWEST: 55 ON 10 3 = THUNDER
SNOW, ICE PELLETS, HAIL 4 = ICE PELLETS
TOTAL MONTH: 0.0 INCH 5 = HAIL
GRTST 24HR 0.0 6 = FREEZING RAIN OR DRIZZLE
GRTST DEPTH: 0 7 = DUSTSTORM OR SANDSTORM:
VSBY 1/2 MILE OR LESS
8 = SMOKE OR HAZE
[NO. OF DAYS WITH] [WEATHER - DAYS WITH] 9 = BLOWING SNOW
X = TORNADO
MAX 32 OR BELOW: 0 0.01 INCH OR MORE: 11
MAX 90 OR ABOVE: 16 0.10 INCH OR MORE: 7
MIN 32 OR BELOW: 0 0.50 INCH OR MORE: 6
MIN 0 OR BELOW: 0 1.00 INCH OR MORE: 2
[HDD (BASE 65) ]
TOTAL THIS MO. 0 CLEAR (SCALE 0-3) 13
DPTR FM NORMAL -2 PTCLDY (SCALE 4-7) 16
TOTAL FM JUL 1 1238 CLOUDY (SCALE 8-10) 2
DPTR FM NORMAL -301
[CDD (BASE 65) ]
TOTAL THIS MO. 405
DPTR FM NORMAL 44 [PRESSURE DATA]
TOTAL FM JAN 1 803 HIGHEST SLP 30.25 ON 10
DPTR FM NORMAL 190 LOWEST SLP 29.59 ON 25
[REMARKS]
#FINAL-05-20#