000
CXUS53 KABR 011100
CF6ATY
PRELIMINARY LOCAL CLIMATOLOGICAL DATA (WS FORM: F-6)
STATION: WATERTOWN SD
MONTH: MAY
YEAR: 2022
LATITUDE: 44 55 N
LONGITUDE: 97 9 W
TEMPERATURE IN F: :PCPN: SNOW: WIND :SUNSHINE: SKY :PK WND
================================================================================
1 2 3 4 5 6A 6B 7 8 9 10 11 12 13 14 15 16 17 18
12Z AVG MX 2MIN
DY MAX MIN AVG DEP HDD CDD WTR SNW DPTH SPD SPD DIR MIN PSBL S-S WX SPD DR
================================================================================
1 43 36 40 -10 25 0 0.00 0.0 0 19.1 28 320 M M 10 37 310
2 44 36 40 -10 25 0 0.00 0.0 0 10.3 17 360 M M 10 23 360
3 55 33 44 -6 21 0 0.00 0.0 0 7.8 17 30 M M 5 22 20
4 60 37 49 -2 16 0 0.00 0.0 0 5.4 18 180 M M 3 27 170
5 57 44 51 0 14 0 0.05 0.0 0 5.2 15 130 M M 9 1 22 130
6 67 49 58 6 7 0 0.00 0.0 0 10.2 21 160 M M 7 18 27 150
7 74 48 61 9 4 0 0.39 0.0 0 18.3 36 160 M M 4 13 50 170
8 67 53 60 8 5 0 0.41 0.0 0 12.1 30 160 M M 7 1 37 160
9 70 48 59 6 6 0 0.13 0.0 0 16.9 32 260 M M 7 13 44 250
10 74 49 62 9 3 0 0.00 0.0 0 4.6 12 50 M M 3 8 16 40
11 76 51 64 10 1 0 0.02 0.0 0 11.2 22 70 M M 5 13 35 80
12 77 59 68 14 0 3 1.07 0.0 0 12.2 51 170 M M 6 138 76 160
13 72 50 61 6 4 0 0.00 0.0 0 18.5 33 240 M M 0 46 240
14 66 47 57 2 8 0 0.00 0.0 0 12.6 29 320 M M 1 39 320
15 72 45 59 4 6 0 0.00 0.0 0 10.5 23 290 M M 1 33 300
16 73 46 60 4 5 0 0.00 0.0 0 6.6 18 80 M M 2 30 80
17 65 49 57 1 8 0 0.38 0.0 0 9.2 18 160 M M 9 18 26 160
18 75 49 62 5 3 0 0.00 0.0 0 8.1 21 300 M M 4 12 30 310
19 72 48 60 3 5 0 0.17 0.0 0 10.3 35 330 M M 4 1 49 330
20 57 41 49 -8 16 0 0.05 0.0 0 14.8 25 340 M M 8 1 35 250
21 48 38 43 -15 22 0 0.01 T 0 9.8 18 330 M M 9 1 23 320
22 57 38 48 -10 17 0 0.00 0.0 0 5.3 13 260 M M 3 19 260
23 68 39 54 -5 11 0 0.02 0.0 0 8.5 22 210 M M 5 30 190
24 66 42 54 -5 11 0 0.00 0.0 0 8.2 17 90 M M 2 28 120
25 56 37 47 -12 18 0 0.03 0.0 0 9.3 21 50 M M 8 1 30 50
26 71 37 54 -6 11 0 0.00 0.0 0 4.9 12 310 M M 2 12 19 320
27 82 48 65 5 0 0 T 0.0 0 6.8 22 150 M M 0 33 150
28 83 62 73 13 0 8 0.00 0.0 0 10.8 24 160 M M 0 33 160
29 80 62 71 10 0 6 0.00 0.0 0 7.1 33 210 M M 4 3 46 220
30 69 58 64 3 1 0 2.16 0.0 0 12.5 31 240 M M 7 13 43 240
31 59 47 53 -9 12 0 0.01 0.0 0 14.6 22 240 M M 8 1 35 270
================================================================================
SM 2055 1426 285 17 4.90 T 321.7 M 153
================================================================================
AV 66.3 46.0 10.4 FASTST M M 5 MAX(MPH)
MISC ----> 51 170 76 160
================================================================================
NOTES:
# LAST OF SEVERAL OCCURRENCES
COLUMN 17 PEAK WIND IN M.P.H.
PRELIMINARY LOCAL CLIMATOLOGICAL DATA (WS FORM: F-6) , PAGE 2
STATION: WATERTOWN SD
MONTH: MAY
YEAR: 2022
LATITUDE: 44 55 N
LONGITUDE: 97 9 W
[TEMPERATURE DATA] [PRECIPITATION DATA] SYMBOLS USED IN COLUMN 16
AVERAGE MONTHLY: 56.1 TOTAL FOR MONTH: 4.90 1 = FOG OR MIST
DPTR FM NORMAL: 0.4 DPTR FM NORMAL: 2.03 2 = FOG REDUCING VISIBILITY
HIGHEST: 83 ON 28 GRTST 24HR 2.16 ON 30-30 TO 1/4 MILE OR LESS
LOWEST: 33 ON 3 3 = THUNDER
SNOW, ICE PELLETS, HAIL 4 = ICE PELLETS
TOTAL MONTH: T 5 = HAIL
GRTST 24HR T ON 21-21 6 = FREEZING RAIN OR DRIZZLE
GRTST DEPTH: 0 7 = DUSTSTORM OR SANDSTORM:
VSBY 1/2 MILE OR LESS
8 = SMOKE OR HAZE
[NO. OF DAYS WITH] [WEATHER - DAYS WITH] 9 = BLOWING SNOW
X = TORNADO
MAX 32 OR BELOW: 0 0.01 INCH OR MORE: 14
MAX 90 OR ABOVE: 0 0.10 INCH OR MORE: 7
MIN 32 OR BELOW: 0 0.50 INCH OR MORE: 2
MIN 0 OR BELOW: 0 1.00 INCH OR MORE: 2
[HDD (BASE 65) ]
TOTAL THIS MO. 285 CLEAR (SCALE 0-3) 10
DPTR FM NORMAL -25 PTCLDY (SCALE 4-7) 15
TOTAL FM JUL 1 8215 CLOUDY (SCALE 8-10) 6
DPTR FM NORMAL -215
[CDD (BASE 65) ]
TOTAL THIS MO. 17
DPTR FM NORMAL -5 [PRESSURE DATA]
TOTAL FM JAN 1 17 HIGHEST SLP 30.40 ON 22
DPTR FM NORMAL -6 LOWEST SLP 29.18 ON 9
[REMARKS]
#FINAL-05-22#