000
CXUS54 KBMX 011010
CF6AUO
PRELIMINARY LOCAL CLIMATOLOGICAL DATA (WS FORM: F-6)
STATION: AUBURN AWOS
MONTH: JULY
YEAR: 2021
LATITUDE: 32 34 N
LONGITUDE: 85 30 W
TEMPERATURE IN F: :PCPN: SNOW: WIND :SUNSHINE: SKY :PK WND
================================================================================
1 2 3 4 5 6A 6B 7 8 9 10 11 12 13 14 15 16 17 18
12Z AVG MX 2MIN
DY MAX MIN AVG DEP HDD CDD WTR SNW DPTH SPD SPD DIR MIN PSBL S-S WX SPD DR
================================================================================
1 86 68 77 M 0 12 0.53 0.0 0 5.5 16 200 M M 5 1 21 200
2 79 70 75 M 0 10 0.35 0.0 M 5.2 10 270 M M 9 13 M M
3 84 68 76 M 0 11 0.00 0.0 M 4.7 8 350 M M 4 1 M M
4 87 65 76 M 0 11 0.00 0.0 0 4.8 7 170 M M 2 M M
5 87 69 78 M 0 13 0.00 0.0 0 6.2 10 160 M M 3 M M
6 86 71 79 M 0 14 0.75 0.0 0 5.8 27 180 M M 6 13 31 190
7 86 70 78 M 0 13 0.03 0.0 0 6.8 18 100 M M 7 1 27 100
8 86 70 78 M 0 13 0.00 0.0 0 5.7 9 230 M M 6 8 17 260
9 88 71 80 M 0 15 0.06 0.0 0 7.5 28 310 M M 5 3 39 310
10 88 69 79 M 0 14 M 0.0 0 7.5 15 230 M M 3 23 230
11 82 69 76 M 0 11 0.02 0.0 0 7.4 17 210 M M 6 123 22 190
12 82 69 76 M 0 11 0.01 0.0 0 6.1 14 280 M M 5 18 22 280
13 85 69 77 M 0 12 M 0.0 0 4.2 8 170 M M 2 M M
14 87 70 79 M 0 14 0.01 0.0 0 2.9 10 30 M M 3 8 M M
15 90 72 81 M 0 16 M 0.0 0 4.6 10 290 M M 2 3 M M
16 89 71 80 M 0 15 0.33 0.0 0 3.4 28 190 M M 2 13 38 210
17 87 70 79 M 0 14 0.04 0.0 0 3.2 9 160 M M 2 13 M M
18 86 70 78 M 0 13 0.95 0.0 0 5.3 21 260 M M 4 13 27 260
19 81 71 76 M 0 11 0.58 0.0 M 5.8 12 260 M M 7 1 M M
20 85 72 79 M 0 14 0.02 0.0 M 4.9 15 230 M M 7 1 18 230
21 86 72 79 M 0 14 0.00 0.0 0 3.9 12 180 M M 6 18 M M
22 90 73 82 M 0 17 T 0.0 0 4.1 10 140 M M 4 M M
23 89 73 81 M 0 16 T 0.0 0 4.6 8 290 M M 2 1 M M
24 89 73 81 M 0 16 0.00 0.0 0 3.8 7 140 M M 3 12 M M
25 90 73 82 M 0 17 0.00 0.0 0 3.5 8 200 M M 2 1 M M
26 91 75 83 M 0 18 T 0.0 M 4.0 7 90 M M 2 1 M M
27 91 72 82 M 0 17 0.01 0.0 M 3.7 12 350 M M 2 M M
28 93 71 82 M 0 17 0.00 0.0 0 3.8 10 310 M M 2 1 M M
29 95 74 85 M 0 20 0.00 0.0 0 4.0 9 330 M M 0 M M
30 91 74 83 M 0 18 0.00 0.0 0 5.2 9 280 M M 1 1 M M
31 92 73 83 M 0 18 T 0.0 0 5.4 18 340 M M 2 3 29 340
================================================================================
SM 2708 2197 0 445 3.69 0.0 153.5 M 116
================================================================================
AV 87.4 70.9 5.0 FASTST M M 4 MAX(MPH)
MISC ----> # 28 310 39 310
================================================================================
NOTES:
# LAST OF SEVERAL OCCURRENCES
COLUMN 17 PEAK WIND IN M.P.H.
PRELIMINARY LOCAL CLIMATOLOGICAL DATA (WS FORM: F-6) , PAGE 2
STATION: AUBURN AWOS
MONTH: JULY
YEAR: 2021
LATITUDE: 32 34 N
LONGITUDE: 85 30 W
[TEMPERATURE DATA] [PRECIPITATION DATA] SYMBOLS USED IN COLUMN 16
AVERAGE MONTHLY: 79.1 TOTAL FOR MONTH: 3.69 1 = FOG OR MIST
DPTR FM NORMAL: 0.0 DPTR FM NORMAL: M 2 = FOG REDUCING VISIBILITY
HIGHEST: 95 ON 29 GRTST 24HR 0.95 ON 18-18 TO 1/4 MILE OR LESS
LOWEST: 65 ON 4 3 = THUNDER
SNOW, ICE PELLETS, HAIL 4 = ICE PELLETS
TOTAL MONTH: 0.0 INCH 5 = HAIL
GRTST 24HR 0.0 6 = FREEZING RAIN OR DRIZZLE
GRTST DEPTH: 0 7 = DUSTSTORM OR SANDSTORM:
VSBY 1/2 MILE OR LESS
8 = SMOKE OR HAZE
[NO. OF DAYS WITH] [WEATHER - DAYS WITH] 9 = BLOWING SNOW
X = TORNADO
MAX 32 OR BELOW: 0 0.01 INCH OR MORE: 14
MAX 90 OR ABOVE: 9 0.10 INCH OR MORE: 6
MIN 32 OR BELOW: 0 0.50 INCH OR MORE: 4
MIN 0 OR BELOW: 0 1.00 INCH OR MORE: 0
[HDD (BASE 65) ]
TOTAL THIS MO. 0 CLEAR (SCALE 0-3) 16
DPTR FM NORMAL M PTCLDY (SCALE 4-7) 14
TOTAL FM JUL 1 0 CLOUDY (SCALE 8-10) 1
DPTR FM NORMAL M
[CDD (BASE 65) ]
TOTAL THIS MO. 445
DPTR FM NORMAL M [PRESSURE DATA]
TOTAL FM JAN 1 1047 HIGHEST SLP M ON M
DPTR FM NORMAL M LOWEST SLP M ON M
[REMARKS]
#FINAL-07-21#