000
CXUS53 KGRB 040701
CF6AUW
PRELIMINARY LOCAL CLIMATOLOGICAL DATA (WS FORM: F-6)
STATION: WAUSAU WI
MONTH: DECEMBER
YEAR: 2020
LATITUDE: 44 55 N
LONGITUDE: 89 37 W
TEMPERATURE IN F: :PCPN: SNOW: WIND :SUNSHINE: SKY :PK WND
================================================================================
1 2 3 4 5 6A 6B 7 8 9 10 11 12 13 14 15 16 17 18
12Z AVG MX 2MIN
DY MAX MIN AVG DEP HDD CDD WTR SNW DPTH SPD SPD DIR MIN PSBL S-S WX SPD DR
================================================================================
1 35 14 25 1 40 0 0.00 0.0 0 6.0 10 290 M M 0 15 290
2 44 14 29 5 36 0 0.00 0.0 0 7.6 17 280 M M 0 28 280
3 40 30 35 11 30 0 0.00 0.0 0 10.4 18 260 M M 8 8 25 250
4 40 21 31 8 34 0 0.00 0.0 0 6.6 13 330 M M 2 19 340
5 29 19 24 1 41 0 0.00 0.0 0 1.3 7 170 M M 7 8 150
6 32 15 24 2 41 0 T 0.0 0 4.0 12 250 M M 5 1 15 260
7 31 28 30 8 35 0 0.00 0.0 0 3.3 9 330 M M 10 12 20
8 32 26 29 8 36 0 0.00 0.0 0 7.2 15 230 M M 9 18 20 220
9 48 25 37 16 28 0 0.00 0.0 0 5.1 14 260 M M 1 18 18 280
10 49 23 36 16 29 0 0.00 0.0 0 4.9 13 320 M M 0 20 330
11 37 27 32 12 33 0 0.00 0.0 0 8.0 14 20 M M 2 23 360
12 31 22 27 7 38 0 0.00 0.0 0 10.1 17 360 M M 7 26 360
13 24 20 22 3 43 0 0.05 0.5 T 8.0 16 260 M M 10 18 24 270
14 23 5 14 -5 51 0 T T 0 11.5 23 290 M M 4 33 290
15 19 4 12 -7 53 0 0.00 0.0 0 3.5 9 120 M M 6 12 130
16 30 16 23 5 42 0 0.00 0.0 0 4.0 9 110 M M 8 13 80
17 31 17 24 6 41 0 0.00 0.0 0 2.3 8 130 M M 6 10 120
18 32 12 22 4 43 0 0.01 0.2 T 7.8 16 140 M M 6 18 22 130
19 33 28 31 13 34 0 0.05 0.3 T 3.2 8 230 M M 10 18 12 310
20 31 22 27 10 38 0 0.00 0.0 T 6.6 14 250 M M 7 20 260
21 35 26 31 14 34 0 T T 0 8.4 18 320 M M 10 18 27 320
22 35 27 31 14 34 0 0.00 0.0 0 9.2 18 130 M M 8 27 130
23 46 21 34 17 31 0 0.01 0.2 0 12.7 33 180 M M 7 1 50 170
24 21 2 12 -4 53 0 0.11 1.0 1 14.0 25 300 M M 9 18 36 330
25 15 5 10 -6 55 0 0.00 0.0 1 9.8 17 290 M M 6 8 22 310
26 24 11 18 2 47 0 0.00 0.0 1 5.6 15 300 M M 7 21 290
27 26 15 21 5 44 0 0.11 1.8 2 5.7 14 320 M M 7 1 21 300
28 22 9 16 0 49 0 T T 2 10.0 18 260 M M 7 29 260
29 22 -3 10 -6 55 0 0.10 1.3 3 5.6 14 110 M M 4 1 22 100
30 25 20 23 8 42 0 0.04 0.2 4 12.8 24 280 M M 10 18 35 250
31 23 7 15 0 50 0 0.00 0.0 4 5.9 14 280 M M 5 18 19 280
================================================================================
SM 965 528 1260 0 0.48 5.5 221.1 M 188
================================================================================
AV 31.1 17.0 7.1 FASTST M M 6 MAX(MPH)
MISC ----> 33 180 50 170
================================================================================
NOTES:
# LAST OF SEVERAL OCCURRENCES
COLUMN 17 PEAK WIND IN M.P.H.
PRELIMINARY LOCAL CLIMATOLOGICAL DATA (WS FORM: F-6) , PAGE 2
STATION: WAUSAU WI
MONTH: DECEMBER
YEAR: 2020
LATITUDE: 44 55 N
LONGITUDE: 89 37 W
[TEMPERATURE DATA] [PRECIPITATION DATA] SYMBOLS USED IN COLUMN 16
AVERAGE MONTHLY: 24.1 TOTAL FOR MONTH: 0.48 1 = FOG OR MIST
DPTR FM NORMAL: 5.1 DPTR FM NORMAL: -0.88 2 = FOG REDUCING VISIBILITY
HIGHEST: 49 ON 10 GRTST 24HR 0.11 ON 24-24 TO 1/4 MILE OR LESS
LOWEST: -3 ON 29 3 = THUNDER
SNOW, ICE PELLETS, HAIL 4 = ICE PELLETS
TOTAL MONTH: 5.5 INCHES 5 = HAIL
GRTST 24HR 1.8 ON 27-27 6 = FREEZING RAIN OR DRIZZLE
GRTST DEPTH: 4 ON 31,30 7 = DUSTSTORM OR SANDSTORM:
VSBY 1/2 MILE OR LESS
8 = SMOKE OR HAZE
[NO. OF DAYS WITH] [WEATHER - DAYS WITH] 9 = BLOWING SNOW
X = TORNADO
MAX 32 OR BELOW: 20 0.01 INCH OR MORE: 8
MAX 90 OR ABOVE: 0 0.10 INCH OR MORE: 3
MIN 32 OR BELOW: 31 0.50 INCH OR MORE: 0
MIN 0 OR BELOW: 1 1.00 INCH OR MORE: 0
[HDD (BASE 65) ]
TOTAL THIS MO. 1260 CLEAR (SCALE 0-3) 6
DPTR FM NORMAL -167 PTCLDY (SCALE 4-7) 18
TOTAL FM JUL 1 3105 CLOUDY (SCALE 8-10) 7
DPTR FM NORMAL -182
[CDD (BASE 65) ]
TOTAL THIS MO. 0
DPTR FM NORMAL 0 [PRESSURE DATA]
TOTAL FM JAN 1 520 HIGHEST SLP 30.54 ON 29
DPTR FM NORMAL 113 LOWEST SLP 29.15 ON 23
[REMARKS]
#FINAL-12-20#