000
CXUS51 KBGM 011404 CCA
CF6AVP
PRELIMINARY LOCAL CLIMATOLOGICAL DATA (WS FORM: F-6)
STATION: AVOCA PA
MONTH: MAY
YEAR: 2020
LATITUDE: 41 19 N
LONGITUDE: 75 44 W
TEMPERATURE IN F: :PCPN: SNOW: WIND :SUNSHINE: SKY :PK WND
================================================================================
1 2 3 4 5 6A 6B 7 8 9 10 11 12 13 14 15 16 17 18
12Z AVG MX 2MIN
DY MAX MIN AVG DEP HDD CDD WTR SNW DPTH SPD SPD DIR MIN PSBL S-S WX SPD DR
================================================================================
1 64 51 58 4 7 0 0.04 0.0 M 7.5 22 330 M M 8 1 29 340
2 70 44 57 2 8 0 T 0.0 M 7.2 18 230 M M 3 24 220
3 79 56 68 13 0 3 T 0.0 M 6.8 17 360 M M 4 25 240
4 62 44 53 -2 12 0 T 0.0 M 9.5 25 330 M M 7 35 330
5 60 38 49 -7 16 0 0.00 0.0 M 7.2 17 340 M M 0 24 340
6 53 42 48 -8 17 0 0.04 0.0 M 6.6 17 40 M M 9 24 40
7 65 36 51 -5 14 0 T 0.0 M 6.8 25 280 M M 5 1 31 270
8 48 33 41 -15 24 0 0.36 M M 4.1 20 350 M M 8 1 26 350
9 44 29 37 -20 28 0 T M M 14.7 30 330 M M 6 8 40 330
10 61 36 49 -8 16 0 0.00 0.0 M 11.1 24 260 M M 2 30 260
11 56 42 49 -8 16 0 0.19 0.0 M 7.5 28 240 M M 7 1 36 240
12 57 35 46 -12 19 0 0.00 0.0 M 11.5 23 300 M M 5 30 290
13 61 31 46 -12 19 0 T 0.0 M 5.7 20 340 M M 0 24 340
14 73 37 55 -3 10 0 0.00 0.0 M 7.0 18 260 M M 4 26 230
15 84 58 71 13 0 6 0.31 0.0 M 8.2 25 300 M M 6 138 36 310
16 73 55 64 5 1 0 0.04 0.0 M 7.3 16 10 M M 5 1 21 10
17 71 50 61 2 4 0 0.02 0.0 M 3.7 10 210 M M 5 17 150
18 74 59 67 8 0 2 0.00 0.0 M 5.6 12 110 M M 9 18 140
19 72 53 63 3 2 0 0.00 0.0 M 6.4 18 60 M M 0 26 60
20 70 46 58 -2 7 0 0.00 0.0 M 5.9 14 110 M M 0 23 120
21 77 36 57 -3 8 0 0.00 0.0 M 5.5 14 200 M M 0 24 210
22 75 54 65 5 0 0 0.16 0.0 M 2.7 10 260 M M 7 1 14 260
23 75 61 68 7 0 3 0.22 0.0 M 3.8 16 50 M M 8 1 20 50
24 79 57 68 7 0 3 0.00 0.0 M 5.8 12 180 M M 5 18 190
25 83 54 69 8 0 4 0.00 0.0 M 4.9 13 260 M M 2 18 250
26 93 61 77 15 0 12 0.00 0.0 M 4.2 13 210 M M 0 19 180
27 84 65 75 13 0 10 0.00 0.0 M 5.6 14 270 M M 2 21 200
28 79 69 74 12 0 9 T 0.0 M 4.9 13 190 M M 8 8 21 190
29 88 65 77 15 0 12 0.76 0.0 M 7.5 18 220 M M 7 13 29 210
30 78 58 68 5 0 3 T 0.0 M 7.9 17 330 M M 7 1 23 340
31 66 44 55 -8 10 0 0.00 0.0 M 8.7 20 320 M M 3 26 330
================================================================================
SM 2174 1499 238 67 2.14 M 211.8 M 142
================================================================================
AV 70.1 48.4 6.8 FASTST M M 5 MAX(MPH)
MISC ----> # 30 330 # 40 330
================================================================================
NOTES:
# LAST OF SEVERAL OCCURRENCES
COLUMN 17 PEAK WIND IN M.P.H.
PRELIMINARY LOCAL CLIMATOLOGICAL DATA (WS FORM: F-6) , PAGE 2
STATION: AVOCA PA
MONTH: MAY
YEAR: 2020
LATITUDE: 41 19 N
LONGITUDE: 75 44 W
[TEMPERATURE DATA] [PRECIPITATION DATA] SYMBOLS USED IN COLUMN 16
AVERAGE MONTHLY: 59.2 TOTAL FOR MONTH: 2.14 1 = FOG OR MIST
DPTR FM NORMAL: 0.6 DPTR FM NORMAL: -1.38 2 = FOG REDUCING VISIBILITY
HIGHEST: 93 ON 26 GRTST 24HR 1.02 ON 30- 1 TO 1/4 MILE OR LESS
LOWEST: 29 ON 9 3 = THUNDER
SNOW, ICE PELLETS, HAIL 4 = ICE PELLETS
TOTAL MONTH: M INCH 5 = HAIL
GRTST 24HR M 6 = FREEZING RAIN OR DRIZZLE
GRTST DEPTH: M ON M 7 = DUSTSTORM OR SANDSTORM:
VSBY 1/2 MILE OR LESS
8 = SMOKE OR HAZE
[NO. OF DAYS WITH] [WEATHER - DAYS WITH] 9 = BLOWING SNOW
X = TORNADO
MAX 32 OR BELOW: 0 0.01 INCH OR MORE: 10
MAX 90 OR ABOVE: 1 0.10 INCH OR MORE: 6
MIN 32 OR BELOW: 2 0.50 INCH OR MORE: 1
MIN 0 OR BELOW: 0 1.00 INCH OR MORE: 0
[HDD (BASE 65) ]
TOTAL THIS MO. 238 CLEAR (SCALE 0-3) 11
DPTR FM NORMAL 10 PTCLDY (SCALE 4-7) 15
TOTAL FM JUL 1 5295 CLOUDY (SCALE 8-10) 5
DPTR FM NORMAL -906
[CDD (BASE 65) ]
TOTAL THIS MO. 67
DPTR FM NORMAL 36 [PRESSURE DATA]
TOTAL FM JAN 1 67 HIGHEST SLP 30.41 ON 20
DPTR FM NORMAL 30 LOWEST SLP 29.63 ON 3
[REMARKS]
#FINAL-05-20#
CORRECTED SNOWFALL AND SNOW DEPTH AMOUNTS
SNOWFALL NOT MEASURED SINCE OBSERVERS ARE NOT AT OFFICE DUE TO COVID