000
CDUS43 KGRR 011430
CLIAZO


CLIMATE REPORT
NATIONAL WEATHER SERVICE GRAND RAPIDS, MI
929 AM EST FRI DEC 1 2017


...................................

...THE KALAMAZOO MI CLIMATE SUMMARY FOR DECEMBER 1 2017...
VALID AS OF 0900 AM LOCAL TIME.

CLIMATE NORMAL PERIOD 1981 TO 2010
CLIMATE RECORD PERIOD 1998 TO 2017


WEATHER ITEM   OBSERVED TIME   NORMAL DEPARTURE LAST
                VALUE   (LST)  VALUE  FROM      YEAR
                                      NORMAL
......................................................
TEMPERATURE (F)
 TODAY
  MAXIMUM         33    135 AM  40     -7       40
  MINIMUM         24    613 AM  28     -4       35
  AVERAGE         29            34     -5       38

PRECIPITATION (IN)
  TODAY            0.00          0.09  -0.09     0.19
  MONTH TO DATE    0.00          0.09  -0.09     0.19
  SINCE DEC 1      0.00          0.09  -0.09     0.19
  SINCE JAN 1     38.56         33.85   4.71    36.67

DEGREE DAYS
 HEATING
  TODAY           36            31      5       27
  MONTH TO DATE   36            31      5       27
  SINCE DEC 1     36            31      5       27
  SINCE JUL 1   1199          1358   -159      927

 COOLING
  TODAY            0             0      0        0
  MONTH TO DATE    0             0      0        0
  SINCE DEC 1      0             0      0        0
  SINCE JAN 1    768           675     93      912
......................................................


WIND (MPH)
  RESULTANT WIND SPEED   2   RESULTANT WIND DIRECTION  SW (210)
  HIGHEST WIND SPEED     5   HIGHEST WIND DIRECTION     S (180)
  HIGHEST GUST SPEED     5   HIGHEST GUST DIRECTION     S (190)
  AVERAGE WIND SPEED     1.8


SKY COVER
  AVERAGE SKY COVER 0.0


WEATHER CONDITIONS
 THE FOLLOWING WEATHER WAS RECORDED TODAY.
  FOG
  FOG W/VISIBILITY <= 1/4 MILE


RELATIVE HUMIDITY (PERCENT)
 HIGHEST   100           600 AM
 LOWEST     82          1200 AM
 AVERAGE    91

..........................................................


THE KALAMAZOO MI CLIMATE NORMALS FOR TOMORROW
                         NORMAL
 MAXIMUM TEMPERATURE (F)   40
 MINIMUM TEMPERATURE (F)   27


SUNRISE AND SUNSET
DECEMBER  1 2017......SUNRISE   752 AM EST   SUNSET   511 PM EST
DECEMBER  2 2017......SUNRISE   753 AM EST   SUNSET   511 PM EST


-  INDICATES NEGATIVE NUMBERS.
R  INDICATES RECORD WAS SET OR TIED.
MM INDICATES DATA IS MISSING.
T  INDICATES TRACE AMOUNT.




$$

JAM
