909
CDUS43 KGRR 182128
CLIAZO


CLIMATE REPORT
NATIONAL WEATHER SERVICE GRAND RAPIDS, MI
528 PM EDT WED MAY 18 2016


...................................

...THE KALAMAZOO MI CLIMATE SUMMARY FOR MAY 18 2016...
VALID TODAY AS OF 0500 PM LOCAL TIME.

CLIMATE NORMAL PERIOD 1981 TO 2010
CLIMATE RECORD PERIOD 1998 TO 2016


WEATHER ITEM   OBSERVED TIME   NORMAL DEPARTURE LAST
                VALUE   (LST)  VALUE  FROM      YEAR
                                      NORMAL
......................................................
TEMPERATURE (F)
 TODAY
  MAXIMUM         67    309 PM  71     -4       84
  MINIMUM         43    441 AM  49     -6       52
  AVERAGE         55            60     -5       68

PRECIPITATION (IN)
  TODAY            0.00          0.14  -0.14      T
  MONTH TO DATE    2.84          2.27   0.57     2.61
  SINCE MAR 1      8.93          7.60   1.33     4.97
  SINCE JAN 1     10.49         10.84  -0.35     6.50

DEGREE DAYS
 HEATING
  TODAY           10             7      3        0
  MONTH TO DATE  202           157     45       69
  SINCE MAR 1   1412          1527   -115     1484
  SINCE JUL 1   5460          6300   -840     6770

 COOLING
  TODAY            0             1     -1        3
  MONTH TO DATE    0            12    -12       37
  SINCE MAR 1      2            16    -14       37
  SINCE JAN 1      2            16    -14       37
......................................................


WIND (MPH)
  RESULTANT WIND SPEED   4   RESULTANT WIND DIRECTION  NE (40)
  HIGHEST WIND SPEED    15   HIGHEST WIND DIRECTION     N (10)
  HIGHEST GUST SPEED    22   HIGHEST GUST DIRECTION     N (360)
  AVERAGE WIND SPEED     4.2


SKY COVER
  AVERAGE SKY COVER 0.2


WEATHER CONDITIONS
 THE FOLLOWING WEATHER WAS RECORDED TODAY.
  FOG


RELATIVE HUMIDITY (PERCENT)
 HIGHEST    92           200 AM
 LOWEST     31           100 PM
 AVERAGE    62

..........................................................


THE KALAMAZOO MI CLIMATE NORMALS FOR TOMORROW
                         NORMAL
 MAXIMUM TEMPERATURE (F)   71
 MINIMUM TEMPERATURE (F)   49


SUNRISE AND SUNSET
MAY 18 2016...........SUNRISE   618 AM EDT   SUNSET   900 PM EDT
MAY 19 2016...........SUNRISE   617 AM EDT   SUNSET   901 PM EDT


-  INDICATES NEGATIVE NUMBERS.
R  INDICATES RECORD WAS SET OR TIED.
MM INDICATES DATA IS MISSING.
T  INDICATES TRACE AMOUNT.




$$
