000
CDUS43 KGRR 201437
CLIAZO


CLIMATE REPORT
NATIONAL WEATHER SERVICE GRAND RAPIDS, MI
935 AM EST FRI FEB 20 2015


...................................

...THE KALAMAZOO MI CLIMATE SUMMARY FOR FEBRUARY 20 2015...
VALID AS OF 0900 AM LOCAL TIME.

CLIMATE NORMAL PERIOD 1981 TO 2010
CLIMATE RECORD PERIOD 1998 TO 2015


WEATHER ITEM   OBSERVED TIME   RECORD YEAR NORMAL DEPARTURE LAST
                VALUE   (LST)  VALUE       VALUE  FROM      YEAR
                                                  NORMAL
..................................................................
TEMPERATURE (F)
 TODAY
  MAXIMUM         -4    859 AM  MM      MM  35    -39       46
  MINIMUM        -15   1228 AM  MM      MM  21    -36       31
  AVERAGE         -9                        28    -37       39

PRECIPITATION (IN)
  TODAY            0.00         MM      MM   0.05  -0.05     0.76
  MONTH TO DATE    0.57                      0.97  -0.40     1.39
  SINCE DEC 1      2.59                      4.74  -2.15     3.97
  SINCE JAN 1      1.53                      2.76  -1.23     2.51

DEGREE DAYS
 HEATING
  TODAY           74                        37     37       26
  MONTH TO DATE 1013                       779    234      957
  SINCE DEC 1   3333                      3160    173     3430

 COOLING
  TODAY            0                         0      0        0
  MONTH TO DATE    0                         0      0        0
  SINCE DEC 1      0                         0      0        0
..................................................................


WIND (MPH)
  HIGHEST WIND SPEED     8   HIGHEST WIND DIRECTION     S (170)
  HIGHEST GUST SPEED     9   HIGHEST GUST DIRECTION     S (180)



WEATHER CONDITIONS
 THE FOLLOWING WEATHER WAS RECORDED TODAY.
  FOG
  FOG W/VISIBILITY <= 1/4 MILE
  HAZE


..........................................................




SUNRISE AND SUNSET
FEBRUARY 20 2015......SUNRISE   732 AM EST   SUNSET   621 PM EST
FEBRUARY 21 2015......SUNRISE   730 AM EST   SUNSET   622 PM EST


-  INDICATES NEGATIVE NUMBERS.
R  INDICATES RECORD WAS SET OR TIED.
MM INDICATES DATA IS MISSING.
T  INDICATES TRACE AMOUNT.




$$

63
