000
CDUS43 KGRR 211339
CLIAZO


CLIMATE REPORT
NATIONAL WEATHER SERVICE GRAND RAPIDS, MI
938 AM EDT TUE JUL 21 2015


...................................

...THE KALAMAZOO MI CLIMATE SUMMARY FOR JULY 21 2015...
VALID AS OF 0900 AM LOCAL TIME.

CLIMATE NORMAL PERIOD 1981 TO 2010
CLIMATE RECORD PERIOD 1998 TO 2015


WEATHER ITEM   OBSERVED TIME   NORMAL DEPARTURE LAST
                VALUE   (LST)  VALUE  FROM      YEAR
                                      NORMAL
......................................................
TEMPERATURE (F)
 TODAY
  MAXIMUM         73    150 AM  83    -10       85
  MINIMUM         65    613 AM  62      3       63
  AVERAGE         69            73     -4       74

PRECIPITATION (IN)
  TODAY            0.00          0.12  -0.12     0.00
  MONTH TO DATE    4.11          2.48   1.63     2.77
  SINCE JUN 1      7.86          6.06   1.80     6.64
  SINCE JAN 1     17.57         18.50  -0.93    15.06

DEGREE DAYS
 HEATING
  TODAY            0             0      0        0
  MONTH TO DATE    9             0      9       14
  SINCE JUN 1     30            48    -18       33
  SINCE JUL 1      9             0      9       14

 COOLING
  TODAY            4             8     -4        9
  MONTH TO DATE   97           165    -68       79
  SINCE JUN 1    177           310   -133      259
  SINCE JAN 1    244           351   -107      313
......................................................


WIND (MPH)
  RESULTANT WIND SPEED   6   RESULTANT WIND DIRECTION  NW (330)
  HIGHEST WIND SPEED    12   HIGHEST WIND DIRECTION     N (360)
  HIGHEST GUST SPEED    15   HIGHEST GUST DIRECTION     W (290)
  AVERAGE WIND SPEED     7.4


SKY COVER
  AVERAGE SKY COVER 0.3


WEATHER CONDITIONS
 THE FOLLOWING WEATHER WAS RECORDED TODAY.
  NO SIGNIFICANT WEATHER WAS OBSERVED.


RELATIVE HUMIDITY (PERCENT)
 HIGHEST    84           400 AM
 LOWEST     66           800 AM
 AVERAGE    75

..........................................................


THE KALAMAZOO MI CLIMATE NORMALS FOR TOMORROW
                         NORMAL
 MAXIMUM TEMPERATURE (F)   83
 MINIMUM TEMPERATURE (F)   62


SUNRISE AND SUNSET
JULY 21 2015..........SUNRISE   624 AM EDT   SUNSET   913 PM EDT
JULY 22 2015..........SUNRISE   625 AM EDT   SUNSET   912 PM EDT


-  INDICATES NEGATIVE NUMBERS.
R  INDICATES RECORD WAS SET OR TIED.
MM INDICATES DATA IS MISSING.
T  INDICATES TRACE AMOUNT.




$$

JAM
