000
CDUS43 KGRR 032129
CLIAZO


CLIMATE REPORT
NATIONAL WEATHER SERVICE GRAND RAPIDS, MI
529 PM EDT THU APR 3 2014


...................................

...THE KALAMAZOO MI CLIMATE SUMMARY FOR APRIL 3 2014...
VALID TODAY AS OF 0500 PM LOCAL TIME.

CLIMATE NORMAL PERIOD 1981 TO 2010
CLIMATE RECORD PERIOD 9999 TO 9999


WEATHER ITEM   OBSERVED TIME   RECORD YEAR NORMAL DEPARTURE LAST
                VALUE   (LST)  VALUE       VALUE  FROM      YEAR
                                                  NORMAL
..................................................................
TEMPERATURE (F)
 TODAY
  MAXIMUM         46   1235 AM  MM      MM  54     -8       46
  MINIMUM         33   1244 PM  MM      MM  34     -1       23
  AVERAGE         40                        44     -4       35

PRECIPITATION (IN)
  TODAY            0.63         MM      MM   0.09   0.54     0.00
  MONTH TO DATE    0.72                      0.28   0.44      T
  SINCE MAR 1      1.97                      2.53  -0.56     0.68
  SINCE JAN 1      4.50                      5.77  -1.27     5.34

DEGREE DAYS
 HEATING
  TODAY           25                        21      4       30
  MONTH TO DATE   68                        64      4       97
  SINCE MAR 1   1227                       948    279     1117
  SINCE JUL 1   6395                      5721    674     5667

 COOLING
  TODAY            0                         0      0        0
  MONTH TO DATE    0                         0      0        0
  SINCE MAR 1      0                         0      0        0
  SINCE JAN 1      0                         0      0        0
..................................................................


WIND (MPH)
  RESULTANT WIND SPEED  11   RESULTANT WIND DIRECTION   E (90)
  HIGHEST WIND SPEED    21   HIGHEST WIND DIRECTION     E (90)
  HIGHEST GUST SPEED    31   HIGHEST GUST DIRECTION     E (110)
  AVERAGE WIND SPEED    11.2



WEATHER CONDITIONS
 THE FOLLOWING WEATHER WAS RECORDED TODAY.
  HEAVY RAIN
  RAIN
  LIGHT RAIN
  FREEZING RAIN
  FOG


RELATIVE HUMIDITY (PERCENT)
 HIGHEST    85           200 PM
 LOWEST     45           700 AM
 AVERAGE    65

..........................................................




SUNRISE AND SUNSET
APRIL  3 2014.........SUNRISE   721 AM EDT   SUNSET   810 PM EDT
APRIL  4 2014.........SUNRISE   720 AM EDT   SUNSET   811 PM EDT


-  INDICATES NEGATIVE NUMBERS.
R  INDICATES RECORD WAS SET OR TIED.
MM INDICATES DATA IS MISSING.
T  INDICATES TRACE AMOUNT.




$$
