611
CDUS43 KGRR 122124
CLIAZO


CLIMATE REPORT
NATIONAL WEATHER SERVICE GRAND RAPIDS, MI
523 PM EDT THU OCT 12 2017


...................................

...THE KALAMAZOO MI CLIMATE SUMMARY FOR OCTOBER 12 2017...
VALID TODAY AS OF 0500 PM LOCAL TIME.

CLIMATE NORMAL PERIOD 1981 TO 2010
CLIMATE RECORD PERIOD 1998 TO 2017


WEATHER ITEM   OBSERVED TIME   NORMAL DEPARTURE LAST
                VALUE   (LST)  VALUE  FROM      YEAR
                                      NORMAL
......................................................
TEMPERATURE (F)
 TODAY
  MAXIMUM         61    338 PM  62     -1       73
  MINIMUM         51    658 AM  42      9       51
  AVERAGE         56            52      4       62

PRECIPITATION (IN)
  TODAY            0.00          0.11  -0.11     0.57
  MONTH TO DATE    3.28          1.29   1.99     1.29
  SINCE SEP 1      5.09          5.11  -0.02     4.62
  SINCE JAN 1     26.12         28.70  -2.58    32.33

DEGREE DAYS
 HEATING
  TODAY            9            13     -4        3
  MONTH TO DATE   37           138   -101       60
  SINCE SEP 1    119           271   -152       87
  SINCE JUL 1    137           287   -150       88

 COOLING
  TODAY            0             0      0        0
  MONTH TO DATE   17             7     10        9
  SINCE SEP 1    149            63     86      110
  SINCE JAN 1    765           674     91      904
......................................................


WIND (MPH)
  RESULTANT WIND SPEED   3   RESULTANT WIND DIRECTION   E (80)
  HIGHEST WIND SPEED     8   HIGHEST WIND DIRECTION     E (100)
  HIGHEST GUST SPEED    12   HIGHEST GUST DIRECTION    NE (40)
  AVERAGE WIND SPEED     4.3


SKY COVER
  AVERAGE SKY COVER 1.0


WEATHER CONDITIONS
 THE FOLLOWING WEATHER WAS RECORDED TODAY.
  FOG
  HAZE


RELATIVE HUMIDITY (PERCENT)
 HIGHEST    89           100 AM
 LOWEST     72          1200 PM
 AVERAGE    81

..........................................................


THE KALAMAZOO MI CLIMATE NORMALS FOR TOMORROW
                         NORMAL
 MAXIMUM TEMPERATURE (F)   62
 MINIMUM TEMPERATURE (F)   42


SUNRISE AND SUNSET
OCTOBER 12 2017.......SUNRISE   752 AM EDT   SUNSET   705 PM EDT
OCTOBER 13 2017.......SUNRISE   753 AM EDT   SUNSET   703 PM EDT


-  INDICATES NEGATIVE NUMBERS.
R  INDICATES RECORD WAS SET OR TIED.
MM INDICATES DATA IS MISSING.
T  INDICATES TRACE AMOUNT.




$$
