000
CDUS43 KGRR 122132
CLIAZO


CLIMATE REPORT
NATIONAL WEATHER SERVICE GRAND RAPIDS, MI
532 PM EDT TUE JUL 12 2016


...................................

...THE KALAMAZOO MI CLIMATE SUMMARY FOR JULY 12 2016...
VALID TODAY AS OF 0500 PM LOCAL TIME.

CLIMATE NORMAL PERIOD 1981 TO 2010
CLIMATE RECORD PERIOD 1998 TO 2016


WEATHER ITEM   OBSERVED TIME   NORMAL DEPARTURE LAST
                VALUE   (LST)  VALUE  FROM      YEAR
                                      NORMAL
......................................................
TEMPERATURE (F)
 TODAY
  MAXIMUM         93    325 PM  83     10       82
  MINIMUM         70    439 AM  62      8       66
  AVERAGE         82            73      9       74

PRECIPITATION (IN)
  TODAY            0.00          0.13  -0.13     0.01
  MONTH TO DATE    1.62          1.33   0.29     1.55
  SINCE JUN 1      3.52          4.91  -1.39     5.30
  SINCE JAN 1     14.50         17.35  -2.85    15.01

DEGREE DAYS
 HEATING
  TODAY            0             0      0        0
  MONTH TO DATE    1             0      1        8
  SINCE JUN 1     29            48    -19       29
  SINCE JUL 1      1             0      1        8

 COOLING
  TODAY           17             8      9        9
  MONTH TO DATE   88            93     -5       32
  SINCE JUN 1    257           238     19      112
  SINCE JAN 1    324           279     45      179
......................................................


WIND (MPH)
  RESULTANT WIND SPEED  11   RESULTANT WIND DIRECTION   S (180)
  HIGHEST WIND SPEED    22   HIGHEST WIND DIRECTION     S (190)
  HIGHEST GUST SPEED    27   HIGHEST GUST DIRECTION     S (180)
  AVERAGE WIND SPEED    10.9


SKY COVER
  AVERAGE SKY COVER 0.2


WEATHER CONDITIONS
 THE FOLLOWING WEATHER WAS RECORDED TODAY.
  NO SIGNIFICANT WEATHER WAS OBSERVED.


RELATIVE HUMIDITY (PERCENT)
 HIGHEST    79           400 AM
 LOWEST     49           200 PM
 AVERAGE    64

..........................................................


THE KALAMAZOO MI CLIMATE NORMALS FOR TOMORROW
                         NORMAL
 MAXIMUM TEMPERATURE (F)   83
 MINIMUM TEMPERATURE (F)   62


SUNRISE AND SUNSET
JULY 12 2016..........SUNRISE   617 AM EDT   SUNSET   918 PM EDT
JULY 13 2016..........SUNRISE   618 AM EDT   SUNSET   918 PM EDT


-  INDICATES NEGATIVE NUMBERS.
R  INDICATES RECORD WAS SET OR TIED.
MM INDICATES DATA IS MISSING.
T  INDICATES TRACE AMOUNT.




$$
