000
CDUS43 KGRR 210518
CLIAZO


CLIMATE REPORT
NATIONAL WEATHER SERVICE GRAND RAPIDS, MI
1218 AM EST WED JAN 21 2015


...................................

...THE KALAMAZOO MI CLIMATE SUMMARY FOR JANUARY 20 2015...

CLIMATE NORMAL PERIOD 1981 TO 2010
CLIMATE RECORD PERIOD 1998 TO 2015


WEATHER ITEM   OBSERVED TIME   NORMAL DEPARTURE LAST
                VALUE   (LST)  VALUE  FROM      YEAR
                                      NORMAL
......................................................
TEMPERATURE (F)
 YESTERDAY
  MAXIMUM         33    832 PM  31      2       37
  MINIMUM         30    823 AM  18     12       12
  AVERAGE         32            24      8       25

PRECIPITATION (IN)
  YESTERDAY        0.04          0.06  -0.02      T
  MONTH TO DATE    0.90          1.14  -0.24     0.72
  SINCE DEC 1      1.96          3.12  -1.16     2.18
  SINCE JAN 1      0.90          1.14  -0.24     0.72

DEGREE DAYS
 HEATING
  YESTERDAY       33            41     -8       40
  MONTH TO DATE  899           812     87      744
  SINCE DEC 1   1884          1936    -52     1894
  SINCE JUL 1   3414          3263    151     3251

 COOLING
  YESTERDAY        0             0      0        0
  MONTH TO DATE    0             0      0        0
  SINCE DEC 1      0             0      0        0
  SINCE JAN 1      0             0      0        0
......................................................


WIND (MPH)
  RESULTANT WIND SPEED   4   RESULTANT WIND DIRECTION   E (90)
  HIGHEST WIND SPEED     9   HIGHEST WIND DIRECTION     E (100)
  HIGHEST GUST SPEED    12   HIGHEST GUST DIRECTION     E (100)
  AVERAGE WIND SPEED     4.3


SKY COVER
  AVERAGE SKY COVER 1.0


WEATHER CONDITIONS
 THE FOLLOWING WEATHER WAS RECORDED YESTERDAY.
  LIGHT SNOW
  FOG
  HAZE


RELATIVE HUMIDITY (PERCENT)
 HIGHEST    92           900 AM
 LOWEST     72          1200 AM
 AVERAGE    82

..........................................................


THE KALAMAZOO MI CLIMATE NORMALS FOR TODAY
                         NORMAL
 MAXIMUM TEMPERATURE (F)   31
 MINIMUM TEMPERATURE (F)   18


SUNRISE AND SUNSET
JANUARY 21 2015.......SUNRISE   805 AM EST   SUNSET   542 PM EST
JANUARY 22 2015.......SUNRISE   804 AM EST   SUNSET   543 PM EST


-  INDICATES NEGATIVE NUMBERS.
R  INDICATES RECORD WAS SET OR TIED.
MM INDICATES DATA IS MISSING.
T  INDICATES TRACE AMOUNT.




$$
