000
CDUS43 KGRR 101334
CLIAZO


CLIMATE REPORT
NATIONAL WEATHER SERVICE GRAND RAPIDS, MI
932 AM EDT WED AUG 10 2016


...................................

...THE KALAMAZOO MI CLIMATE SUMMARY FOR AUGUST 10 2016...
VALID AS OF 0900 AM LOCAL TIME.

CLIMATE NORMAL PERIOD 1981 TO 2010
CLIMATE RECORD PERIOD 1998 TO 2016


WEATHER ITEM   OBSERVED TIME   NORMAL DEPARTURE LAST
                VALUE   (LST)  VALUE  FROM      YEAR
                                      NORMAL
......................................................
TEMPERATURE (F)
 TODAY
  MAXIMUM         75    759 AM  82     -7       81
  MINIMUM         64    431 AM  61      3       67
  AVERAGE         70            72     -2       74

PRECIPITATION (IN)
  TODAY            0.00          0.13  -0.13     0.34
  MONTH TO DATE    0.00          1.02  -1.02     1.17
  SINCE JUN 1      9.35          8.30   1.05     9.03
  SINCE JAN 1     20.33         20.74  -0.41    18.74

DEGREE DAYS
 HEATING
  TODAY            0             0      0        0
  MONTH TO DATE    0             0      0        0
  SINCE JUN 1     29            53    -24       30
  SINCE JUL 1      1             5     -4        9

 COOLING
  TODAY            5             7     -2        9
  MONTH TO DATE   85            70     15       70
  SINCE JUN 1    534           455     79      342
  SINCE JAN 1    601           496    105      409
......................................................


WIND (MPH)
  RESULTANT WIND SPEED   0   RESULTANT WIND DIRECTION  MM
  HIGHEST WIND SPEED     3   HIGHEST WIND DIRECTION     S (200)
  HIGHEST GUST SPEED     4   HIGHEST GUST DIRECTION     S (200)
  AVERAGE WIND SPEED     0.0


SKY COVER
  AVERAGE SKY COVER 0.0


WEATHER CONDITIONS
 THE FOLLOWING WEATHER WAS RECORDED TODAY.
  FOG


RELATIVE HUMIDITY (PERCENT)
 HIGHEST    93           600 AM
 LOWEST     69           800 AM
 AVERAGE    81

..........................................................


THE KALAMAZOO MI CLIMATE NORMALS FOR TOMORROW
                         NORMAL
 MAXIMUM TEMPERATURE (F)   82
 MINIMUM TEMPERATURE (F)   61


SUNRISE AND SUNSET
AUGUST 10 2016........SUNRISE   645 AM EDT   SUNSET   849 PM EDT
AUGUST 11 2016........SUNRISE   646 AM EDT   SUNSET   848 PM EDT


-  INDICATES NEGATIVE NUMBERS.
R  INDICATES RECORD WAS SET OR TIED.
MM INDICATES DATA IS MISSING.
T  INDICATES TRACE AMOUNT.




$$
