811
CDUS43 KGRR 161347
CLIAZO


CLIMATE REPORT
NATIONAL WEATHER SERVICE GRAND RAPIDS, MI
947 AM EDT FRI JUN 16 2017


...................................

...THE KALAMAZOO MI CLIMATE SUMMARY FOR JUNE 16 2017...
VALID AS OF 0900 AM LOCAL TIME.

CLIMATE NORMAL PERIOD 1981 TO 2010
CLIMATE RECORD PERIOD 1998 TO 2017


WEATHER ITEM   OBSERVED TIME   NORMAL DEPARTURE LAST
                VALUE   (LST)  VALUE  FROM      YEAR
                                      NORMAL
......................................................
TEMPERATURE (F)
 TODAY
  MAXIMUM         74    759 AM  80     -6       75
  MINIMUM         64    123 AM  58      6       58
  AVERAGE         69            69      0       67

PRECIPITATION (IN)
  TODAY            0.04          0.11  -0.07     0.71
  MONTH TO DATE    0.21          2.07  -1.86     1.07
  SINCE JUN 1      0.21          2.07  -1.86     1.07
  SINCE JAN 1     15.36         14.51   0.85    12.05

DEGREE DAYS
 HEATING
  TODAY            0             1     -1        0
  MONTH TO DATE    8            39    -31       23
  SINCE JUN 1      8            39    -31       23
  SINCE JUL 1   5379          6407  -1028     5510

 COOLING
  TODAY            4             5     -1        2
  MONTH TO DATE  104            60     44       72
  SINCE JUN 1    104            60     44       72
  SINCE JAN 1    143           101     42      139
......................................................


WIND (MPH)
  RESULTANT WIND SPEED   4   RESULTANT WIND DIRECTION  SW (210)
  HIGHEST WIND SPEED    20   HIGHEST WIND DIRECTION    SW (230)
  HIGHEST GUST SPEED    27   HIGHEST GUST DIRECTION    SW (230)
  AVERAGE WIND SPEED     4.4


SKY COVER
  AVERAGE SKY COVER 0.1


WEATHER CONDITIONS
 THE FOLLOWING WEATHER WAS RECORDED TODAY.
  LIGHT RAIN


RELATIVE HUMIDITY (PERCENT)
 HIGHEST    93           100 AM
 LOWEST     68           400 AM
 AVERAGE    81

..........................................................


THE KALAMAZOO MI CLIMATE NORMALS FOR TOMORROW
                         NORMAL
 MAXIMUM TEMPERATURE (F)   80
 MINIMUM TEMPERATURE (F)   58


SUNRISE AND SUNSET
JUNE 16 2017..........SUNRISE   605 AM EDT   SUNSET   921 PM EDT
JUNE 17 2017..........SUNRISE   605 AM EDT   SUNSET   921 PM EDT


-  INDICATES NEGATIVE NUMBERS.
R  INDICATES RECORD WAS SET OR TIED.
MM INDICATES DATA IS MISSING.
T  INDICATES TRACE AMOUNT.




$$
