000
CDUS43 KGRR 091336
CLIAZO


CLIMATE REPORT
NATIONAL WEATHER SERVICE GRAND RAPIDS, MI
934 AM EDT FRI SEP 9 2016


...................................

...THE KALAMAZOO MI CLIMATE SUMMARY FOR SEPTEMBER 9 2016...
VALID AS OF 0900 AM LOCAL TIME.

CLIMATE NORMAL PERIOD 1981 TO 2010
CLIMATE RECORD PERIOD 1998 TO 2016


WEATHER ITEM   OBSERVED TIME   NORMAL DEPARTURE LAST
                VALUE   (LST)  VALUE  FROM      YEAR
                                      NORMAL
......................................................
TEMPERATURE (F)
 TODAY
  MAXIMUM         72    759 AM  76     -4       76
  MINIMUM         64    103 AM  55      9       56
  AVERAGE         68            65      3       66

PRECIPITATION (IN)
  TODAY            T             0.12  -0.12     0.00
  MONTH TO DATE    0.06          1.27  -1.21     2.54
  SINCE SEP 1      0.06          1.27  -1.21     2.54
  SINCE JAN 1     27.77         24.86   2.91    23.05

DEGREE DAYS
 HEATING
  TODAY            0             2     -2        0
  MONTH TO DATE    3            14    -11        0
  SINCE SEP 1      3            14    -11        0
  SINCE JUL 1      4            30    -26       28

 COOLING
  TODAY            3             3      0        1
  MONTH TO DATE   55            30     25      103
  SINCE SEP 1     55            30     25      103
  SINCE JAN 1    849           641    208      618
......................................................


WIND (MPH)
  RESULTANT WIND SPEED   1   RESULTANT WIND DIRECTION  SE (120)
  HIGHEST WIND SPEED     6   HIGHEST WIND DIRECTION     S (160)
  HIGHEST GUST SPEED     8   HIGHEST GUST DIRECTION     S (160)
  AVERAGE WIND SPEED     0.5


SKY COVER
  AVERAGE SKY COVER 0.8


WEATHER CONDITIONS
 THE FOLLOWING WEATHER WAS RECORDED TODAY.
  LIGHT RAIN
  FOG
  FOG W/VISIBILITY <= 1/4 MILE


RELATIVE HUMIDITY (PERCENT)
 HIGHEST    97           700 AM
 LOWEST     87           200 AM
 AVERAGE    92

..........................................................


THE KALAMAZOO MI CLIMATE NORMALS FOR TOMORROW
                         NORMAL
 MAXIMUM TEMPERATURE (F)   75
 MINIMUM TEMPERATURE (F)   54


SUNRISE AND SUNSET
SEPTEMBER  9 2016.....SUNRISE   716 AM EDT   SUNSET   801 PM EDT
SEPTEMBER 10 2016.....SUNRISE   717 AM EDT   SUNSET   800 PM EDT


-  INDICATES NEGATIVE NUMBERS.
R  INDICATES RECORD WAS SET OR TIED.
MM INDICATES DATA IS MISSING.
T  INDICATES TRACE AMOUNT.




$$

63
