000
CDUS43 KGRR 181331
CLIAZO


CLIMATE REPORT
NATIONAL WEATHER SERVICE GRAND RAPIDS, MI
931 AM EDT FRI JUL 18 2014


...................................

...THE KALAMAZOO MI CLIMATE SUMMARY FOR JULY 18 2014...
VALID AS OF 0900 AM LOCAL TIME.

CLIMATE NORMAL PERIOD 1981 TO 2010
CLIMATE RECORD PERIOD 9999 TO 9999


WEATHER ITEM   OBSERVED TIME   RECORD YEAR NORMAL DEPARTURE LAST
                VALUE   (LST)  VALUE       VALUE  FROM      YEAR
                                                  NORMAL
..................................................................
TEMPERATURE (F)
 TODAY
  MAXIMUM         63    759 AM  MM      MM  83    -20       93
  MINIMUM         51    547 AM  MM      MM  62    -11       73
  AVERAGE         57                        73    -16       83

PRECIPITATION (IN)
  TODAY            0.00         MM      MM   0.13  -0.13      T
  MONTH TO DATE    2.77                      2.10   0.67     1.63
  SINCE JUN 1      6.64                      5.68   0.96     7.92
  SINCE JAN 1     15.06                     18.12  -3.06    22.98

DEGREE DAYS
 HEATING
  TODAY            8                         0      8        0
  MONTH TO DATE   22                         0     22        2
  SINCE JUN 1     41                        48     -7       41

 COOLING
  TODAY            0                         8     -8       18
  MONTH TO DATE   60                       141    -81      175
  SINCE JUN 1    240                       286    -46      321
..................................................................


WIND (MPH)
  HIGHEST WIND SPEED     3   HIGHEST WIND DIRECTION    SE (150)
  HIGHEST GUST SPEED     5   HIGHEST GUST DIRECTION    SE (120)



WEATHER CONDITIONS
 THE FOLLOWING WEATHER WAS RECORDED TODAY.
  FOG


..........................................................




SUNRISE AND SUNSET
JULY 18 2014..........SUNRISE   622 AM EDT   SUNSET   915 PM EDT
JULY 19 2014..........SUNRISE   623 AM EDT   SUNSET   914 PM EDT


-  INDICATES NEGATIVE NUMBERS.
R  INDICATES RECORD WAS SET OR TIED.
MM INDICATES DATA IS MISSING.
T  INDICATES TRACE AMOUNT.




$$
