823
CDUS43 KGRR 201346
CLIAZO


CLIMATE REPORT
NATIONAL WEATHER SERVICE GRAND RAPIDS, MI
946 AM EDT THU APR 20 2017


...................................

...THE KALAMAZOO MI CLIMATE SUMMARY FOR APRIL 20 2017...
VALID AS OF 0900 AM LOCAL TIME.

CLIMATE NORMAL PERIOD 1981 TO 2010
CLIMATE RECORD PERIOD 1998 TO 2017


WEATHER ITEM   OBSERVED TIME   NORMAL DEPARTURE LAST
                VALUE   (LST)  VALUE  FROM      YEAR
                                      NORMAL
......................................................
TEMPERATURE (F)
 TODAY
  MAXIMUM         63    557 AM  62      1       72
  MINIMUM         57   1228 AM  40     17       50
  AVERAGE         60            51      9       61

PRECIPITATION (IN)
  TODAY            0.23          0.09   0.14      T
  MONTH TO DATE    1.54          1.95  -0.41     1.26
  SINCE MAR 1      5.71          4.20   1.51     4.22
  SINCE JAN 1     10.43          7.44   2.99     5.78

DEGREE DAYS
 HEATING
  TODAY            5            14     -9        4
  MONTH TO DATE  252           360   -108      398
  SINCE MAR 1   1136          1244   -108     1100
  SINCE JUL 1   5032          6017   -985     5148

 COOLING
  TODAY            0             0      0        0
  MONTH TO DATE    5             0      5        1
  SINCE MAR 1      5             0      5        1
  SINCE JAN 1      5             0      5        1
......................................................


WIND (MPH)
  RESULTANT WIND SPEED   6   RESULTANT WIND DIRECTION  SE (130)
  HIGHEST WIND SPEED    17   HIGHEST WIND DIRECTION    NW (300)
  HIGHEST GUST SPEED    23   HIGHEST GUST DIRECTION    NW (320)
  AVERAGE WIND SPEED     7.0


SKY COVER
  AVERAGE SKY COVER 0.9


WEATHER CONDITIONS
 THE FOLLOWING WEATHER WAS RECORDED TODAY.
  THUNDERSTORM
  HEAVY RAIN
  LIGHT RAIN
  FOG
  HAZE


RELATIVE HUMIDITY (PERCENT)
 HIGHEST    90           500 AM
 LOWEST     80           200 AM
 AVERAGE    85

..........................................................


THE KALAMAZOO MI CLIMATE NORMALS FOR TOMORROW
                         NORMAL
 MAXIMUM TEMPERATURE (F)   62
 MINIMUM TEMPERATURE (F)   40


SUNRISE AND SUNSET
APRIL 20 2017.........SUNRISE   653 AM EDT   SUNSET   830 PM EDT
APRIL 21 2017.........SUNRISE   652 AM EDT   SUNSET   831 PM EDT


-  INDICATES NEGATIVE NUMBERS.
R  INDICATES RECORD WAS SET OR TIED.
MM INDICATES DATA IS MISSING.
T  INDICATES TRACE AMOUNT.




$$
