000
CDUS43 KGRR 201348
CLIAZO


CLIMATE REPORT
NATIONAL WEATHER SERVICE GRAND RAPIDS, MI
947 AM EDT THU AUG 20 2015


...................................

...THE KALAMAZOO MI CLIMATE SUMMARY FOR AUGUST 20 2015...
VALID AS OF 0900 AM LOCAL TIME.

CLIMATE NORMAL PERIOD 1981 TO 2010
CLIMATE RECORD PERIOD 1998 TO 2015


WEATHER ITEM   OBSERVED TIME   NORMAL DEPARTURE LAST
                VALUE   (LST)  VALUE  FROM      YEAR
                                      NORMAL
......................................................
TEMPERATURE (F)
 TODAY
  MAXIMUM         65    152 AM  81    -16       84
  MINIMUM         59    623 AM  60     -1       65
  AVERAGE         62            70     -8       75

PRECIPITATION (IN)
  TODAY            0.03          0.12  -0.09     0.00
  MONTH TO DATE    2.31          2.37  -0.06     0.70
  SINCE JUN 1     10.17          9.65   0.52     7.52
  SINCE JAN 1     19.88         22.09  -2.21    15.94

DEGREE DAYS
 HEATING
  TODAY            3             0      3        0
  MONTH TO DATE    3             0      3        9
  SINCE JUN 1     33            53    -20       51
  SINCE JUL 1     12             5      7       32

 COOLING
  TODAY            0             6     -6       10
  MONTH TO DATE  152           132     20      104
  SINCE JUN 1    424           517    -93      395
  SINCE JAN 1    491           558    -67      449
......................................................


WIND (MPH)
  RESULTANT WIND SPEED  10   RESULTANT WIND DIRECTION  SW (210)
  HIGHEST WIND SPEED    16   HIGHEST WIND DIRECTION    SW (220)
  HIGHEST GUST SPEED    22   HIGHEST GUST DIRECTION    SW (220)
  AVERAGE WIND SPEED     9.8


SKY COVER
  AVERAGE SKY COVER 0.7


WEATHER CONDITIONS
 THE FOLLOWING WEATHER WAS RECORDED TODAY.
  LIGHT RAIN
  FOG


RELATIVE HUMIDITY (PERCENT)
 HIGHEST    90           400 AM
 LOWEST     84           700 AM
 AVERAGE    87

..........................................................


THE KALAMAZOO MI CLIMATE NORMALS FOR TOMORROW
                         NORMAL
 MAXIMUM TEMPERATURE (F)   81
 MINIMUM TEMPERATURE (F)   60


SUNRISE AND SUNSET
AUGUST 20 2015........SUNRISE   655 AM EDT   SUNSET   836 PM EDT
AUGUST 21 2015........SUNRISE   656 AM EDT   SUNSET   834 PM EDT


-  INDICATES NEGATIVE NUMBERS.
R  INDICATES RECORD WAS SET OR TIED.
MM INDICATES DATA IS MISSING.
T  INDICATES TRACE AMOUNT.




$$

JAM
