000
CDUS43 KGRR 151333
CLIAZO


CLIMATE REPORT
NATIONAL WEATHER SERVICE GRAND RAPIDS, MI
933 AM EDT FRI MAY 15 2015


...................................

...THE KALAMAZOO MI CLIMATE SUMMARY FOR MAY 15 2015...
VALID AS OF 0900 AM LOCAL TIME.

CLIMATE NORMAL PERIOD 1981 TO 2010
CLIMATE RECORD PERIOD 1998 TO 2015


WEATHER ITEM   OBSERVED TIME   NORMAL DEPARTURE LAST
                VALUE   (LST)  VALUE  FROM      YEAR
                                      NORMAL
......................................................
TEMPERATURE (F)
 TODAY
  MAXIMUM         61    759 AM  70     -9       47
  MINIMUM         53   1240 AM  48      5       35
  AVERAGE         57            59     -2       41

PRECIPITATION (IN)
  TODAY            0.08          0.13  -0.05     0.22
  MONTH TO DATE    2.58          1.88   0.70     1.56
  SINCE MAR 1      4.94          7.21  -2.27     4.83
  SINCE JAN 1      6.47         10.45  -3.98     7.36

DEGREE DAYS
 HEATING
  TODAY            8             7      1       24
  MONTH TO DATE   77           136    -59      143
  SINCE MAR 1   1492          1506    -14     1803
  SINCE JUL 1   6778          6279    499     6971

 COOLING
  TODAY            0             1     -1        0
  MONTH TO DATE   21             9     12       11
  SINCE MAR 1     21            13      8       11
  SINCE JAN 1     21            13      8       11
......................................................


WIND (MPH)
  RESULTANT WIND SPEED   6   RESULTANT WIND DIRECTION  SE (150)
  HIGHEST WIND SPEED    13   HIGHEST WIND DIRECTION     S (190)
  HIGHEST GUST SPEED    17   HIGHEST GUST DIRECTION     S (180)
  AVERAGE WIND SPEED     6.3


SKY COVER
  AVERAGE SKY COVER 1.0


WEATHER CONDITIONS
 THE FOLLOWING WEATHER WAS RECORDED TODAY.
  LIGHT RAIN
  FOG


RELATIVE HUMIDITY (PERCENT)
 HIGHEST    93           600 AM
 LOWEST     66           200 AM
 AVERAGE    80

..........................................................


THE KALAMAZOO MI CLIMATE NORMALS FOR TOMORROW
                         NORMAL
 MAXIMUM TEMPERATURE (F)   70
 MINIMUM TEMPERATURE (F)   48


SUNRISE AND SUNSET
MAY 15 2015...........SUNRISE   621 AM EDT   SUNSET   856 PM EDT
MAY 16 2015...........SUNRISE   620 AM EDT   SUNSET   857 PM EDT


-  INDICATES NEGATIVE NUMBERS.
R  INDICATES RECORD WAS SET OR TIED.
MM INDICATES DATA IS MISSING.
T  INDICATES TRACE AMOUNT.




$$
