000
CDUS43 KGRR 031435
CLIAZO


CLIMATE REPORT
NATIONAL WEATHER SERVICE GRAND RAPIDS, MI
933 AM EST WED FEB 3 2016


...................................

...THE KALAMAZOO MI CLIMATE SUMMARY FOR FEBRUARY 3 2016...
VALID AS OF 0900 AM LOCAL TIME.

CLIMATE NORMAL PERIOD 1981 TO 2010
CLIMATE RECORD PERIOD 1998 TO 2016


WEATHER ITEM   OBSERVED TIME   NORMAL DEPARTURE LAST
                VALUE   (LST)  VALUE  FROM      YEAR
                                      NORMAL
......................................................
TEMPERATURE (F)
 TODAY
  MAXIMUM         41    514 AM  32      9       25
  MINIMUM         38    748 AM  18     20        2
  AVERAGE         40            25     15       14

PRECIPITATION (IN)
  TODAY            0.03          0.04  -0.01     0.06
  MONTH TO DATE    0.27          0.12   0.15     0.52
  SINCE DEC 1      4.34          3.89   0.45     2.54
  SINCE JAN 1      1.15          1.91  -0.76     1.48

DEGREE DAYS
 HEATING
  TODAY           25            40    -15       51
  MONTH TO DATE   88           120    -32      147
  SINCE DEC 1   2042          2501   -459     2467
  SINCE JUL 1   3107          3828   -721     3997

 COOLING
  TODAY            0             0      0        0
  MONTH TO DATE    0             0      0        0
  SINCE DEC 1      0             0      0        0
  SINCE JAN 1      0             0      0        0
......................................................


WIND (MPH)
  RESULTANT WIND SPEED   4   RESULTANT WIND DIRECTION  SW (220)
  HIGHEST WIND SPEED    23   HIGHEST WIND DIRECTION    SW (240)
  HIGHEST GUST SPEED    31   HIGHEST GUST DIRECTION    SW (230)
  AVERAGE WIND SPEED     5.9


SKY COVER
  AVERAGE SKY COVER 1.0


WEATHER CONDITIONS
 THE FOLLOWING WEATHER WAS RECORDED TODAY.
  LIGHT RAIN
  FOG
  FOG W/VISIBILITY <= 1/4 MILE


RELATIVE HUMIDITY (PERCENT)
 HIGHEST   100           400 AM
 LOWEST     85           900 AM
 AVERAGE    93

..........................................................


THE KALAMAZOO MI CLIMATE NORMALS FOR TOMORROW
                         NORMAL
 MAXIMUM TEMPERATURE (F)   32
 MINIMUM TEMPERATURE (F)   18


SUNRISE AND SUNSET
FEBRUARY  3 2016......SUNRISE   754 AM EST   SUNSET   559 PM EST
FEBRUARY  4 2016......SUNRISE   753 AM EST   SUNSET   600 PM EST


-  INDICATES NEGATIVE NUMBERS.
R  INDICATES RECORD WAS SET OR TIED.
MM INDICATES DATA IS MISSING.
T  INDICATES TRACE AMOUNT.




$$

63
