000
CDUS43 KGRR 190513
CLIAZO


CLIMATE REPORT
NATIONAL WEATHER SERVICE GRAND RAPIDS, MI
113 AM EDT SUN OCT 19 2014


...................................

...THE KALAMAZOO MI CLIMATE SUMMARY FOR OCTOBER 18 2014...

CLIMATE NORMAL PERIOD 1981 TO 2010
CLIMATE RECORD PERIOD 1998 TO 2014


WEATHER ITEM   OBSERVED TIME   NORMAL DEPARTURE LAST
                VALUE   (LST)  VALUE  FROM      YEAR
                                      NORMAL
......................................................
TEMPERATURE (F)
 YESTERDAY
  MAXIMUM         49    359 PM  60    -11       60
  MINIMUM         34   1159 PM  41     -7       39
  AVERAGE         42            50     -8       50

PRECIPITATION (IN)
  YESTERDAY        T             0.11  -0.11     0.00
  MONTH TO DATE    4.44          1.93   2.51     1.56
  SINCE SEP 1      7.26          5.75   1.51     3.29
  SINCE JAN 1     24.05         29.34  -5.29    32.38

DEGREE DAYS
 HEATING
  YESTERDAY       23            15      8       15
  MONTH TO DATE  223           224     -1      135
  SINCE SEP 1    372           357     15      254
  SINCE JUL 1    404           373     31      291

 COOLING
  YESTERDAY        0             0      0        0
  MONTH TO DATE    0             7     -7       16
  SINCE SEP 1     58            63     -5       97
  SINCE JAN 1    609           674    -65      725
......................................................


WIND (MPH)
  RESULTANT WIND SPEED  12   RESULTANT WIND DIRECTION  NW (330)
  HIGHEST WIND SPEED    21   HIGHEST WIND DIRECTION    NW (330)
  HIGHEST GUST SPEED    28   HIGHEST GUST DIRECTION    NW (330)
  AVERAGE WIND SPEED    11.6


SKY COVER
  AVERAGE SKY COVER 0.7


WEATHER CONDITIONS
 THE FOLLOWING WEATHER WAS RECORDED YESTERDAY.
  LIGHT RAIN
  FOG


RELATIVE HUMIDITY (PERCENT)
 HIGHEST    92           400 AM
 LOWEST     71           100 PM
 AVERAGE    82

..........................................................


THE KALAMAZOO MI CLIMATE NORMALS FOR TODAY
                         NORMAL
 MAXIMUM TEMPERATURE (F)   59
 MINIMUM TEMPERATURE (F)   41


SUNRISE AND SUNSET
OCTOBER 19 2014.......SUNRISE   800 AM EDT   SUNSET   654 PM EDT
OCTOBER 20 2014.......SUNRISE   801 AM EDT   SUNSET   653 PM EDT


-  INDICATES NEGATIVE NUMBERS.
R  INDICATES RECORD WAS SET OR TIED.
MM INDICATES DATA IS MISSING.
T  INDICATES TRACE AMOUNT.




$$
