000
CDUS43 KGRR 160516
CLIAZO


CLIMATE REPORT
NATIONAL WEATHER SERVICE GRAND RAPIDS, MI
116 AM EDT THU OCT 16 2014


...................................

...THE KALAMAZOO MI CLIMATE SUMMARY FOR OCTOBER 15 2014...

CLIMATE NORMAL PERIOD 1981 TO 2010
CLIMATE RECORD PERIOD 1998 TO 2014


WEATHER ITEM   OBSERVED TIME   NORMAL DEPARTURE LAST
                VALUE   (LST)  VALUE  FROM      YEAR
                                      NORMAL
......................................................
TEMPERATURE (F)
 YESTERDAY
  MAXIMUM         60    251 PM  61     -1       64
  MINIMUM         52   1159 PM  41     11       39
  AVERAGE         56            51      5       52

PRECIPITATION (IN)
  YESTERDAY        0.04          0.11  -0.07     0.20
  MONTH TO DATE    4.32          1.60   2.72     1.43
  SINCE SEP 1      7.14          5.42   1.72     3.16
  SINCE JAN 1     23.93         29.01  -5.08    32.25

DEGREE DAYS
 HEATING
  YESTERDAY        9            14     -5       13
  MONTH TO DATE  177           180     -3       94
  SINCE SEP 1    326           313     13      213
  SINCE JUL 1    358           329     29      250

 COOLING
  YESTERDAY        0             0      0        0
  MONTH TO DATE    0             7     -7       16
  SINCE SEP 1     58            63     -5       97
  SINCE JAN 1    609           674    -65      725
......................................................


WIND (MPH)
  RESULTANT WIND SPEED   3   RESULTANT WIND DIRECTION  SE (150)
  HIGHEST WIND SPEED     9   HIGHEST WIND DIRECTION     S (200)
  HIGHEST GUST SPEED    13   HIGHEST GUST DIRECTION     S (200)
  AVERAGE WIND SPEED     3.2


SKY COVER
  AVERAGE SKY COVER 0.9


WEATHER CONDITIONS
 THE FOLLOWING WEATHER WAS RECORDED YESTERDAY.
  LIGHT RAIN
  FOG


RELATIVE HUMIDITY (PERCENT)
 HIGHEST    93          1000 PM
 LOWEST     72           100 PM
 AVERAGE    83

..........................................................


THE KALAMAZOO MI CLIMATE NORMALS FOR TODAY
                         NORMAL
 MAXIMUM TEMPERATURE (F)   60
 MINIMUM TEMPERATURE (F)   41


SUNRISE AND SUNSET
OCTOBER 16 2014.......SUNRISE   756 AM EDT   SUNSET   659 PM EDT
OCTOBER 17 2014.......SUNRISE   757 AM EDT   SUNSET   657 PM EDT


-  INDICATES NEGATIVE NUMBERS.
R  INDICATES RECORD WAS SET OR TIED.
MM INDICATES DATA IS MISSING.
T  INDICATES TRACE AMOUNT.




$$
