000
CDUS43 KGRR 161336
CLIAZO


CLIMATE REPORT
NATIONAL WEATHER SERVICE GRAND RAPIDS, MI
936 AM EDT SAT APR 16 2016


...................................

...THE KALAMAZOO MI CLIMATE SUMMARY FOR APRIL 16 2016...
VALID AS OF 0900 AM LOCAL TIME.

CLIMATE NORMAL PERIOD 1981 TO 2010
CLIMATE RECORD PERIOD 1998 TO 2016


WEATHER ITEM   OBSERVED TIME   NORMAL DEPARTURE LAST
                VALUE   (LST)  VALUE  FROM      YEAR
                                      NORMAL
......................................................
TEMPERATURE (F)
 TODAY
  MAXIMUM         52    759 AM  60     -8       62
  MINIMUM         42    548 AM  39      3       46
  AVERAGE         47            49     -2       54

PRECIPITATION (IN)
  TODAY            0.00          0.10  -0.10     0.08
  MONTH TO DATE    1.26          1.55  -0.29     1.01
  SINCE MAR 1      4.22          3.80   0.42     1.34
  SINCE JAN 1      5.78          7.04  -1.26     2.87

DEGREE DAYS
 HEATING
  TODAY           18            16      2       11
  MONTH TO DATE  396           301     95      222
  SINCE MAR 1   1098          1185    -87     1191
  SINCE JUL 1   5146          5958   -812     6477

 COOLING
  TODAY            0             0      0        0
  MONTH TO DATE    0             0      0        0
  SINCE MAR 1      0             0      0        0
  SINCE JAN 1      0             0      0        0
......................................................


WIND (MPH)
  RESULTANT WIND SPEED   1   RESULTANT WIND DIRECTION   E (90)
  HIGHEST WIND SPEED     6   HIGHEST WIND DIRECTION     E (110)
  HIGHEST GUST SPEED     9   HIGHEST GUST DIRECTION    SE (120)
  AVERAGE WIND SPEED     1.5


SKY COVER
  AVERAGE SKY COVER 0.0


WEATHER CONDITIONS
 THE FOLLOWING WEATHER WAS RECORDED TODAY.
  NO SIGNIFICANT WEATHER WAS OBSERVED.


RELATIVE HUMIDITY (PERCENT)
 HIGHEST    70           700 AM
 LOWEST     44           100 AM
 AVERAGE    57

..........................................................


THE KALAMAZOO MI CLIMATE NORMALS FOR TOMORROW
                         NORMAL
 MAXIMUM TEMPERATURE (F)   61
 MINIMUM TEMPERATURE (F)   39


SUNRISE AND SUNSET
APRIL 16 2016.........SUNRISE   659 AM EDT   SUNSET   825 PM EDT
APRIL 17 2016.........SUNRISE   658 AM EDT   SUNSET   826 PM EDT


-  INDICATES NEGATIVE NUMBERS.
R  INDICATES RECORD WAS SET OR TIED.
MM INDICATES DATA IS MISSING.
T  INDICATES TRACE AMOUNT.




$$
