000
CXUS54 KEWX 011010
CF6BAZ
PRELIMINARY LOCAL CLIMATOLOGICAL DATA (WS FORM: F-6)
STATION: NEW BRAUNFELS
MONTH: APRIL
YEAR: 2020
LATITUDE: 29 43 N
LONGITUDE: 98 3 W
TEMPERATURE IN F: :PCPN: SNOW: WIND :SUNSHINE: SKY :PK WND
================================================================================
1 2 3 4 5 6A 6B 7 8 9 10 11 12 13 14 15 16 17 18
12Z AVG MX 2MIN
DY MAX MIN AVG DEP HDD CDD WTR SNW DPTH SPD SPD DIR MIN PSBL S-S WX SPD DR
================================================================================
1 80 48 64 -2 1 0 0.00 M M 8.1 18 170 M M 0 24 150
2 72 61 67 1 0 2 0.21 M M 9.1 23 150 M M 9 13 32 150
3 75 50 63 -3 2 0 0.57 M M 10.7 23 20 M M 10 138 30 20
4 55 48 52 -15 13 0 0.64 M M 11.2 24 30 M M 10 1 31 30
5 71 53 62 -5 3 0 0.00 M M 7.4 13 30 M M 10 1 17 20
6 79 61 70 3 0 5 0.01 M M 3.7 10 130 M M 9 18 14 130
7 86 71 79 12 0 14 0.00 M M 6.9 14 220 M M 6 1 19 200
8 92 70 81 13 0 16 0.00 M M 7.3 14 170 M M 3 18 17 170
9 90 66 78 10 0 13 0.25 M M 6.6 22 20 M M 3 1238 29 20
10 76 63 70 2 0 5 0.00 M M 10.2 20 40 M M 6 18 25 30
11 80 64 72 4 0 7 T M M 8.5 18 170 M M 10 1 25 160
12 88 59 74 6 0 9 0.03 M M 13.5 32 260 M M 4 18 48 280
13 67 46 57 -12 8 0 0.00 M M 15.5 28 10 M M 0 37 20
14 69 46 58 -11 7 0 0.00 M M 12.7 21 60 M M 1 28 60
15 71 43 57 -12 8 0 0.00 M M 6.0 16 40 M M 0 21 40
16 79 45 62 -7 3 0 0.00 M M 9.2 21 170 M M 2 30 170
17 77 56 67 -3 0 2 0.05 M M 7.4 21 360 M M 9 18 27 10
18 62 54 58 -12 7 0 T M M 8.6 18 30 M M 10 128 24 30
19 96 56 76 6 0 11 0.01 M M 7.2 24 280 M M 5 12 36 280
20 93 51 72 2 0 7 0.00 M M 7.1 13 200 M M 0 18 200
21 89 64 77 7 0 12 0.00 M M 9.3 22 140 M M 4 18 34 150
22 85 67 76 5 0 11 0.03 M M 8.4 17 160 M M 8 128 22 180
23 92 60 76 5 0 11 0.00 M M 8.3 20 350 M M 2 12 30 350
24 99 56 78 7 0 13 0.00 M M 10.9 25 20 M M 0 35 30
25 85 58 72 1 0 7 T M M 11.5 24 40 M M 2 3 31 30
26 88 52 70 -2 0 5 0.00 M M 7.8 17 160 M M 0 23 160
27 91 56 74 2 0 9 0.00 M M 12.0 24 160 M M 2 1 43 180
28 94 70 82 10 0 17 T M M 12.3 28 170 M M 6 8 36 170
29 87 57 72 0 0 7 0.65 M M 12.1 35 60 M M 3 138 49 60
30 89 53 71 -1 0 6 0.00 M M 4.8 12 130 M M 0 17 110
================================================================================
SM 2457 1704 52 189 2.45 M 274.3 M 134
================================================================================
AV 81.9 56.8 9.1 FASTST M M 4 MAX(MPH)
MISC ----> # 35 60 # 49 60
================================================================================
NOTES:
# LAST OF SEVERAL OCCURRENCES
COLUMN 17 PEAK WIND IN M.P.H.
PRELIMINARY LOCAL CLIMATOLOGICAL DATA (WS FORM: F-6) , PAGE 2
STATION: NEW BRAUNFELS
MONTH: APRIL
YEAR: 2020
LATITUDE: 29 43 N
LONGITUDE: 98 3 W
[TEMPERATURE DATA] [PRECIPITATION DATA] SYMBOLS USED IN COLUMN 16
AVERAGE MONTHLY: 69.4 TOTAL FOR MONTH: 2.45 1 = FOG OR MIST
DPTR FM NORMAL: 0.2 DPTR FM NORMAL: 0.17 2 = FOG REDUCING VISIBILITY
HIGHEST: 99 ON 24 GRTST 24HR 0.65 ON 29-29 TO 1/4 MILE OR LESS
LOWEST: 43 ON 15 3 = THUNDER
SNOW, ICE PELLETS, HAIL 4 = ICE PELLETS
TOTAL MONTH: M 5 = HAIL
GRTST 24HR M ON M 6 = FREEZING RAIN OR DRIZZLE
GRTST DEPTH: M ON M 7 = DUSTSTORM OR SANDSTORM:
VSBY 1/2 MILE OR LESS
8 = SMOKE OR HAZE
[NO. OF DAYS WITH] [WEATHER - DAYS WITH] 9 = BLOWING SNOW
X = TORNADO
MAX 32 OR BELOW: 0 0.01 INCH OR MORE: 10
MAX 90 OR ABOVE: 8 0.10 INCH OR MORE: 5
MIN 32 OR BELOW: 0 0.50 INCH OR MORE: 3
MIN 0 OR BELOW: 0 1.00 INCH OR MORE: 0
[HDD (BASE 65) ]
TOTAL THIS MO. 52 CLEAR (SCALE 0-3) 14
DPTR FM NORMAL 12 PTCLDY (SCALE 4-7) 7
TOTAL FM JUL 1 1269 CLOUDY (SCALE 8-10) 9
DPTR FM NORMAL -288
[CDD (BASE 65) ]
TOTAL THIS MO. 189
DPTR FM NORMAL 24 [PRESSURE DATA]
TOTAL FM JAN 1 400 HIGHEST SLP 30.23 ON 26
DPTR FM NORMAL 151 LOWEST SLP 29.46 ON 12
[REMARKS]
#FINAL-04-20#