000
CDUS41 KBOX 230540
CLIBDL


CLIMATE REPORT
NATIONAL WEATHER SERVICE TAUNTON MA
138 AM EDT SAT MAY 23 2015


...................................

...THE HARTFORD CT CLIMATE SUMMARY FOR MAY 22 2015...

CLIMATE NORMAL PERIOD 1981 TO 2010
CLIMATE RECORD PERIOD 1904 TO 2015


WEATHER ITEM   OBSERVED TIME   RECORD YEAR NORMAL DEPARTURE LAST
                VALUE   (LST)  VALUE       VALUE  FROM      YEAR
                                                  NORMAL
..................................................................
TEMPERATURE (F)
 YESTERDAY
  MAXIMUM         75    226 PM  95    1992  73      2       61
  MINIMUM         51   1131 PM  35    2002  49      2       56
  AVERAGE         63                        61      2       59

PRECIPITATION (IN)
  YESTERDAY        T             0.88 2001   0.16  -0.16     0.78
  MONTH TO DATE    0.60                      2.90  -2.30     3.67
  SINCE MAR 1      6.66                     10.24  -3.58    13.85
  SINCE JAN 1     12.84                     16.36  -3.52    21.22

SNOWFALL (IN)
  YESTERDAY        0.0           0.0  2014   0.0    0.0      0.0
  MONTH TO DATE    0.0                       0.0    0.0      0.0
  SINCE MAR 1      9.0                       7.8    1.2      1.0
  SINCE JUL 1     63.8                      40.5   23.3     51.1
  SNOW DEPTH       0

DEGREE DAYS
 HEATING
  YESTERDAY        2                         5     -3        6
  MONTH TO DATE   65                       166   -101      118
  SINCE MAR 1   1523                      1481     42     1636
  SINCE JUL 1   6168                      5919    249     6315

 COOLING
  YESTERDAY        0                         1     -1        0
  MONTH TO DATE   66                        15     51       20
  SINCE MAR 1     66                        21     45       21
  SINCE JAN 1     66                        21     45       21
..................................................................


WIND (MPH)
  RESULTANT WIND SPEED   9   RESULTANT WIND DIRECTION  NW (300)
  HIGHEST WIND SPEED    26   HIGHEST WIND DIRECTION    NW (300)
  HIGHEST GUST SPEED    35   HIGHEST GUST DIRECTION    NW (310)
  AVERAGE WIND SPEED    11.3


SKY COVER
  POSSIBLE SUNSHINE  MM
  AVERAGE SKY COVER 0.4


WEATHER CONDITIONS
 THE FOLLOWING WEATHER WAS RECORDED YESTERDAY.
  NO SIGNIFICANT WEATHER WAS OBSERVED.


RELATIVE HUMIDITY (PERCENT)
 HIGHEST    71          1200 AM
 LOWEST     19           200 PM
 AVERAGE    45

..........................................................


THE HARTFORD CT CLIMATE NORMALS FOR TODAY
                         NORMAL    RECORD    YEAR
 MAXIMUM TEMPERATURE (F)   73        96      1964
 MINIMUM TEMPERATURE (F)   50        37      1976


SUNRISE AND SUNSET
MAY 23 2015...........SUNRISE   524 AM EDT   SUNSET   812 PM EDT
MAY 24 2015...........SUNRISE   523 AM EDT   SUNSET   813 PM EDT


-  INDICATES NEGATIVE NUMBERS.
R  INDICATES RECORD WAS SET OR TIED.
MM INDICATES DATA IS MISSING.
T  INDICATES TRACE AMOUNT.




$$
