000
CDUS41 KBOX 210543
CLIBDL


CLIMATE REPORT
NATIONAL WEATHER SERVICE TAUNTON MA
135 AM EDT SUN MAY 21 2017


...................................

...THE HARTFORD CT CLIMATE SUMMARY FOR MAY 20 2017...

CLIMATE NORMAL PERIOD 1981 TO 2010
CLIMATE RECORD PERIOD 1904 TO 2017


WEATHER ITEM   OBSERVED TIME   RECORD YEAR NORMAL DEPARTURE LAST
                VALUE   (LST)  VALUE       VALUE  FROM      YEAR
                                                  NORMAL
..................................................................
TEMPERATURE (F)
 YESTERDAY
  MAXIMUM         73    329 PM  99    1996  72      1       76
  MINIMUM         50   1159 PM  30    2002  49      1       42
  AVERAGE         62                        61      1       59

PRECIPITATION (IN)
  YESTERDAY        0.00          1.25 1969   0.14  -0.14     0.00
  MONTH TO DATE    3.06                      2.59   0.47     1.77
  SINCE MAR 1     10.76                      9.93   0.83     6.41
  SINCE JAN 1     16.74                     16.05   0.69    13.24

SNOWFALL (IN)
  YESTERDAY        0.0           0.0  2002   0.0    0.0      0.0
                                      2001
                                      2000
  MONTH TO DATE    0.0                       0.0    0.0      0.0
  SINCE MAR 1     19.6                       7.8   11.8      9.8
  SINCE JUL 1     62.3                      40.5   21.8     26.9
  SNOW DEPTH       0

DEGREE DAYS
 HEATING
  YESTERDAY        3                         6     -3        6
  MONTH TO DATE  174                       156     18      197
  SINCE MAR 1   1516                      1471     45     1357
  SINCE JUL 1   5409                      5909   -500     5033

 COOLING
  YESTERDAY        0                         1     -1        0
  MONTH TO DATE   37                        13     24        0
  SINCE MAR 1     60                        19     41        2
  SINCE JAN 1     60                        19     41        2
..................................................................


WIND (MPH)
  RESULTANT WIND SPEED   4   RESULTANT WIND DIRECTION  NE (40)
  HIGHEST WIND SPEED    14   HIGHEST WIND DIRECTION     S (180)
  HIGHEST GUST SPEED    20   HIGHEST GUST DIRECTION     N (10)
  AVERAGE WIND SPEED     6.7


SKY COVER
  POSSIBLE SUNSHINE  MM
  AVERAGE SKY COVER 0.5


WEATHER CONDITIONS
 THE FOLLOWING WEATHER WAS RECORDED YESTERDAY.
  NO SIGNIFICANT WEATHER WAS OBSERVED.


RELATIVE HUMIDITY (PERCENT)
 HIGHEST    77          1100 PM
 LOWEST     19           500 PM
 AVERAGE    48

..........................................................


THE HARTFORD CT CLIMATE NORMALS FOR TODAY
                         NORMAL    RECORD    YEAR
 MAXIMUM TEMPERATURE (F)   73        93      1996
 MINIMUM TEMPERATURE (F)   49        34      2002


SUNRISE AND SUNSET
MAY 21 2017...........SUNRISE   525 AM EDT   SUNSET   810 PM EDT
MAY 22 2017...........SUNRISE   524 AM EDT   SUNSET   811 PM EDT


-  INDICATES NEGATIVE NUMBERS.
R  INDICATES RECORD WAS SET OR TIED.
MM INDICATES DATA IS MISSING.
T  INDICATES TRACE AMOUNT.




$$
