000
CDUS41 KBOX 310548
CLIBDL


CLIMATE REPORT
NATIONAL WEATHER SERVICE TAUNTON MA
145 AM EDT FRI JUL 31 2015


...................................

...THE HARTFORD CT CLIMATE SUMMARY FOR JULY 30 2015...

CLIMATE NORMAL PERIOD 1981 TO 2010
CLIMATE RECORD PERIOD 1904 TO 2015


WEATHER ITEM   OBSERVED TIME   RECORD YEAR NORMAL DEPARTURE LAST
                VALUE   (LST)  VALUE       VALUE  FROM      YEAR
                                                  NORMAL
..................................................................
TEMPERATURE (F)
 YESTERDAY
  MAXIMUM         90   1258 PM  98    1988  85      5       80
  MINIMUM         71   1159 PM  48    1968  63      8       60
  AVERAGE         81                        74      7       70

PRECIPITATION (IN)
  YESTERDAY        0.67          2.85 1960   0.16   0.51     0.00
  MONTH TO DATE    3.08                      4.03  -0.95     4.49
  SINCE JUN 1      9.76                      8.38   1.38     6.20
  SINCE JAN 1     23.33                     26.19  -2.86    28.21

SNOWFALL (IN)
  YESTERDAY        0.0           0.0  2002   0.0    0.0      0.0
                                      2001
                                      2000
  MONTH TO DATE    0.0                       0.0    0.0      0.0
  SINCE JUN 1      0.0                       0.0    0.0      0.0
  SINCE JUL 1      0.0                       0.0    0.0      0.0
  SNOW DEPTH       0

DEGREE DAYS
 HEATING
  YESTERDAY        0                         0      0        0
  MONTH TO DATE    1                         0      1        0
  SINCE JUN 1     49                        40      9        6
  SINCE JUL 1      1                         0      1        0

 COOLING
  YESTERDAY       16                         9      7        5
  MONTH TO DATE  272                       262     10      299
  SINCE JUN 1    404                       406     -2      447
  SINCE JAN 1    521                       445     76      479
..................................................................


WIND (MPH)
  RESULTANT WIND SPEED   8   RESULTANT WIND DIRECTION   S (200)
  HIGHEST WIND SPEED    20   HIGHEST WIND DIRECTION     S (190)
  HIGHEST GUST SPEED    25   HIGHEST GUST DIRECTION    SW (210)
  AVERAGE WIND SPEED     8.3


SKY COVER
  POSSIBLE SUNSHINE  MM
  AVERAGE SKY COVER 0.6


WEATHER CONDITIONS
 THE FOLLOWING WEATHER WAS RECORDED YESTERDAY.
  THUNDERSTORM
  HEAVY RAIN
  RAIN
  LIGHT RAIN
  FOG
  HAZE


RELATIVE HUMIDITY (PERCENT)
 HIGHEST    93           500 AM
 LOWEST     56           200 PM
 AVERAGE    75

..........................................................


THE HARTFORD CT CLIMATE NORMALS FOR TODAY
                         NORMAL    RECORD    YEAR
 MAXIMUM TEMPERATURE (F)   85        97      1917
 MINIMUM TEMPERATURE (F)   63        50      1956


SUNRISE AND SUNSET
JULY 31 2015..........SUNRISE   543 AM EDT   SUNSET   811 PM EDT
AUGUST  1 2015........SUNRISE   544 AM EDT   SUNSET   809 PM EDT


-  INDICATES NEGATIVE NUMBERS.
R  INDICATES RECORD WAS SET OR TIED.
MM INDICATES DATA IS MISSING.
T  INDICATES TRACE AMOUNT.




$$
