000
CDUS41 KBOX 180539
CLIBDL


CLIMATE REPORT
NATIONAL WEATHER SERVICE TAUNTON MA
137 AM EDT SAT OCT 18 2014


...................................

...THE HARTFORD CT CLIMATE SUMMARY FOR OCTOBER 17 2014...

CLIMATE NORMAL PERIOD 1981 TO 2010
CLIMATE RECORD PERIOD 1904 TO 2014


WEATHER ITEM   OBSERVED TIME   RECORD YEAR NORMAL DEPARTURE LAST
                VALUE   (LST)  VALUE       VALUE  FROM      YEAR
                                                  NORMAL
..................................................................
TEMPERATURE (F)
 YESTERDAY
  MAXIMUM         74    150 PM  90    1908  63     11       74
  MINIMUM         58   1029 PM  25    1978  41     17       56
  AVERAGE         66                        52     14       65

PRECIPITATION (IN)
  YESTERDAY        0.00          1.42 1936   0.14  -0.14     0.04
  MONTH TO DATE    2.83                      2.53   0.30     2.01
  SINCE SEP 1      4.45                      6.41  -1.96     5.59
  SINCE JAN 1     36.42                     36.68  -0.26    43.59

SNOWFALL (IN)
  YESTERDAY        0.0           T    1970   0.0    0.0      0.0
  MONTH TO DATE    0.0                       0.0    0.0      0.0
  SINCE SEP 1      0.0                       0.0    0.0      0.0
  SINCE JUL 1      0.0                       0.0    0.0      0.0
  SNOW DEPTH       0

DEGREE DAYS
 HEATING
  YESTERDAY        0                        14    -14        0
  MONTH TO DATE  121                       186    -65      103
  SINCE SEP 1    205                       296    -91      234
  SINCE JUL 1    207                       308   -101      236

 COOLING
  YESTERDAY        1                         0      1        0
  MONTH TO DATE   15                         5     10        5
  SINCE SEP 1    112                        79     33       70
  SINCE JAN 1    771                       754     17      894
..................................................................


WIND (MPH)
  RESULTANT WIND SPEED   8   RESULTANT WIND DIRECTION   S (200)
  HIGHEST WIND SPEED    18   HIGHEST WIND DIRECTION    SW (210)
  HIGHEST GUST SPEED    26   HIGHEST GUST DIRECTION     S (170)
  AVERAGE WIND SPEED     8.3


SKY COVER
  POSSIBLE SUNSHINE  MM
  AVERAGE SKY COVER 0.5


WEATHER CONDITIONS
 THE FOLLOWING WEATHER WAS RECORDED YESTERDAY.
  FOG
  FOG W/VISIBILITY <= 1/4 MILE


RELATIVE HUMIDITY (PERCENT)
 HIGHEST    97           100 AM
 LOWEST     41           200 PM
 AVERAGE    69

..........................................................


THE HARTFORD CT CLIMATE NORMALS FOR TODAY
                         NORMAL    RECORD    YEAR
 MAXIMUM TEMPERATURE (F)   62        80      1968
                                             1908
 MINIMUM TEMPERATURE (F)   40        17      1978


SUNRISE AND SUNSET
OCTOBER 18 2014.......SUNRISE   706 AM EDT   SUNSET   605 PM EDT
OCTOBER 19 2014.......SUNRISE   708 AM EDT   SUNSET   603 PM EDT


-  INDICATES NEGATIVE NUMBERS.
R  INDICATES RECORD WAS SET OR TIED.
MM INDICATES DATA IS MISSING.
T  INDICATES TRACE AMOUNT.




$$
