000
CDUS41 KBOX 182118
CLIBDL


CLIMATE REPORT
NATIONAL WEATHER SERVICE TAUNTON MA
418 PM EST THU DEC 18 2014


...................................

...THE HARTFORD CT CLIMATE SUMMARY FOR DECEMBER 18 2014...
VALID AS OF 0400 PM LOCAL TIME.

CLIMATE NORMAL PERIOD 1981 TO 2010
CLIMATE RECORD PERIOD 1904 TO 2014


WEATHER ITEM   OBSERVED TIME   RECORD YEAR NORMAL DEPARTURE LAST
                VALUE   (LST)  VALUE       VALUE  FROM      YEAR
                                                  NORMAL
..................................................................
TEMPERATURE (F)
 TODAY
  MAXIMUM         41    140 PM  57    1984  39      2       33
  MINIMUM         37    755 AM  -6    1919  23     14       14
  AVERAGE         39                        31      8       24

PRECIPITATION (IN)
  TODAY            T             1.95 1986   0.10  -0.10     0.00
  MONTH TO DATE    3.80                      2.11   1.69     2.01
  SINCE DEC 1      3.80                      2.11   1.69     2.01
  SINCE JAN 1     45.08                     44.52   0.56    49.80

SNOWFALL (IN)
  TODAY            T             4.2  1908   0.2   -0.2      0.0
  MONTH TO DATE    0.1                       3.5   -3.4     12.4
  SINCE DEC 1      0.1                       3.5   -3.4     12.4
  SINCE JUL 1      5.2                       5.5   -0.3     12.4
  SNOW DEPTH       0

DEGREE DAYS
 HEATING
  TODAY           26                        34     -8       41
  MONTH TO DATE  529                       563    -34      660
  SINCE DEC 1    529                       563    -34      660
  SINCE JUL 1   1626                      1770   -144     1892

 COOLING
  TODAY            0                         0      0        0
  MONTH TO DATE    0                         0      0        0
  SINCE DEC 1      0                         0      0        0
  SINCE JAN 1    771                       756     15      894
..................................................................


WIND (MPH)
  HIGHEST WIND SPEED    24   HIGHEST WIND DIRECTION    NW (320)
  HIGHEST GUST SPEED    32   HIGHEST GUST DIRECTION    NW (310)
  AVERAGE WIND SPEED    12.6


SKY COVER
  POSSIBLE SUNSHINE  MM
  AVERAGE SKY COVER 0.9


WEATHER CONDITIONS
 THE FOLLOWING WEATHER WAS RECORDED TODAY.
  LIGHT SNOW


RELATIVE HUMIDITY (PERCENT)
 HIGHEST    70           100 AM
 LOWEST     54          1000 AM
 AVERAGE    62

..........................................................


THE HARTFORD CT CLIMATE NORMALS FOR TOMORROW
                         NORMAL    RECORD    YEAR
 MAXIMUM TEMPERATURE (F)   38        54      1949
 MINIMUM TEMPERATURE (F)   22        -3      1942
                                             1919


SUNRISE AND SUNSET
DECEMBER 18 2014......SUNRISE   713 AM EST   SUNSET   421 PM EST
DECEMBER 19 2014......SUNRISE   714 AM EST   SUNSET   422 PM EST


-  INDICATES NEGATIVE NUMBERS.
R  INDICATES RECORD WAS SET OR TIED.
MM INDICATES DATA IS MISSING.
T  INDICATES TRACE AMOUNT.




$$
