000
CDUS41 KBOX 210526
CLIBDL


CLIMATE REPORT
NATIONAL WEATHER SERVICE TAUNTON MA
126 AM EDT FRI APR 21 2017


...................................

...THE HARTFORD CT CLIMATE SUMMARY FOR APRIL 20 2017...

CLIMATE NORMAL PERIOD 1981 TO 2010
CLIMATE RECORD PERIOD 1904 TO 2017


WEATHER ITEM   OBSERVED TIME   RECORD YEAR NORMAL DEPARTURE LAST
                VALUE   (LST)  VALUE       VALUE  FROM      YEAR
                                                  NORMAL
..................................................................
TEMPERATURE (F)
 YESTERDAY
  MAXIMUM         70    318 PM  89    1976  63      7       65
  MINIMUM         45    223 AM  25    1926  40      5       38
  AVERAGE         58                        51      7       52

PRECIPITATION (IN)
  YESTERDAY        0.09          1.40 1972   0.11  -0.02     0.00
  MONTH TO DATE    2.55                      2.48   0.07     1.60
  SINCE MAR 1      6.48                      6.10   0.38     3.80
  SINCE JAN 1     12.46                     12.22   0.24    10.63

SNOWFALL (IN)
  YESTERDAY        0.0           0.1  1983   0.0    0.0      0.0
  MONTH TO DATE    0.5                       1.3   -0.8      6.9
  SINCE MAR 1     19.6                       7.7   11.9      9.8
  SINCE JUL 1     62.3                      40.4   21.9     26.9
  SNOW DEPTH       0

DEGREE DAYS
 HEATING
  YESTERDAY        7                        14     -7       13
  MONTH TO DATE  277                       352    -75      400
  SINCE MAR 1   1254                      1195     59     1044
  SINCE JUL 1   5147                      5633   -486     4720

 COOLING
  YESTERDAY        0                         0      0        0
  MONTH TO DATE    9                         0      9        0
  SINCE MAR 1      9                         0      9        0
  SINCE JAN 1      9                         0      9        0
..................................................................


WIND (MPH)
  RESULTANT WIND SPEED   3   RESULTANT WIND DIRECTION   E (100)
  HIGHEST WIND SPEED    16   HIGHEST WIND DIRECTION    SE (120)
  HIGHEST GUST SPEED    20   HIGHEST GUST DIRECTION     E (110)
  AVERAGE WIND SPEED     5.6


SKY COVER
  POSSIBLE SUNSHINE  MM
  AVERAGE SKY COVER 0.9


WEATHER CONDITIONS
 THE FOLLOWING WEATHER WAS RECORDED YESTERDAY.
  RAIN
  LIGHT RAIN
  FOG


RELATIVE HUMIDITY (PERCENT)
 HIGHEST    93           300 AM
 LOWEST     44           400 PM
 AVERAGE    69

..........................................................


THE HARTFORD CT CLIMATE NORMALS FOR TODAY
                         NORMAL    RECORD    YEAR
 MAXIMUM TEMPERATURE (F)   63        87      1923
 MINIMUM TEMPERATURE (F)   40        27      1961


SUNRISE AND SUNSET
APRIL 21 2017.........SUNRISE   601 AM EDT   SUNSET   739 PM EDT
APRIL 22 2017.........SUNRISE   559 AM EDT   SUNSET   740 PM EDT


-  INDICATES NEGATIVE NUMBERS.
R  INDICATES RECORD WAS SET OR TIED.
MM INDICATES DATA IS MISSING.
T  INDICATES TRACE AMOUNT.




$$
