673
CDUS41 KBOX 020542
CLIBDL


CLIMATE REPORT
NATIONAL WEATHER SERVICE TAUNTON MA
139 AM EDT MON MAY 2 2016


...................................

...THE HARTFORD CT CLIMATE SUMMARY FOR MAY 1 2016...

CLIMATE NORMAL PERIOD 1981 TO 2010
CLIMATE RECORD PERIOD 1904 TO 2016


WEATHER ITEM   OBSERVED TIME   RECORD YEAR NORMAL DEPARTURE LAST
                VALUE   (LST)  VALUE       VALUE  FROM      YEAR
                                                  NORMAL
..................................................................
TEMPERATURE (F)
 YESTERDAY
  MAXIMUM         51   1206 PM  88    2001  67    -16       62
  MINIMUM         41   1159 PM  28    2008  43     -2       47
  AVERAGE         46                        55     -9       55

PRECIPITATION (IN)
  YESTERDAY        0.10          1.50 1976   0.12  -0.02     0.00
  MONTH TO DATE    0.10                      0.12  -0.02     0.00
  SINCE MAR 1      4.74                      7.46  -2.72     6.06
  SINCE JAN 1     11.57                     13.58  -2.01    12.24

SNOWFALL (IN)
  YESTERDAY        0.0           T    1905   0.0    0.0      0.0
  MONTH TO DATE    0.0                       0.0    0.0      0.0
  SINCE MAR 1      9.8                       7.8    2.0      9.0
  SINCE JUL 1     26.9                      40.5  -13.6     63.8
  SNOW DEPTH       0

DEGREE DAYS
 HEATING
  YESTERDAY       19                        10      9       10
  MONTH TO DATE   19                        10      9       10
  SINCE MAR 1   1179                      1325   -146     1468
  SINCE JUL 1   4855                      5763   -908     6113

 COOLING
  YESTERDAY        0                         0      0        0
  MONTH TO DATE    0                         0      0        0
  SINCE MAR 1      2                         6     -4        0
  SINCE JAN 1      2                         6     -4        0
..................................................................


WIND (MPH)
  RESULTANT WIND SPEED   5   RESULTANT WIND DIRECTION   S (170)
  HIGHEST WIND SPEED    16   HIGHEST WIND DIRECTION     S (180)
  HIGHEST GUST SPEED    20   HIGHEST GUST DIRECTION     S (180)
  AVERAGE WIND SPEED     5.7


SKY COVER
  POSSIBLE SUNSHINE  MM
  AVERAGE SKY COVER 1.0


WEATHER CONDITIONS
 THE FOLLOWING WEATHER WAS RECORDED YESTERDAY.
  RAIN
  LIGHT RAIN
  FOG


RELATIVE HUMIDITY (PERCENT)
 HIGHEST    89           700 PM
 LOWEST     42          1200 PM
 AVERAGE    66

..........................................................


THE HARTFORD CT CLIMATE NORMALS FOR TODAY
                         NORMAL    RECORD    YEAR
 MAXIMUM TEMPERATURE (F)   67        93      2001
 MINIMUM TEMPERATURE (F)   44        30      1943


SUNRISE AND SUNSET
MAY  2 2016...........SUNRISE   545 AM EDT   SUNSET   751 PM EDT
MAY  3 2016...........SUNRISE   544 AM EDT   SUNSET   752 PM EDT


-  INDICATES NEGATIVE NUMBERS.
R  INDICATES RECORD WAS SET OR TIED.
MM INDICATES DATA IS MISSING.
T  INDICATES TRACE AMOUNT.




$$
