000
CDUS41 KBOX 120545
CLIBDL


CLIMATE REPORT
NATIONAL WEATHER SERVICE TAUNTON MA
142 AM EDT SAT APR 12 2014


...................................

...THE HARTFORD CT CLIMATE SUMMARY FOR APRIL 11 2014...

CLIMATE NORMAL PERIOD 1981 TO 2010
CLIMATE RECORD PERIOD 1904 TO 2014


WEATHER ITEM   OBSERVED TIME   RECORD YEAR NORMAL DEPARTURE LAST
                VALUE   (LST)  VALUE       VALUE  FROM      YEAR
                                                  NORMAL
..................................................................
TEMPERATURE (F)
 YESTERDAY
  MAXIMUM         67    329 PM  79    1955  59      8       58
  MINIMUM         48    210 AM  23    1960  37     11       38
                                      1909
  AVERAGE         58                        48     10       48

PRECIPITATION (IN)
  YESTERDAY        0.13          1.29 1913   0.13   0.00      T
  MONTH TO DATE    0.93                      1.39  -0.46     0.32
  SINCE MAR 1      5.65                      5.01   0.64     2.92
  SINCE JAN 1     13.02                     11.13   1.89     8.43

SNOWFALL (IN)
  YESTERDAY        0.0           4.2  1958   0.0    0.0      0.0
  MONTH TO DATE    0.0                       0.8   -0.8      0.0
  SINCE MAR 1      0.8                       7.2   -6.4      9.8
  SINCE JUL 1     50.9                      39.9   11.0     56.9
  SNOW DEPTH       0

DEGREE DAYS
 HEATING
  YESTERDAY        7                        17    -10       17
  MONTH TO DATE  185                       213    -28      201
  SINCE MAR 1   1224                      1056    168     1061
  SINCE JUL 1   5903                      5494    409     5213

 COOLING
  YESTERDAY        0                         0      0        0
  MONTH TO DATE    0                         0      0        0
  SINCE MAR 1      0                         0      0        0
  SINCE JAN 1      0                         0      0        0
..................................................................


WIND (MPH)
  RESULTANT WIND SPEED   7   RESULTANT WIND DIRECTION   S (180)
  HIGHEST WIND SPEED    21   HIGHEST WIND DIRECTION     W (270)
  HIGHEST GUST SPEED    24   HIGHEST GUST DIRECTION     W (270)
  AVERAGE WIND SPEED     7.6


SKY COVER
  POSSIBLE SUNSHINE  MM
  AVERAGE SKY COVER 0.9


WEATHER CONDITIONS
 THE FOLLOWING WEATHER WAS RECORDED YESTERDAY.
  LIGHT RAIN
  FOG


RELATIVE HUMIDITY (PERCENT)
 HIGHEST    86           700 PM
 LOWEST     37          1200 PM
 AVERAGE    62

..........................................................


THE HARTFORD CT CLIMATE NORMALS FOR TODAY
                         NORMAL    RECORD    YEAR
 MAXIMUM TEMPERATURE (F)   59        88      1977
 MINIMUM TEMPERATURE (F)   37        22      1976
                                             1926


SUNRISE AND SUNSET
APRIL 12 2014.........SUNRISE   615 AM EDT   SUNSET   728 PM EDT
APRIL 13 2014.........SUNRISE   614 AM EDT   SUNSET   730 PM EDT


-  INDICATES NEGATIVE NUMBERS.
R  INDICATES RECORD WAS SET OR TIED.
MM INDICATES DATA IS MISSING.
T  INDICATES TRACE AMOUNT.




$$
