000
CDUS41 KBOX 230527
CLIBDL


CLIMATE REPORT
NATIONAL WEATHER SERVICE TAUNTON MA
127 AM EDT SUN APR 23 2017


...................................

...THE HARTFORD CT CLIMATE SUMMARY FOR APRIL 22 2017...

CLIMATE NORMAL PERIOD 1981 TO 2010
CLIMATE RECORD PERIOD 1904 TO 2017


WEATHER ITEM   OBSERVED TIME   RECORD YEAR NORMAL DEPARTURE LAST
                VALUE   (LST)  VALUE       VALUE  FROM      YEAR
                                                  NORMAL
..................................................................
TEMPERATURE (F)
 YESTERDAY
  MAXIMUM         56    359 PM  90    1977  63     -7       82
                                      1973
  MINIMUM         44    519 AM  28    2011  41      3       52
                                      1984
                                      1947
  AVERAGE         50                        52     -2       67

PRECIPITATION (IN)
  YESTERDAY        0.01          2.98 1969   0.12  -0.11     0.54
  MONTH TO DATE    2.88                      2.72   0.16     2.14
  SINCE MAR 1      6.81                      6.34   0.47     4.34
  SINCE JAN 1     12.79                     12.46   0.33    11.17

SNOWFALL (IN)
  YESTERDAY        0.0           0.2  1940   0.0    0.0      0.0
  MONTH TO DATE    0.5                       1.3   -0.8      6.9
  SINCE MAR 1     19.6                       7.7   11.9      9.8
  SINCE JUL 1     62.3                      40.4   21.9     26.9
  SNOW DEPTH       0

DEGREE DAYS
 HEATING
  YESTERDAY       15                        13      2        0
  MONTH TO DATE  308                       379    -71      410
  SINCE MAR 1   1285                      1222     63     1054
  SINCE JUL 1   5178                      5660   -482     4730

 COOLING
  YESTERDAY        0                         0      0        2
  MONTH TO DATE    9                         0      9        2
  SINCE MAR 1      9                         0      9        2
  SINCE JAN 1      9                         0      9        2
..................................................................


WIND (MPH)
  RESULTANT WIND SPEED   6   RESULTANT WIND DIRECTION   N (0)
  HIGHEST WIND SPEED    14   HIGHEST WIND DIRECTION    NW (310)
  HIGHEST GUST SPEED    17   HIGHEST GUST DIRECTION    NW (310)
  AVERAGE WIND SPEED     6.9


SKY COVER
  POSSIBLE SUNSHINE  MM
  AVERAGE SKY COVER 1.0


WEATHER CONDITIONS
 THE FOLLOWING WEATHER WAS RECORDED YESTERDAY.
  LIGHT RAIN
  FOG


RELATIVE HUMIDITY (PERCENT)
 HIGHEST   100           100 AM
 LOWEST     59           700 PM
 AVERAGE    80

..........................................................


THE HARTFORD CT CLIMATE NORMALS FOR TODAY
                         NORMAL    RECORD    YEAR
 MAXIMUM TEMPERATURE (F)   64        88      2007
 MINIMUM TEMPERATURE (F)   41        26      1989


SUNRISE AND SUNSET
APRIL 23 2017.........SUNRISE   558 AM EDT   SUNSET   741 PM EDT
APRIL 24 2017.........SUNRISE   556 AM EDT   SUNSET   742 PM EDT


-  INDICATES NEGATIVE NUMBERS.
R  INDICATES RECORD WAS SET OR TIED.
MM INDICATES DATA IS MISSING.
T  INDICATES TRACE AMOUNT.




$$
