000
CDUS41 KBOX 220537
CLIBDL


CLIMATE REPORT
NATIONAL WEATHER SERVICE TAUNTON MA
135 AM EDT THU JUN 22 2017


...................................

...THE HARTFORD CT CLIMATE SUMMARY FOR JUNE 21 2017...

CLIMATE NORMAL PERIOD 1981 TO 2010
CLIMATE RECORD PERIOD 1904 TO 2017


WEATHER ITEM   OBSERVED TIME   RECORD YEAR NORMAL DEPARTURE LAST
                VALUE   (LST)  VALUE       VALUE  FROM      YEAR
                                                  NORMAL
..................................................................
TEMPERATURE (F)
 YESTERDAY
  MAXIMUM         84    311 PM  96    2012  81      3       87
                                      1953
  MINIMUM         61    424 AM  44    1918  59      2       59
  AVERAGE         73                        70      3       73

PRECIPITATION (IN)
  YESTERDAY        T             1.63 1922   0.12  -0.12     0.04
  MONTH TO DATE    2.87                      3.28  -0.41     1.71
  SINCE JUN 1      2.87                      3.28  -0.41     1.71
  SINCE JAN 1     21.14                     21.09   0.05    15.65

SNOWFALL (IN)
  YESTERDAY        0.0           T    1993   0.0    0.0      0.0
  MONTH TO DATE    0.0                       0.0    0.0      0.0
  SINCE JUN 1      0.0                       0.0    0.0      0.0
  SINCE JUL 1     62.3                      40.5   21.8     26.9
  SNOW DEPTH       0

DEGREE DAYS
 HEATING
  YESTERDAY        0                         1     -1        0
  MONTH TO DATE   43                        38      5       16
  SINCE JUN 1     43                        38      5       16
  SINCE JUL 1   5514                      5996   -482     5060

 COOLING
  YESTERDAY        8                         6      2        8
  MONTH TO DATE  112                        84     28       83
  SINCE JUN 1    112                        84     28       83
  SINCE JAN 1    172                       123     49      157
..................................................................


WIND (MPH)
  RESULTANT WIND SPEED   7   RESULTANT WIND DIRECTION   W (260)
  HIGHEST WIND SPEED    21   HIGHEST WIND DIRECTION     W (250)
  HIGHEST GUST SPEED    27   HIGHEST GUST DIRECTION     W (250)
  AVERAGE WIND SPEED     8.4


SKY COVER
  POSSIBLE SUNSHINE  MM
  AVERAGE SKY COVER 0.5


WEATHER CONDITIONS
 THE FOLLOWING WEATHER WAS RECORDED YESTERDAY.
  THUNDERSTORM
  LIGHT RAIN


RELATIVE HUMIDITY (PERCENT)
 HIGHEST    78           100 AM
 LOWEST     36          1200 PM
 AVERAGE    57

..........................................................


THE HARTFORD CT CLIMATE NORMALS FOR TODAY
                         NORMAL    RECORD    YEAR
 MAXIMUM TEMPERATURE (F)   81        95      1921
 MINIMUM TEMPERATURE (F)   59        41      1940


SUNRISE AND SUNSET
JUNE 22 2017..........SUNRISE   516 AM EDT   SUNSET   830 PM EDT
JUNE 23 2017..........SUNRISE   516 AM EDT   SUNSET   830 PM EDT


-  INDICATES NEGATIVE NUMBERS.
R  INDICATES RECORD WAS SET OR TIED.
MM INDICATES DATA IS MISSING.
T  INDICATES TRACE AMOUNT.




$$
