000
CDUS41 KBOX 212143
CLIBDL


CLIMATE REPORT
NATIONAL WEATHER SERVICE TAUNTON MA
543 PM EDT FRI APR 21 2017


...................................

...THE HARTFORD CT CLIMATE SUMMARY FOR APRIL 21 2017...
VALID TODAY AS OF 0500 PM LOCAL TIME.

CLIMATE NORMAL PERIOD 1981 TO 2010
CLIMATE RECORD PERIOD 1904 TO 2017


WEATHER ITEM   OBSERVED TIME   RECORD YEAR NORMAL DEPARTURE LAST
                VALUE   (LST)  VALUE       VALUE  FROM      YEAR
                                                  NORMAL
..................................................................
TEMPERATURE (F)
 TODAY
  MAXIMUM         52    350 PM  87    1923  63    -11       77
  MINIMUM         47    713 AM  27    1961  40      7       33
  AVERAGE         50                        52     -2       55

PRECIPITATION (IN)
  TODAY            0.27          2.08 1991   0.12   0.15      T
  MONTH TO DATE    2.82                      2.60   0.22     1.60
  SINCE MAR 1      6.75                      6.22   0.53     3.80
  SINCE JAN 1     12.73                     12.34   0.39    10.63

SNOWFALL (IN)
  TODAY            0.0           0.6  1947   0.0    0.0      0.0
  MONTH TO DATE    0.5                       1.3   -0.8      6.9
  SINCE MAR 1     19.6                       7.7   11.9      9.8
  SINCE JUL 1     62.3                      40.4   21.9     26.9
  SNOW DEPTH       0

DEGREE DAYS
 HEATING
  TODAY           15                        14      1       10
  MONTH TO DATE  292                       366    -74      410
  SINCE MAR 1   1269                      1209     60     1054
  SINCE JUL 1   5162                      5647   -485     4730

 COOLING
  TODAY            0                         0      0        0
  MONTH TO DATE    9                         0      9        0
  SINCE MAR 1      9                         0      9        0
  SINCE JAN 1      9                         0      9        0
..................................................................


WIND (MPH)
  HIGHEST WIND SPEED    10   HIGHEST WIND DIRECTION     E (100)
  HIGHEST GUST SPEED    13   HIGHEST GUST DIRECTION     E (100)
  AVERAGE WIND SPEED     6.6


SKY COVER
  POSSIBLE SUNSHINE  MM
  AVERAGE SKY COVER 1.0


WEATHER CONDITIONS
 THE FOLLOWING WEATHER WAS RECORDED TODAY.
  RAIN
  LIGHT RAIN
  FOG


RELATIVE HUMIDITY (PERCENT)
 HIGHEST   100           500 AM
 LOWEST     86          1200 AM
 AVERAGE    93

..........................................................


THE HARTFORD CT CLIMATE NORMALS FOR TOMORROW
                         NORMAL    RECORD    YEAR
 MAXIMUM TEMPERATURE (F)   63        90      1977
                                             1973
 MINIMUM TEMPERATURE (F)   41        28      2011
                                             1984
                                             1947


SUNRISE AND SUNSET
APRIL 21 2017.........SUNRISE   601 AM EDT   SUNSET   739 PM EDT
APRIL 22 2017.........SUNRISE   559 AM EDT   SUNSET   740 PM EDT


-  INDICATES NEGATIVE NUMBERS.
R  INDICATES RECORD WAS SET OR TIED.
MM INDICATES DATA IS MISSING.
T  INDICATES TRACE AMOUNT.




$$
