000
CDUS41 KBOX 221235
CLIBDL


CLIMATE REPORT
NATIONAL WEATHER SERVICE TAUNTON MA
835 AM EDT FRI MAY 22 2015


...................................

...THE HARTFORD CT CLIMATE SUMMARY FOR MAY 21 2015...

CLIMATE NORMAL PERIOD 1981 TO 2010
CLIMATE RECORD PERIOD 1904 TO 2015


WEATHER ITEM   OBSERVED TIME   RECORD YEAR NORMAL DEPARTURE LAST
                VALUE   (LST)  VALUE       VALUE  FROM      YEAR
                                                  NORMAL
..................................................................
TEMPERATURE (F)
 YESTERDAY
  MAXIMUM         70    215 PM  93    1996  73     -3       78
  MINIMUM         43    424 AM  34    2002  49     -6       45
  AVERAGE         57                        61     -4       62

PRECIPITATION (IN)
  YESTERDAY        0.00          2.35 1919   0.15  -0.15     0.00
  MONTH TO DATE    0.60                      2.74  -2.14     2.89
  SINCE MAR 1      6.66                     10.08  -3.42    13.07
  SINCE JAN 1     12.84                     16.20  -3.36    20.44

SNOWFALL (IN)
  YESTERDAY        0.0           T    1989   0.0    0.0      0.0
  MONTH TO DATE    0.0                       0.0    0.0      0.0
  SINCE MAR 1      9.0                       7.8    1.2      1.0
  SINCE JUL 1     63.8                      40.5   23.3     51.1
  SNOW DEPTH       0

DEGREE DAYS
 HEATING
  YESTERDAY        8                         5      3        3
  MONTH TO DATE   63                       161    -98      112
  SINCE MAR 1   1521                      1476     45     1630
  SINCE JUL 1   6166                      5914    252     6309

 COOLING
  YESTERDAY        0                         1     -1        0
  MONTH TO DATE   66                        14     52       20
  SINCE MAR 1     66                        20     46       21
  SINCE JAN 1     66                        20     46       21
..................................................................


WIND (MPH)
  RESULTANT WIND SPEED   5   RESULTANT WIND DIRECTION   S (200)
  HIGHEST WIND SPEED    18   HIGHEST WIND DIRECTION     S (180)
  HIGHEST GUST SPEED    23   HIGHEST GUST DIRECTION     S (190)
  AVERAGE WIND SPEED     6.1


SKY COVER
  POSSIBLE SUNSHINE  MM
  AVERAGE SKY COVER 0.8


WEATHER CONDITIONS
 THE FOLLOWING WEATHER WAS RECORDED YESTERDAY.
  NO SIGNIFICANT WEATHER WAS OBSERVED.


RELATIVE HUMIDITY (PERCENT)
 HIGHEST    83           500 AM
 LOWEST     26           300 PM
 AVERAGE    55

..........................................................


THE HARTFORD CT CLIMATE NORMALS FOR TODAY
                         NORMAL    RECORD    YEAR
 MAXIMUM TEMPERATURE (F)   73        95      1992
 MINIMUM TEMPERATURE (F)   49        35      2002


SUNRISE AND SUNSET
MAY 22 2015...........SUNRISE   524 AM EDT   SUNSET   811 PM EDT
MAY 23 2015...........SUNRISE   524 AM EDT   SUNSET   812 PM EDT


-  INDICATES NEGATIVE NUMBERS.
R  INDICATES RECORD WAS SET OR TIED.
MM INDICATES DATA IS MISSING.
T  INDICATES TRACE AMOUNT.




$$
