000
CDUS41 KBOX 160614
CLIBDL


CLIMATE REPORT
NATIONAL WEATHER SERVICE TAUNTON MA
203 AM EDT SAT JUL 16 2016


...................................

...THE HARTFORD CT CLIMATE SUMMARY FOR JULY 15 2016...

CLIMATE NORMAL PERIOD 1981 TO 2010
CLIMATE RECORD PERIOD 1904 TO 2016


WEATHER ITEM   OBSERVED TIME   RECORD YEAR NORMAL DEPARTURE LAST
                VALUE   (LST)  VALUE       VALUE  FROM      YEAR
                                                  NORMAL
..................................................................
TEMPERATURE (F)
 YESTERDAY
  MAXIMUM         94    210 PM 100    1995  85      9       85
  MINIMUM         68    437 AM  52    1950  63      5       63
  AVERAGE         81                        74      7       74

PRECIPITATION (IN)
  YESTERDAY        T             3.32 2005   0.14  -0.14     0.07
  MONTH TO DATE    1.16                      1.89  -0.73     2.30
  SINCE JUN 1      3.17                      6.24  -3.07     8.98
  SINCE JAN 1     17.11                     24.05  -6.94    22.55

SNOWFALL (IN)
  YESTERDAY        0.0           0.0  2002   0.0    0.0      0.0
                                      2001
                                      2000
  MONTH TO DATE    0.0                       0.0    0.0      0.0
  SINCE JUN 1      0.0                       0.0    0.0      0.0
  SINCE JUL 1      0.0                       0.0    0.0      0.0
  SNOW DEPTH       0

DEGREE DAYS
 HEATING
  YESTERDAY        0                         0      0        0
  MONTH TO DATE    0                         0      0        1
  SINCE JUN 1     16                        40    -24       49
  SINCE JUL 1      0                         0      0        1

 COOLING
  YESTERDAY       16                         9      7        9
  MONTH TO DATE  143                       127     16      118
  SINCE JUN 1    292                       271     21      250
  SINCE JAN 1    366                       310     56      367
..................................................................


WIND (MPH)
  RESULTANT WIND SPEED   4   RESULTANT WIND DIRECTION  SW (220)
  HIGHEST WIND SPEED    16   HIGHEST WIND DIRECTION    SW (240)
  HIGHEST GUST SPEED    20   HIGHEST GUST DIRECTION     W (250)
  AVERAGE WIND SPEED     5.0


SKY COVER
  POSSIBLE SUNSHINE  MM
  AVERAGE SKY COVER 0.5


WEATHER CONDITIONS
 THE FOLLOWING WEATHER WAS RECORDED YESTERDAY.
  FOG


RELATIVE HUMIDITY (PERCENT)
 HIGHEST    93          1200 AM
 LOWEST     41           200 PM
 AVERAGE    67

..........................................................


THE HARTFORD CT CLIMATE NORMALS FOR TODAY
                         NORMAL    RECORD    YEAR
 MAXIMUM TEMPERATURE (F)   85        96      1983
                                             1980
                                             1968
 MINIMUM TEMPERATURE (F)   63        50      1946


SUNRISE AND SUNSET
JULY 16 2016..........SUNRISE   530 AM EDT   SUNSET   823 PM EDT
JULY 17 2016..........SUNRISE   531 AM EDT   SUNSET   823 PM EDT


-  INDICATES NEGATIVE NUMBERS.
R  INDICATES RECORD WAS SET OR TIED.
MM INDICATES DATA IS MISSING.
T  INDICATES TRACE AMOUNT.




$$
