000
CDUS41 KBOX 310530
CLIBDL


CLIMATE REPORT
NATIONAL WEATHER SERVICE TAUNTON MA
129 AM EDT SUN AUG 31 2014


...................................

...THE HARTFORD CT CLIMATE SUMMARY FOR AUGUST 30 2014...

CLIMATE NORMAL PERIOD 1981 TO 2010
CLIMATE RECORD PERIOD 1904 TO 2014


WEATHER ITEM   OBSERVED TIME   RECORD YEAR NORMAL DEPARTURE LAST
                VALUE   (LST)  VALUE       VALUE  FROM      YEAR
                                                  NORMAL
..................................................................
TEMPERATURE (F)
 YESTERDAY
  MAXIMUM         81    215 PM  98    1973  80      1       85
  MINIMUM         53    543 AM  39    1965  59     -6       64
  AVERAGE         67                        70     -3       75

PRECIPITATION (IN)
  YESTERDAY        0.00          1.42 1917   0.10  -0.10     0.00
  MONTH TO DATE    3.53                      3.83  -0.30     6.66
  SINCE JUN 1      9.73                     12.36  -2.63    21.64
  SINCE JAN 1     31.74                     30.17   1.57    37.78

SNOWFALL (IN)
  YESTERDAY        0.0           0.0  2002   0.0    0.0      0.0
                                      2001
                                      2000
  MONTH TO DATE    0.0                       0.0    0.0      0.0
  SINCE JUN 1      0.0                       0.0    0.0      0.0
  SINCE JUL 1      0.0                       0.0    0.0      0.0
  SNOW DEPTH       0

DEGREE DAYS
 HEATING
  YESTERDAY        0                         1     -1        0
  MONTH TO DATE    2                         5     -3        0
  SINCE JUN 1      8                        48    -40       35
  SINCE JUL 1      2                         8     -6        2

 COOLING
  YESTERDAY        2                         5     -3       10
  MONTH TO DATE  161                       218    -57      172
  SINCE JUN 1    613                       631    -18      760
  SINCE JAN 1    645                       670    -25      814
..................................................................


WIND (MPH)
  RESULTANT WIND SPEED   6   RESULTANT WIND DIRECTION   S (190)
  HIGHEST WIND SPEED    17   HIGHEST WIND DIRECTION     S (180)
  HIGHEST GUST SPEED    23   HIGHEST GUST DIRECTION     S (170)
  AVERAGE WIND SPEED     7.2


SKY COVER
  POSSIBLE SUNSHINE  MM
  AVERAGE SKY COVER 0.5


WEATHER CONDITIONS
 THE FOLLOWING WEATHER WAS RECORDED YESTERDAY.
  NO SIGNIFICANT WEATHER WAS OBSERVED.


RELATIVE HUMIDITY (PERCENT)
 HIGHEST    93           400 AM
 LOWEST     47           100 PM
 AVERAGE    70

..........................................................


THE HARTFORD CT CLIMATE NORMALS FOR TODAY
                         NORMAL    RECORD    YEAR
 MAXIMUM TEMPERATURE (F)   80        98      1953
 MINIMUM TEMPERATURE (F)   58        36      1965


SUNRISE AND SUNSET
AUGUST 31 2014........SUNRISE   615 AM EDT   SUNSET   726 PM EDT
SEPTEMBER  1 2014.....SUNRISE   616 AM EDT   SUNSET   724 PM EDT


-  INDICATES NEGATIVE NUMBERS.
R  INDICATES RECORD WAS SET OR TIED.
MM INDICATES DATA IS MISSING.
T  INDICATES TRACE AMOUNT.




$$
