000
CDUS41 KBOX 270550
CLIBDL


CLIMATE REPORT
NATIONAL WEATHER SERVICE TAUNTON MA
1249 AM EST FRI FEB 27 2015


...................................

...THE HARTFORD CT CLIMATE SUMMARY FOR FEBRUARY 26 2015...

CLIMATE NORMAL PERIOD 1981 TO 2010
CLIMATE RECORD PERIOD 1904 TO 2015


WEATHER ITEM   OBSERVED TIME   RECORD YEAR NORMAL DEPARTURE LAST
                VALUE   (LST)  VALUE       VALUE  FROM      YEAR
                                                  NORMAL
..................................................................
TEMPERATURE (F)
 YESTERDAY
  MAXIMUM         24    641 PM  65    1976  42    -18       29
  MINIMUM         14   1159 PM  -4    1990  23     -9        7
  AVERAGE         19                        32    -13       18

PRECIPITATION (IN)
  YESTERDAY        0.02          1.17 1939   0.11  -0.09     0.00
  MONTH TO DATE    2.95                      2.67   0.28     3.96
  SINCE DEC 1     10.73                      9.34   1.39    11.29
  SINCE JAN 1      6.18                      5.90   0.28     7.37

SNOWFALL (IN)
  YESTERDAY        0.3           5.4  1934   0.3    0.0      0.0
  MONTH TO DATE   31.9                      10.5   21.4     27.0
  SINCE DEC 1     49.7                      30.2   19.5     50.0
  SINCE JUL 1     54.8                      32.2   22.6     50.0
  SNOW DEPTH      23

DEGREE DAYS
 HEATING
  YESTERDAY       46                        33     13       47
  MONTH TO DATE 1267                       924    343     1033
  SINCE DEC 1   3454                      3167    287     3347
  SINCE JUL 1   4551                      4374    177     4579

 COOLING
  YESTERDAY        0                         0      0        0
  MONTH TO DATE    0                         0      0        0
  SINCE DEC 1      0                         0      0        0
  SINCE JAN 1      0                         0      0        0
..................................................................


WIND (MPH)
  RESULTANT WIND SPEED   7   RESULTANT WIND DIRECTION   N (350)
  HIGHEST WIND SPEED    14   HIGHEST WIND DIRECTION     N (360)
  HIGHEST GUST SPEED    19   HIGHEST GUST DIRECTION     N (360)
  AVERAGE WIND SPEED     7.2


SKY COVER
  POSSIBLE SUNSHINE  MM
  AVERAGE SKY COVER 0.9


WEATHER CONDITIONS
 THE FOLLOWING WEATHER WAS RECORDED YESTERDAY.
  LIGHT SNOW
  HAZE


RELATIVE HUMIDITY (PERCENT)
 HIGHEST    73           100 PM
 LOWEST     41          1200 AM
 AVERAGE    57

..........................................................


THE HARTFORD CT CLIMATE NORMALS FOR TODAY
                         NORMAL    RECORD    YEAR
 MAXIMUM TEMPERATURE (F)   42        65      1997
                                             1976
 MINIMUM TEMPERATURE (F)   23        -2      1990


SUNRISE AND SUNSET
FEBRUARY 27 2015......SUNRISE   629 AM EST   SUNSET   538 PM EST
FEBRUARY 28 2015......SUNRISE   628 AM EST   SUNSET   539 PM EST


-  INDICATES NEGATIVE NUMBERS.
R  INDICATES RECORD WAS SET OR TIED.
MM INDICATES DATA IS MISSING.
T  INDICATES TRACE AMOUNT.




$$
