000
CDUS41 KBOX 062130
CLIBDL


CLIMATE REPORT
NATIONAL WEATHER SERVICE TAUNTON MA
426 PM EST FRI MAR 6 2015


...................................

...THE HARTFORD CT CLIMATE SUMMARY FOR MARCH 6 2015...
VALID AS OF 0400 PM LOCAL TIME.

CLIMATE NORMAL PERIOD 1981 TO 2010
CLIMATE RECORD PERIOD 1904 TO 2015


WEATHER ITEM   OBSERVED TIME   RECORD YEAR NORMAL DEPARTURE LAST
                VALUE   (LST)  VALUE       VALUE  FROM      YEAR
                                                  NORMAL
..................................................................
TEMPERATURE (F)
 TODAY
  MAXIMUM         27    253 PM  64    1935  44    -17       30
  MINIMUM          6    645 AM  -4    1948  25    -19        9
  AVERAGE         17                        34    -17       20

PRECIPITATION (IN)
  TODAY            0.00          2.48 1979   0.11  -0.11     0.00
  MONTH TO DATE    0.83                      0.66   0.17      T
  SINCE MAR 1      0.83                      0.66   0.17      T
  SINCE JAN 1      7.01                      6.78   0.23     7.37

SNOWFALL (IN)
  TODAY            0.0           9.4  2001   0.3   -0.3      0.0
  MONTH TO DATE    4.5                       1.6    2.9       T
  SINCE MAR 1      4.5                       1.6    2.9       T
  SINCE JUL 1     59.3                      34.3   25.0     50.1
  SNOW DEPTH      22

DEGREE DAYS
 HEATING
  TODAY           48                        31     17       45
  MONTH TO DATE  237                       188     49      264
  SINCE MAR 1    237                       188     49      264
  SINCE JUL 1   4882                      4626    256     4943

 COOLING
  TODAY            0                         0      0        0
  MONTH TO DATE    0                         0      0        0
  SINCE MAR 1      0                         0      0        0
  SINCE JAN 1      0                         0      0        0
..................................................................


WIND (MPH)
  HIGHEST WIND SPEED    20   HIGHEST WIND DIRECTION    NW (320)
  HIGHEST GUST SPEED    26   HIGHEST GUST DIRECTION    NW (320)
  AVERAGE WIND SPEED     6.5


SKY COVER
  POSSIBLE SUNSHINE  MM
  AVERAGE SKY COVER 0.0


WEATHER CONDITIONS
 THE FOLLOWING WEATHER WAS RECORDED TODAY.
  NO SIGNIFICANT WEATHER WAS OBSERVED.


RELATIVE HUMIDITY (PERCENT)
 HIGHEST    55           600 AM
 LOWEST     31          1200 PM
 AVERAGE    43

..........................................................


THE HARTFORD CT CLIMATE NORMALS FOR TOMORROW
                         NORMAL    RECORD    YEAR
 MAXIMUM TEMPERATURE (F)   44        69      1974
 MINIMUM TEMPERATURE (F)   25        -6      2003


SUNRISE AND SUNSET
MARCH  6 2015.........SUNRISE   618 AM EST   SUNSET   547 PM EST
MARCH  7 2015.........SUNRISE   616 AM EST   SUNSET   548 PM EST


-  INDICATES NEGATIVE NUMBERS.
R  INDICATES RECORD WAS SET OR TIED.
MM INDICATES DATA IS MISSING.
T  INDICATES TRACE AMOUNT.




$$
