000
CDUS41 KBOX 240618
CLIBDL


CLIMATE REPORT
NATIONAL WEATHER SERVICE TAUNTON MA
118 AM EST WED JAN 24 2018


...................................

...THE HARTFORD CT CLIMATE SUMMARY FOR JANUARY 23 2018...

CLIMATE NORMAL PERIOD 1981 TO 2010
CLIMATE RECORD PERIOD 1904 TO 2018


WEATHER ITEM   OBSERVED TIME   RECORD YEAR NORMAL DEPARTURE LAST
                VALUE   (LST)  VALUE       VALUE  FROM      YEAR
                                                  NORMAL
..................................................................
TEMPERATURE (F)
 YESTERDAY
  MAXIMUM         40    426 PM  60    1967  34      6       40
                                      1906
  MINIMUM         33    745 AM -19    1961  18     15       33
  AVERAGE         37                        26     11       37

PRECIPITATION (IN)
  YESTERDAY        0.83          1.45 1992   0.11   0.72     0.40
  MONTH TO DATE    3.78                      2.40   1.38     2.43
  SINCE DEC 1      6.19                      5.84   0.35     5.16
  SINCE JAN 1      3.78                      2.40   1.38     2.43

SNOWFALL (IN)
  YESTERDAY        0.0          11.6  1965   0.4   -0.4      0.6
  MONTH TO DATE   13.2                       9.0    4.2      4.7
  SINCE DEC 1     23.0                      16.4    6.6     14.9
  SINCE JUL 1     23.0                      18.4    4.6     16.4
  SNOW DEPTH       0

DEGREE DAYS
 HEATING
  YESTERDAY       28                        39    -11       28
  MONTH TO DATE  951                       894     57      745
  SINCE DEC 1   2110                      1931    179     1755
  SINCE JUL 1   3101                      3138    -37     2792

 COOLING
  YESTERDAY        0                         0      0        0
  MONTH TO DATE    0                         0      0        0
  SINCE DEC 1      0                         0      0        0
  SINCE JAN 1      0                         0      0        0
..................................................................


WIND (MPH)
  RESULTANT WIND SPEED   4   RESULTANT WIND DIRECTION   N (0)
  HIGHEST WIND SPEED    10   HIGHEST WIND DIRECTION     N (360)
  HIGHEST GUST SPEED    15   HIGHEST GUST DIRECTION     N (10)
  AVERAGE WIND SPEED     4.3


SKY COVER
  POSSIBLE SUNSHINE  MM
  AVERAGE SKY COVER 1.0


WEATHER CONDITIONS
 THE FOLLOWING WEATHER WAS RECORDED YESTERDAY.
  HEAVY RAIN
  RAIN
  LIGHT RAIN
  FOG
  FOG W/VISIBILITY <= 1/4 MILE


RELATIVE HUMIDITY (PERCENT)
 HIGHEST   100          1200 AM
 LOWEST    100          1200 AM
 AVERAGE   100

..........................................................


THE HARTFORD CT CLIMATE NORMALS FOR TODAY
                         NORMAL    RECORD    YEAR
 MAXIMUM TEMPERATURE (F)   35        65      1967
 MINIMUM TEMPERATURE (F)   18       -19      1961


SUNRISE AND SUNSET
JANUARY 24 2018.......SUNRISE   711 AM EST   SUNSET   456 PM EST
JANUARY 25 2018.......SUNRISE   710 AM EST   SUNSET   457 PM EST


-  INDICATES NEGATIVE NUMBERS.
R  INDICATES RECORD WAS SET OR TIED.
MM INDICATES DATA IS MISSING.
T  INDICATES TRACE AMOUNT.




$$
