000
CDUS41 KBOX 270539
CLIBDL


CLIMATE REPORT
NATIONAL WEATHER SERVICE TAUNTON MA
138 AM EDT WED AUG 27 2014


...................................

...THE HARTFORD CT CLIMATE SUMMARY FOR AUGUST 26 2014...

CLIMATE NORMAL PERIOD 1981 TO 2010
CLIMATE RECORD PERIOD 1904 TO 2014


WEATHER ITEM   OBSERVED TIME   RECORD YEAR NORMAL DEPARTURE LAST
                VALUE   (LST)  VALUE       VALUE  FROM      YEAR
                                                  NORMAL
..................................................................
TEMPERATURE (F)
 YESTERDAY
  MAXIMUM         90    254 PM  99    1948  81      9       77
  MINIMUM         60    506 AM  44    1944  60      0       66
  AVERAGE         75                        70      5       72

PRECIPITATION (IN)
  YESTERDAY        0.00          1.79 1908   0.10  -0.10     0.90
  MONTH TO DATE    3.49                      3.42   0.07     6.29
  SINCE JUN 1      9.69                     11.95  -2.26    21.27
  SINCE JAN 1     31.70                     29.76   1.94    37.41

SNOWFALL (IN)
  YESTERDAY        0.0           0.0  2002   0.0    0.0      0.0
                                      2001
                                      2000
  MONTH TO DATE    0.0                       0.0    0.0      0.0
  SINCE JUN 1      0.0                       0.0    0.0      0.0
  SINCE JUL 1      0.0                       0.0    0.0      0.0
  SNOW DEPTH       0

DEGREE DAYS
 HEATING
  YESTERDAY        0                         1     -1        0
  MONTH TO DATE    2                         1      1        0
  SINCE JUN 1      8                        44    -36       35
  SINCE JUL 1      2                         4     -2        2

 COOLING
  YESTERDAY       10                         6      4        7
  MONTH TO DATE  140                       196    -56      131
  SINCE JUN 1    592                       609    -17      719
  SINCE JAN 1    624                       648    -24      773
..................................................................


WIND (MPH)
  RESULTANT WIND SPEED   4   RESULTANT WIND DIRECTION   S (190)
  HIGHEST WIND SPEED    14   HIGHEST WIND DIRECTION     S (170)
  HIGHEST GUST SPEED    18   HIGHEST GUST DIRECTION    SW (220)
  AVERAGE WIND SPEED     5.2


SKY COVER
  POSSIBLE SUNSHINE  MM
  AVERAGE SKY COVER 0.2


WEATHER CONDITIONS
 THE FOLLOWING WEATHER WAS RECORDED YESTERDAY.
  FOG


RELATIVE HUMIDITY (PERCENT)
 HIGHEST    97           500 AM
 LOWEST     36           200 PM
 AVERAGE    67

..........................................................


THE HARTFORD CT CLIMATE NORMALS FOR TODAY
                         NORMAL    RECORD    YEAR
 MAXIMUM TEMPERATURE (F)   81        98      1948
 MINIMUM TEMPERATURE (F)   59        46      1989
                                             1940


SUNRISE AND SUNSET
AUGUST 27 2014........SUNRISE   611 AM EDT   SUNSET   733 PM EDT
AUGUST 28 2014........SUNRISE   612 AM EDT   SUNSET   731 PM EDT


-  INDICATES NEGATIVE NUMBERS.
R  INDICATES RECORD WAS SET OR TIED.
MM INDICATES DATA IS MISSING.
T  INDICATES TRACE AMOUNT.




$$
