000
CDUS41 KBOX 140546
CLIBDL


CLIMATE REPORT
NATIONAL WEATHER SERVICE TAUNTON MA
141 AM EDT WED JUN 14 2017


...................................

...THE HARTFORD CT CLIMATE SUMMARY FOR JUNE 13 2017...

CLIMATE NORMAL PERIOD 1981 TO 2010
CLIMATE RECORD PERIOD 1904 TO 2017


WEATHER ITEM   OBSERVED TIME   RECORD YEAR NORMAL DEPARTURE LAST
                VALUE   (LST)  VALUE       VALUE  FROM      YEAR
                                                  NORMAL
..................................................................
TEMPERATURE (F)
 YESTERDAY
  MAXIMUM         95    148 PM  96    1984  79     16       72
  MINIMUM         69    421 AM  43    1980  57     12       53
                                      1974
  AVERAGE         82                        68     14       63

PRECIPITATION (IN)
  YESTERDAY        T             1.48 2013   0.15  -0.15      T
  MONTH TO DATE    1.19                      2.17  -0.98     1.67
  SINCE JUN 1      1.19                      2.17  -0.98     1.67
  SINCE JAN 1     19.46                     19.98  -0.52    15.61

SNOWFALL (IN)
  YESTERDAY        0.0           0.0  2002   0.0    0.0      0.0
                                      2001
                                      2000
  MONTH TO DATE    0.0                       0.0    0.0      0.0
  SINCE JUN 1      0.0                       0.0    0.0      0.0
  SINCE JUL 1     62.3                      40.5   21.8     26.9
  SNOW DEPTH       0

DEGREE DAYS
 HEATING
  YESTERDAY        0                         1     -1        2
  MONTH TO DATE   43                        30     13       16
  SINCE JUN 1     43                        30     13       16
  SINCE JUL 1   5514                      5988   -474     5060

 COOLING
  YESTERDAY       17                         4     13        0
  MONTH TO DATE   53                        43     10       37
  SINCE JUN 1     53                        43     10       37
  SINCE JAN 1    113                        82     31      111
..................................................................


WIND (MPH)
  RESULTANT WIND SPEED   6   RESULTANT WIND DIRECTION   W (280)
  HIGHEST WIND SPEED    17   HIGHEST WIND DIRECTION     W (260)
  HIGHEST GUST SPEED    23   HIGHEST GUST DIRECTION     W (290)
  AVERAGE WIND SPEED     7.9


SKY COVER
  POSSIBLE SUNSHINE  MM
  AVERAGE SKY COVER 0.5


WEATHER CONDITIONS
 THE FOLLOWING WEATHER WAS RECORDED YESTERDAY.
  NO SIGNIFICANT WEATHER WAS OBSERVED.


RELATIVE HUMIDITY (PERCENT)
 HIGHEST    79           500 AM
 LOWEST     41          1100 AM
 AVERAGE    60

..........................................................


THE HARTFORD CT CLIMATE NORMALS FOR TODAY
                         NORMAL    RECORD    YEAR
 MAXIMUM TEMPERATURE (F)   79        97      1956
 MINIMUM TEMPERATURE (F)   57        45      1979


SUNRISE AND SUNSET
JUNE 14 2017..........SUNRISE   515 AM EDT   SUNSET   828 PM EDT
JUNE 15 2017..........SUNRISE   515 AM EDT   SUNSET   828 PM EDT


-  INDICATES NEGATIVE NUMBERS.
R  INDICATES RECORD WAS SET OR TIED.
MM INDICATES DATA IS MISSING.
T  INDICATES TRACE AMOUNT.




$$
