000
CDUS41 KBOX 022137
CLIBDL


CLIMATE REPORT
NATIONAL WEATHER SERVICE TAUNTON MA
426 PM EST TUE FEB 2 2016


...................................

...THE HARTFORD CT CLIMATE SUMMARY FOR FEBRUARY 2 2016...
VALID AS OF 0400 PM LOCAL TIME.

CLIMATE NORMAL PERIOD 1981 TO 2010
CLIMATE RECORD PERIOD 1904 TO 2016


WEATHER ITEM   OBSERVED TIME   RECORD YEAR NORMAL DEPARTURE LAST
                VALUE   (LST)  VALUE       VALUE  FROM      YEAR
                                                  NORMAL
..................................................................
TEMPERATURE (F)
 TODAY
  MAXIMUM         50    259 PM  54    1981  36     14       24
  MINIMUM         28    525 AM -21    1961  19      9       11
  AVERAGE         39                        27     12       18

PRECIPITATION (IN)
  TODAY            0.00          1.90 1973   0.11  -0.11     1.02
  MONTH TO DATE    0.00                      0.21  -0.21     1.02
  SINCE DEC 1      6.21                      6.88  -0.67     8.80
  SINCE JAN 1      1.96                      3.44  -1.48     4.25

SNOWFALL (IN)
  TODAY            0.0          10.8  2015   0.5   -0.5     10.8
  MONTH TO DATE    0.0                       0.9   -0.9     10.8
  SINCE DEC 1      2.9                      20.6  -17.7     28.6
  SINCE JUL 1      2.9                      22.6  -19.7     33.7
  SNOW DEPTH       0

DEGREE DAYS
 HEATING
  TODAY           26                        38    -12       47
  MONTH TO DATE   43                        76    -33       88
  SINCE DEC 1   1784                      2319   -535     2275
  SINCE JUL 1   2768                      3526   -758     3372

 COOLING
  TODAY            0                         0      0        0
  MONTH TO DATE    0                         0      0        0
  SINCE DEC 1      0                         0      0        0
  SINCE JAN 1      0                         0      0        0
..................................................................


WIND (MPH)
  HIGHEST WIND SPEED    14   HIGHEST WIND DIRECTION    NW (310)
  HIGHEST GUST SPEED    18   HIGHEST GUST DIRECTION    NW (330)
  AVERAGE WIND SPEED     4.7


SKY COVER
  POSSIBLE SUNSHINE  MM
  AVERAGE SKY COVER 0.2


WEATHER CONDITIONS
 THE FOLLOWING WEATHER WAS RECORDED TODAY.
  NO SIGNIFICANT WEATHER WAS OBSERVED.


RELATIVE HUMIDITY (PERCENT)
 HIGHEST    72           800 AM
 LOWEST     29           400 PM
 AVERAGE    51

..........................................................


THE HARTFORD CT CLIMATE NORMALS FOR TOMORROW
                         NORMAL    RECORD    YEAR
 MAXIMUM TEMPERATURE (F)   36        61      1991
 MINIMUM TEMPERATURE (F)   19        -9      1961


SUNRISE AND SUNSET
FEBRUARY  2 2016......SUNRISE   703 AM EST   SUNSET   506 PM EST
FEBRUARY  3 2016......SUNRISE   702 AM EST   SUNSET   508 PM EST


-  INDICATES NEGATIVE NUMBERS.
R  INDICATES RECORD WAS SET OR TIED.
MM INDICATES DATA IS MISSING.
T  INDICATES TRACE AMOUNT.




$$
