000
CDUS41 KBOX 240959
CLIBDL


CLIMATE REPORT
NATIONAL WEATHER SERVICE TAUNTON MA
457 AM EST TUE FEB 24 2015


...................................

...THE HARTFORD CT CLIMATE SUMMARY FOR FEBRUARY 23 2015...

CLIMATE NORMAL PERIOD 1981 TO 2010
CLIMATE RECORD PERIOD 1904 TO 2015


WEATHER ITEM   OBSERVED TIME   RECORD YEAR NORMAL DEPARTURE LAST
                VALUE   (LST)  VALUE       VALUE  FROM      YEAR
                                                  NORMAL
..................................................................
TEMPERATURE (F)
 YESTERDAY
  MAXIMUM         32   1248 AM  68    1990  41     -9       49
  MINIMUM          2   1140 PM  -3    1907  23    -21       28
  AVERAGE         17                        32    -15       39

PRECIPITATION (IN)
  YESTERDAY        0.00          0.83 2003   0.11  -0.11     0.00
                                      1919
  MONTH TO DATE    2.93                      2.34   0.59     3.96
  SINCE DEC 1     10.71                      9.01   1.70    11.29
  SINCE JAN 1      6.16                      5.57   0.59     7.37

SNOWFALL (IN)
  YESTERDAY        0.0           5.5  1935   0.3   -0.3      0.0
  MONTH TO DATE   31.5                       9.5   22.0     27.0
  SINCE DEC 1     49.3                      29.2   20.1     50.0
  SINCE JUL 1     54.4                      31.2   23.2     50.0
  SNOW DEPTH      24

DEGREE DAYS
 HEATING
  YESTERDAY       48                        33     15       26
  MONTH TO DATE 1117                       825    292      911
  SINCE DEC 1   3304                      3068    236     3225
  SINCE JUL 1   4401                      4275    126     4457

 COOLING
  YESTERDAY        0                         0      0        0
  MONTH TO DATE    0                         0      0        0
  SINCE DEC 1      0                         0      0        0
  SINCE JAN 1      0                         0      0        0
..................................................................


WIND (MPH)
  RESULTANT WIND SPEED  14   RESULTANT WIND DIRECTION  NW (320)
  HIGHEST WIND SPEED    30   HIGHEST WIND DIRECTION    NW (310)
  HIGHEST GUST SPEED    39   HIGHEST GUST DIRECTION    NW (320)
  AVERAGE WIND SPEED    14.2


SKY COVER
  POSSIBLE SUNSHINE  MM
  AVERAGE SKY COVER 0.5


WEATHER CONDITIONS
 THE FOLLOWING WEATHER WAS RECORDED YESTERDAY.
  NO SIGNIFICANT WEATHER WAS OBSERVED.


RELATIVE HUMIDITY (PERCENT)
 HIGHEST    58           500 AM
 LOWEST     31           100 PM
 AVERAGE    45

..........................................................


THE HARTFORD CT CLIMATE NORMALS FOR TODAY
                         NORMAL    RECORD    YEAR
 MAXIMUM TEMPERATURE (F)   41        73      1985
 MINIMUM TEMPERATURE (F)   23        -4      1907


SUNRISE AND SUNSET
FEBRUARY 24 2015......SUNRISE   634 AM EST   SUNSET   535 PM EST
FEBRUARY 25 2015......SUNRISE   632 AM EST   SUNSET   536 PM EST


-  INDICATES NEGATIVE NUMBERS.
R  INDICATES RECORD WAS SET OR TIED.
MM INDICATES DATA IS MISSING.
T  INDICATES TRACE AMOUNT.




$$
