000
CDUS41 KBOX 162138
CLIBDL


CLIMATE REPORT
NATIONAL WEATHER SERVICE TAUNTON MA
528 PM EDT TUE AUG 16 2016


...................................

...THE HARTFORD CT CLIMATE SUMMARY FOR AUGUST 16 2016...
VALID AS OF 0500 PM LOCAL TIME.

CLIMATE NORMAL PERIOD 1981 TO 2010
CLIMATE RECORD PERIOD 1904 TO 2016


WEATHER ITEM   OBSERVED TIME   RECORD YEAR NORMAL DEPARTURE LAST
                VALUE   (LST)  VALUE       VALUE  FROM      YEAR
                                                  NORMAL
..................................................................
TEMPERATURE (F)
 TODAY
  MAXIMUM         85    359 PM  97    2002  83      2       90
                                      1970
  MINIMUM         69    440 AM  47    1972  61      8       64
                                      1968
  AVERAGE         77                        72      5       77

PRECIPITATION (IN)
  TODAY            0.58          1.68 1920   0.12   0.46     0.00
  MONTH TO DATE    3.06                      2.24   0.82     1.11
  SINCE JUN 1      7.27                     10.77  -3.50    10.87
  SINCE JAN 1     21.21                     28.58  -7.37    24.44

SNOWFALL (IN)
  TODAY            0.0           0.0  2002   0.0    0.0      0.0
                                      2001
                                      2000
  MONTH TO DATE    0.0                       0.0    0.0      0.0
  SINCE JUN 1      0.0                       0.0    0.0      0.0
  SINCE JUL 1      0.0                       0.0    0.0      0.0
  SNOW DEPTH       0

DEGREE DAYS
 HEATING
  TODAY            0                         0      0        0
  MONTH TO DATE    0                         0      0        0
  SINCE JUN 1     16                        43    -27       49
  SINCE JUL 1      0                         3     -3        1

 COOLING
  TODAY           12                         7      5       12
  MONTH TO DATE  203                       130     73      138
  SINCE JUN 1    713                       543    170      554
  SINCE JAN 1    787                       582    205      671
..................................................................


WIND (MPH)
  HIGHEST WIND SPEED    21   HIGHEST WIND DIRECTION    SW (220)
  HIGHEST GUST SPEED    25   HIGHEST GUST DIRECTION    SW (220)
  AVERAGE WIND SPEED     3.2


SKY COVER
  POSSIBLE SUNSHINE  MM
  AVERAGE SKY COVER 0.8


WEATHER CONDITIONS
 THE FOLLOWING WEATHER WAS RECORDED TODAY.
  THUNDERSTORM
  HEAVY RAIN
  LIGHT RAIN
  FOG
  HAZE


RELATIVE HUMIDITY (PERCENT)
 HIGHEST    84           200 AM
 LOWEST     62          1000 AM
 AVERAGE    73

..........................................................


THE HARTFORD CT CLIMATE NORMALS FOR TOMORROW
                         NORMAL    RECORD    YEAR
 MAXIMUM TEMPERATURE (F)   83        96      1913
 MINIMUM TEMPERATURE (F)   61        45      1979


SUNRISE AND SUNSET
AUGUST 16 2016........SUNRISE   600 AM EDT   SUNSET   749 PM EDT
AUGUST 17 2016........SUNRISE   601 AM EDT   SUNSET   747 PM EDT


-  INDICATES NEGATIVE NUMBERS.
R  INDICATES RECORD WAS SET OR TIED.
MM INDICATES DATA IS MISSING.
T  INDICATES TRACE AMOUNT.




$$
