000
CDUS41 KBOX 230539
CLIBDL


CLIMATE REPORT
NATIONAL WEATHER SERVICE TAUNTON MA
139 AM EDT MON MAR 23 2015


...................................

...THE HARTFORD CT CLIMATE SUMMARY FOR MARCH 22 2015...

CLIMATE NORMAL PERIOD 1981 TO 2010
CLIMATE RECORD PERIOD 1904 TO 2015


WEATHER ITEM   OBSERVED TIME   RECORD YEAR NORMAL DEPARTURE LAST
                VALUE   (LST)  VALUE       VALUE  FROM      YEAR
                                                  NORMAL
..................................................................
TEMPERATURE (F)
 YESTERDAY
  MAXIMUM         37   1237 AM  83    2012  50    -13       59
  MINIMUM         20   1159 PM  12    1934  30    -10       23
  AVERAGE         29                        40    -11       41

PRECIPITATION (IN)
  YESTERDAY        0.00          1.46 1955   0.12  -0.12      T
  MONTH TO DATE    1.94                      2.51  -0.57     1.21
  SINCE MAR 1      1.94                      2.51  -0.57     1.21
  SINCE JAN 1      8.12                      8.63  -0.51     8.58

SNOWFALL (IN)
  YESTERDAY        0.0           8.9  1967   0.1   -0.1      0.0
  MONTH TO DATE    8.1                       5.0    3.1       T
  SINCE MAR 1      8.1                       5.0    3.1       T
  SINCE JUL 1     62.9                      37.7   25.2     50.1
  SNOW DEPTH       1

DEGREE DAYS
 HEATING
  YESTERDAY       36                        25     11       24
  MONTH TO DATE  736                       633    103      761
  SINCE MAR 1    736                       633    103      761
  SINCE JUL 1   5381                      5071    310     5440

 COOLING
  YESTERDAY        0                         0      0        0
  MONTH TO DATE    0                         0      0        0
  SINCE MAR 1      0                         0      0        0
  SINCE JAN 1      0                         0      0        0
..................................................................


WIND (MPH)
  RESULTANT WIND SPEED  15   RESULTANT WIND DIRECTION  NW (310)
  HIGHEST WIND SPEED    32   HIGHEST WIND DIRECTION    NW (300)
  HIGHEST GUST SPEED    42   HIGHEST GUST DIRECTION    NW (310)
  AVERAGE WIND SPEED    15.7


SKY COVER
  POSSIBLE SUNSHINE  MM
  AVERAGE SKY COVER 0.2


WEATHER CONDITIONS
 THE FOLLOWING WEATHER WAS RECORDED YESTERDAY.
  NO SIGNIFICANT WEATHER WAS OBSERVED.


RELATIVE HUMIDITY (PERCENT)
 HIGHEST    47           200 AM
 LOWEST     28           200 PM
 AVERAGE    38

..........................................................


THE HARTFORD CT CLIMATE NORMALS FOR TODAY
                         NORMAL    RECORD    YEAR
 MAXIMUM TEMPERATURE (F)   50        75      2012
                                             1938
 MINIMUM TEMPERATURE (F)   30         9      1934


SUNRISE AND SUNSET
MARCH 23 2015.........SUNRISE   649 AM EDT   SUNSET   706 PM EDT
MARCH 24 2015.........SUNRISE   648 AM EDT   SUNSET   707 PM EDT


-  INDICATES NEGATIVE NUMBERS.
R  INDICATES RECORD WAS SET OR TIED.
MM INDICATES DATA IS MISSING.
T  INDICATES TRACE AMOUNT.




$$
