000
CDUS41 KBOX 260602
CLIBDL


CLIMATE REPORT
NATIONAL WEATHER SERVICE TAUNTON MA
100 AM EST SAT NOV 26 2016


...................................

...THE HARTFORD CT CLIMATE SUMMARY FOR NOVEMBER 25 2016...

CLIMATE NORMAL PERIOD 1981 TO 2010
CLIMATE RECORD PERIOD 1904 TO 2016


WEATHER ITEM   OBSERVED TIME   RECORD YEAR NORMAL DEPARTURE LAST
                VALUE   (LST)  VALUE       VALUE  FROM      YEAR
                                                  NORMAL
..................................................................
TEMPERATURE (F)
 YESTERDAY
  MAXIMUM         45    215 PM  71    1979  48     -3       48
  MINIMUM         37    333 AM  12    2000  31      6       19
                                      1938
  AVERAGE         41                        39      2       34

PRECIPITATION (IN)
  YESTERDAY        T             2.14 1950   0.13  -0.13     0.00
  MONTH TO DATE    1.38                      3.24  -1.86     2.00
  SINCE SEP 1      5.97                     11.49  -5.52     9.35
  SINCE JAN 1     28.31                     41.76 -13.45    34.76

SNOWFALL (IN)
  YESTERDAY        0.0           8.6  1938   0.1   -0.1      0.0
  MONTH TO DATE    T                         1.4   -1.4      0.0
  SINCE SEP 1      1.5                       1.4    0.1       T
  SINCE JUL 1      1.5                       1.4    0.1       T
  SNOW DEPTH       0

DEGREE DAYS
 HEATING
  YESTERDAY       24                        26     -2       31
  MONTH TO DATE  502                       543    -41      445
  SINCE SEP 1    911                      1060   -149      877
  SINCE JUL 1    911                      1072   -161      878

 COOLING
  YESTERDAY        0                         0      0        0
  MONTH TO DATE    0                         0      0        2
  SINCE SEP 1    138                        81     57      150
  SINCE JAN 1   1068                       756    312      964
..................................................................


WIND (MPH)
  RESULTANT WIND SPEED   2   RESULTANT WIND DIRECTION   N (10)
  HIGHEST WIND SPEED     8   HIGHEST WIND DIRECTION     N (350)
  HIGHEST GUST SPEED    10   HIGHEST GUST DIRECTION     N (340)
  AVERAGE WIND SPEED     2.7


SKY COVER
  POSSIBLE SUNSHINE  MM
  AVERAGE SKY COVER 0.9


WEATHER CONDITIONS
 THE FOLLOWING WEATHER WAS RECORDED YESTERDAY.
  LIGHT RAIN
  FOG
  FOG W/VISIBILITY <= 1/4 MILE


RELATIVE HUMIDITY (PERCENT)
 HIGHEST    96           500 PM
 LOWEST     89          1200 PM
 AVERAGE    93

..........................................................


THE HARTFORD CT CLIMATE NORMALS FOR TODAY
                         NORMAL    RECORD    YEAR
 MAXIMUM TEMPERATURE (F)   47        65      1979
 MINIMUM TEMPERATURE (F)   30         7      1938


SUNRISE AND SUNSET
NOVEMBER 26 2016......SUNRISE   654 AM EST   SUNSET   422 PM EST
NOVEMBER 27 2016......SUNRISE   655 AM EST   SUNSET   422 PM EST


-  INDICATES NEGATIVE NUMBERS.
R  INDICATES RECORD WAS SET OR TIED.
MM INDICATES DATA IS MISSING.
T  INDICATES TRACE AMOUNT.




$$
