000
CDUS41 KBOX 140550
CLIBDL


CLIMATE REPORT
NATIONAL WEATHER SERVICE TAUNTON MA
139 AM EDT SUN MAY 14 2017


...................................

...THE HARTFORD CT CLIMATE SUMMARY FOR MAY 13 2017...

CLIMATE NORMAL PERIOD 1981 TO 2010
CLIMATE RECORD PERIOD 1904 TO 2017


WEATHER ITEM   OBSERVED TIME   RECORD YEAR NORMAL DEPARTURE LAST
                VALUE   (LST)  VALUE       VALUE  FROM      YEAR
                                                  NORMAL
..................................................................
TEMPERATURE (F)
 YESTERDAY
  MAXIMUM         54    220 PM  87    1947  70    -16       71
  MINIMUM         44   1159 PM  32    2010  47     -3       50
                                      2005
                                      1962
  AVERAGE         49                        59    -10       61

PRECIPITATION (IN)
  YESTERDAY        0.80          1.77 1921   0.13   0.67     0.12
  MONTH TO DATE    2.61                      1.62   0.99     1.68
  SINCE MAR 1     10.31                      8.96   1.35     6.32
  SINCE JAN 1     16.29                     15.08   1.21    13.15

SNOWFALL (IN)
  YESTERDAY        0.0           0.0  2001   0.0    0.0      0.0
                                      2000
  MONTH TO DATE    0.0                       0.0    0.0      0.0
  SINCE MAR 1     19.6                       7.8   11.8      9.8
  SINCE JUL 1     62.3                      40.5   21.8     26.9
  SNOW DEPTH       0

DEGREE DAYS
 HEATING
  YESTERDAY       16                         7      9        4
  MONTH TO DATE  150                       112     38      144
  SINCE MAR 1   1492                      1427     65     1304
  SINCE JUL 1   5385                      5865   -480     4980

 COOLING
  YESTERDAY        0                         1     -1        0
  MONTH TO DATE    0                         6     -6        0
  SINCE MAR 1     23                        12     11        2
  SINCE JAN 1     23                        12     11        2
..................................................................


WIND (MPH)
  RESULTANT WIND SPEED   3   RESULTANT WIND DIRECTION   E (90)
  HIGHEST WIND SPEED    18   HIGHEST WIND DIRECTION     N (20)
  HIGHEST GUST SPEED    24   HIGHEST GUST DIRECTION     N (20)
  AVERAGE WIND SPEED     6.8


SKY COVER
  POSSIBLE SUNSHINE  MM
  AVERAGE SKY COVER 1.0


WEATHER CONDITIONS
 THE FOLLOWING WEATHER WAS RECORDED YESTERDAY.
  HEAVY RAIN
  RAIN
  LIGHT RAIN
  FOG


RELATIVE HUMIDITY (PERCENT)
 HIGHEST   100           900 PM
 LOWEST     71          1100 AM
 AVERAGE    86

..........................................................


THE HARTFORD CT CLIMATE NORMALS FOR TODAY
                         NORMAL    RECORD    YEAR
 MAXIMUM TEMPERATURE (F)   71        88      1907
 MINIMUM TEMPERATURE (F)   47        32      1987


SUNRISE AND SUNSET
MAY 14 2017...........SUNRISE   531 AM EDT   SUNSET   803 PM EDT
MAY 15 2017...........SUNRISE   530 AM EDT   SUNSET   805 PM EDT


-  INDICATES NEGATIVE NUMBERS.
R  INDICATES RECORD WAS SET OR TIED.
MM INDICATES DATA IS MISSING.
T  INDICATES TRACE AMOUNT.




$$
