000
CDUS41 KBOX 230538
CLIBDL


CLIMATE REPORT
NATIONAL WEATHER SERVICE TAUNTON MA
137 AM EDT SUN AUG 23 2015


...................................

...THE HARTFORD CT CLIMATE SUMMARY FOR AUGUST 22 2015...

CLIMATE NORMAL PERIOD 1981 TO 2010
CLIMATE RECORD PERIOD 1904 TO 2015


WEATHER ITEM   OBSERVED TIME   RECORD YEAR NORMAL DEPARTURE LAST
                VALUE   (LST)  VALUE       VALUE  FROM      YEAR
                                                  NORMAL
..................................................................
TEMPERATURE (F)
 YESTERDAY
  MAXIMUM         84    350 PM  93    1976  82      2       71
                                      1916
  MINIMUM         61    640 AM  41    1982  60      1       65
  AVERAGE         73                        71      2       68

PRECIPITATION (IN)
  YESTERDAY        0.00          1.95 1937   0.11  -0.11     0.11
  MONTH TO DATE    1.79                      2.97  -1.18     3.49
  SINCE JUN 1     11.55                     11.50   0.05     9.69
  SINCE JAN 1     25.12                     29.31  -4.19    31.70

SNOWFALL (IN)
  YESTERDAY        0.0           0.0  2002   0.0    0.0      0.0
                                      2001
                                      2000
  MONTH TO DATE    0.0                       0.0    0.0      0.0
  SINCE JUN 1      0.0                       0.0    0.0      0.0
  SINCE JUL 1      0.0                       0.0    0.0      0.0
  SNOW DEPTH       0

DEGREE DAYS
 HEATING
  YESTERDAY        0                         0      0        0
  MONTH TO DATE    0                         0      0        2
  SINCE JUN 1     49                        43      6        8
  SINCE JUL 1      1                         3     -2        2

 COOLING
  YESTERDAY        8                         7      1        3
  MONTH TO DATE  211                       172     39      117
  SINCE JUN 1    627                       585     42      569
  SINCE JAN 1    744                       624    120      601
..................................................................


WIND (MPH)
  RESULTANT WIND SPEED   5   RESULTANT WIND DIRECTION   N (350)
  HIGHEST WIND SPEED    13   HIGHEST WIND DIRECTION     N (360)
  HIGHEST GUST SPEED    17   HIGHEST GUST DIRECTION     N (10)
  AVERAGE WIND SPEED     5.3


SKY COVER
  POSSIBLE SUNSHINE  MM
  AVERAGE SKY COVER 0.6


WEATHER CONDITIONS
 THE FOLLOWING WEATHER WAS RECORDED YESTERDAY.
  NO SIGNIFICANT WEATHER WAS OBSERVED.


RELATIVE HUMIDITY (PERCENT)
 HIGHEST    93          1100 PM
 LOWEST     46           500 PM
 AVERAGE    70

..........................................................


THE HARTFORD CT CLIMATE NORMALS FOR TODAY
                         NORMAL    RECORD    YEAR
 MAXIMUM TEMPERATURE (F)   82        91      1916
 MINIMUM TEMPERATURE (F)   60        42      1988


SUNRISE AND SUNSET
AUGUST 23 2015........SUNRISE   607 AM EDT   SUNSET   739 PM EDT
AUGUST 24 2015........SUNRISE   608 AM EDT   SUNSET   738 PM EDT


-  INDICATES NEGATIVE NUMBERS.
R  INDICATES RECORD WAS SET OR TIED.
MM INDICATES DATA IS MISSING.
T  INDICATES TRACE AMOUNT.




$$
