000
CDUS41 KBOX 180542
CLIBDL


CLIMATE REPORT
NATIONAL WEATHER SERVICE TAUNTON MA
138 AM EDT MON MAY 18 2015


...................................

...THE HARTFORD CT CLIMATE SUMMARY FOR MAY 17 2015...

CLIMATE NORMAL PERIOD 1981 TO 2010
CLIMATE RECORD PERIOD 1904 TO 2015


WEATHER ITEM   OBSERVED TIME   RECORD YEAR NORMAL DEPARTURE LAST
                VALUE   (LST)  VALUE       VALUE  FROM      YEAR
                                                  NORMAL
..................................................................
TEMPERATURE (F)
 YESTERDAY
  MAXIMUM         88    444 PM  93    1977  72     16       72
                                      1974
  MINIMUM         59    426 AM  33    1956  48     11       51
  AVERAGE         74                        60     14       62

PRECIPITATION (IN)
  YESTERDAY        0.00          1.32 1942   0.14  -0.14     1.30
  MONTH TO DATE    0.02                      2.16  -2.14     2.89
  SINCE MAR 1      6.08                      9.50  -3.42    13.07
  SINCE JAN 1     12.26                     15.62  -3.36    20.44

SNOWFALL (IN)
  YESTERDAY        0.0           0.0  2002   0.0    0.0      0.0
                                      2001
                                      2000
  MONTH TO DATE    0.0                       0.0    0.0      0.0
  SINCE MAR 1      9.0                       7.8    1.2      1.0
  SINCE JUL 1     63.8                      40.5   23.3     51.1
  SNOW DEPTH       0

DEGREE DAYS
 HEATING
  YESTERDAY        0                         6     -6        3
  MONTH TO DATE   45                       138    -93       94
  SINCE MAR 1   1503                      1453     50     1612
  SINCE JUL 1   6148                      5891    257     6291

 COOLING
  YESTERDAY        9                         1      8        0
  MONTH TO DATE   60                        10     50       20
  SINCE MAR 1     60                        16     44       21
  SINCE JAN 1     60                        16     44       21
..................................................................


WIND (MPH)
  RESULTANT WIND SPEED   1   RESULTANT WIND DIRECTION  NW (330)
  HIGHEST WIND SPEED    10   HIGHEST WIND DIRECTION    NW (330)
  HIGHEST GUST SPEED    15   HIGHEST GUST DIRECTION    NE (30)
  AVERAGE WIND SPEED     2.9


SKY COVER
  POSSIBLE SUNSHINE  MM
  AVERAGE SKY COVER 0.4


WEATHER CONDITIONS
 THE FOLLOWING WEATHER WAS RECORDED YESTERDAY.
  FOG
  HAZE


RELATIVE HUMIDITY (PERCENT)
 HIGHEST    90          1200 AM
 LOWEST     31           500 PM
 AVERAGE    61

..........................................................


THE HARTFORD CT CLIMATE NORMALS FOR TODAY
                         NORMAL    RECORD    YEAR
 MAXIMUM TEMPERATURE (F)   72        90      1936
 MINIMUM TEMPERATURE (F)   48        31      1984


SUNRISE AND SUNSET
MAY 18 2015...........SUNRISE   528 AM EDT   SUNSET   807 PM EDT
MAY 19 2015...........SUNRISE   527 AM EDT   SUNSET   808 PM EDT


-  INDICATES NEGATIVE NUMBERS.
R  INDICATES RECORD WAS SET OR TIED.
MM INDICATES DATA IS MISSING.
T  INDICATES TRACE AMOUNT.




$$
