000
CDUS41 KBOX 170534
CLIBDL


CLIMATE REPORT
NATIONAL WEATHER SERVICE TAUNTON MA
1233 AM EST FRI FEB 17 2017


...................................

...THE HARTFORD CT CLIMATE SUMMARY FOR FEBRUARY 16 2017...

CLIMATE NORMAL PERIOD 1981 TO 2010
CLIMATE RECORD PERIOD 1904 TO 2017


WEATHER ITEM   OBSERVED TIME   RECORD YEAR NORMAL DEPARTURE LAST
                VALUE   (LST)  VALUE       VALUE  FROM      YEAR
                                                  NORMAL
..................................................................
TEMPERATURE (F)
 YESTERDAY
  MAXIMUM         35    137 AM  72    1954  39     -4       53
  MINIMUM         24   1159 PM -24    1943  21      3       22
  AVERAGE         30                        30      0       38

PRECIPITATION (IN)
  YESTERDAY        0.00          1.11 1993   0.10  -0.10     0.79
  MONTH TO DATE    2.09                      1.63   0.46     2.70
  SINCE DEC 1      8.31                      8.30   0.01     8.91
  SINCE JAN 1      5.58                      4.86   0.72     4.66

SNOWFALL (IN)
  YESTERDAY        0.0          10.6  1958   0.4   -0.4      0.1
  MONTH TO DATE   22.6                       6.9   15.7     13.7
  SINCE DEC 1     41.2                      26.6   14.6     16.6
  SINCE JUL 1     42.7                      28.6   14.1     16.6
  SNOW DEPTH      10

DEGREE DAYS
 HEATING
  YESTERDAY       35                        35      0       27
  MONTH TO DATE  584                       586     -2      609
  SINCE DEC 1   2587                      2829   -242     2350
  SINCE JUL 1   3624                      4036   -412     3334

 COOLING
  YESTERDAY        0                         0      0        0
  MONTH TO DATE    0                         0      0        0
  SINCE DEC 1      0                         0      0        0
  SINCE JAN 1      0                         0      0        0
..................................................................


WIND (MPH)
  RESULTANT WIND SPEED  15   RESULTANT WIND DIRECTION  NW (310)
  HIGHEST WIND SPEED    26   HIGHEST WIND DIRECTION    NW (300)
  HIGHEST GUST SPEED    34   HIGHEST GUST DIRECTION    NW (320)
  AVERAGE WIND SPEED    15.4


SKY COVER
  POSSIBLE SUNSHINE  MM
  AVERAGE SKY COVER 0.6


WEATHER CONDITIONS
 THE FOLLOWING WEATHER WAS RECORDED YESTERDAY.
  NO SIGNIFICANT WEATHER WAS OBSERVED.


RELATIVE HUMIDITY (PERCENT)
 HIGHEST    69           500 AM
 LOWEST     47           300 PM
 AVERAGE    58

..........................................................


THE HARTFORD CT CLIMATE NORMALS FOR TODAY
                         NORMAL    RECORD    YEAR
 MAXIMUM TEMPERATURE (F)   39        64      1981
 MINIMUM TEMPERATURE (F)   21        -6      1922


SUNRISE AND SUNSET
FEBRUARY 17 2017......SUNRISE   643 AM EST   SUNSET   527 PM EST
FEBRUARY 18 2017......SUNRISE   642 AM EST   SUNSET   528 PM EST


-  INDICATES NEGATIVE NUMBERS.
R  INDICATES RECORD WAS SET OR TIED.
MM INDICATES DATA IS MISSING.
T  INDICATES TRACE AMOUNT.




$$
