000
CDUS41 KBOX 100543
CLIBDL


CLIMATE REPORT
NATIONAL WEATHER SERVICE TAUNTON MA
1233 AM EST SUN DEC 10 2017


...................................

...THE HARTFORD CT CLIMATE SUMMARY FOR DECEMBER 9 2017...

CLIMATE NORMAL PERIOD 1981 TO 2010
CLIMATE RECORD PERIOD 1904 TO 2017


WEATHER ITEM   OBSERVED TIME   RECORD YEAR NORMAL DEPARTURE LAST
                VALUE   (LST)  VALUE       VALUE  FROM      YEAR
                                                  NORMAL
..................................................................
TEMPERATURE (F)
 YESTERDAY
  MAXIMUM         33   1026 AM  61    1991  42     -9       37
  MINIMUM         29    717 PM   4    1968  26      3       22
  AVERAGE         31                        34     -3       30

PRECIPITATION (IN)
  YESTERDAY        0.47          1.77 2014   0.12   0.35     0.00
  MONTH TO DATE    0.99                      1.11  -0.12     0.50
  SINCE DEC 1      0.99                      1.11  -0.12     0.50
  SINCE JAN 1     44.16                     43.52   0.64    30.49

SNOWFALL (IN)
  YESTERDAY        5.5          10.5  2005   0.2    5.3      0.0
  MONTH TO DATE    5.5                       1.6    3.9      0.5
  SINCE DEC 1      5.5                       1.6    3.9      0.5
  SINCE JUL 1      5.5                       3.6    1.9      2.0
  SNOW DEPTH       0

DEGREE DAYS
 HEATING
  YESTERDAY       34                        31      3       35
  MONTH TO DATE  214                       266    -52      246
  SINCE DEC 1    214                       266    -52      246
  SINCE JUL 1   1205                      1473   -268     1283

 COOLING
  YESTERDAY        0                         0      0        0
  MONTH TO DATE    0                         0      0        0
  SINCE DEC 1      0                         0      0        0
  SINCE JAN 1    865                       756    109     1068
..................................................................


WIND (MPH)
  RESULTANT WIND SPEED   4   RESULTANT WIND DIRECTION   N (360)
  HIGHEST WIND SPEED    13   HIGHEST WIND DIRECTION     N (360)
  HIGHEST GUST SPEED    16   HIGHEST GUST DIRECTION     N (350)
  AVERAGE WIND SPEED     5.3


SKY COVER
  POSSIBLE SUNSHINE  MM
  AVERAGE SKY COVER 1.0


WEATHER CONDITIONS
 THE FOLLOWING WEATHER WAS RECORDED YESTERDAY.
  SNOW
  LIGHT SNOW
  FOG
  FOG W/VISIBILITY <= 1/4 MILE


RELATIVE HUMIDITY (PERCENT)
 HIGHEST   100           200 PM
 LOWEST     59          1200 AM
 AVERAGE    80

..........................................................


THE HARTFORD CT CLIMATE NORMALS FOR TODAY
                         NORMAL    RECORD    YEAR
 MAXIMUM TEMPERATURE (F)   42        67      1946
 MINIMUM TEMPERATURE (F)   25         1      1964
                                             1958


SUNRISE AND SUNSET
DECEMBER 10 2017......SUNRISE   708 AM EST   SUNSET   419 PM EST
DECEMBER 11 2017......SUNRISE   709 AM EST   SUNSET   420 PM EST


-  INDICATES NEGATIVE NUMBERS.
R  INDICATES RECORD WAS SET OR TIED.
MM INDICATES DATA IS MISSING.
T  INDICATES TRACE AMOUNT.




$$
