000
CDUS41 KBOX 240547
CLIBDL


CLIMATE REPORT
NATIONAL WEATHER SERVICE TAUNTON MA
143 AM EDT SAT SEP 24 2016


...................................

...THE HARTFORD CT CLIMATE SUMMARY FOR SEPTEMBER 23 2016...

CLIMATE NORMAL PERIOD 1981 TO 2010
CLIMATE RECORD PERIOD 1904 TO 2016


WEATHER ITEM   OBSERVED TIME   RECORD YEAR NORMAL DEPARTURE LAST
                VALUE   (LST)  VALUE       VALUE  FROM      YEAR
                                                  NORMAL
..................................................................
TEMPERATURE (F)
 YESTERDAY
  MAXIMUM         82    400 PM  93    1914  72     10       78
  MINIMUM         53    340 AM  34    1974  50      3       47
  AVERAGE         68                        61      7       63

PRECIPITATION (IN)
  YESTERDAY        0.41          3.99 1907   0.14   0.27     0.00
  MONTH TO DATE    1.73                      2.83  -1.10     2.43
  SINCE SEP 1      1.73                      2.83  -1.10     2.43
  SINCE JAN 1     24.07                     33.10  -9.03    27.84

SNOWFALL (IN)
  YESTERDAY        0.0           0.0  2002   0.0    0.0      0.0
                                      2001
                                      2000
  MONTH TO DATE    0.0                       0.0    0.0      0.0
  SINCE SEP 1      0.0                       0.0    0.0      0.0
  SINCE JUL 1      0.0                       0.0    0.0      0.0
  SNOW DEPTH       0

DEGREE DAYS
 HEATING
  YESTERDAY        0                         5     -5        2
  MONTH TO DATE    9                        62    -53       14
  SINCE SEP 1      9                        62    -53       14
  SINCE JUL 1      9                        74    -65       15

 COOLING
  YESTERDAY        3                         1      2        0
  MONTH TO DATE  126                        69     57      138
  SINCE SEP 1    126                        69     57      138
  SINCE JAN 1   1056                       744    312      952
..................................................................


WIND (MPH)
  RESULTANT WIND SPEED   1   RESULTANT WIND DIRECTION  NE (40)
  HIGHEST WIND SPEED    23   HIGHEST WIND DIRECTION     N (10)
  HIGHEST GUST SPEED    28   HIGHEST GUST DIRECTION     N (10)
  AVERAGE WIND SPEED     5.6


SKY COVER
  POSSIBLE SUNSHINE  MM
  AVERAGE SKY COVER 0.6


WEATHER CONDITIONS
 THE FOLLOWING WEATHER WAS RECORDED YESTERDAY.
  HEAVY RAIN
  LIGHT RAIN
  FOG


RELATIVE HUMIDITY (PERCENT)
 HIGHEST    93           300 AM
 LOWEST     43           400 PM
 AVERAGE    68

..........................................................


THE HARTFORD CT CLIMATE NORMALS FOR TODAY
                         NORMAL    RECORD    YEAR
 MAXIMUM TEMPERATURE (F)   72        89      1959
 MINIMUM TEMPERATURE (F)   49        30      1974


SUNRISE AND SUNSET
SEPTEMBER 24 2016.....SUNRISE   641 AM EDT   SUNSET   644 PM EDT
SEPTEMBER 25 2016.....SUNRISE   642 AM EDT   SUNSET   642 PM EDT


-  INDICATES NEGATIVE NUMBERS.
R  INDICATES RECORD WAS SET OR TIED.
MM INDICATES DATA IS MISSING.
T  INDICATES TRACE AMOUNT.




$$
