000
CDUS41 KBOX 170611
CLIBDL


CLIMATE REPORT
NATIONAL WEATHER SERVICE TAUNTON MA
208 AM EDT SUN MAY 17 2015


...................................

...THE HARTFORD CT CLIMATE SUMMARY FOR MAY 16 2015...

CLIMATE NORMAL PERIOD 1981 TO 2010
CLIMATE RECORD PERIOD 1904 TO 2015


WEATHER ITEM   OBSERVED TIME   RECORD YEAR NORMAL DEPARTURE LAST
                VALUE   (LST)  VALUE       VALUE  FROM      YEAR
                                                  NORMAL
..................................................................
TEMPERATURE (F)
 YESTERDAY
  MAXIMUM         73    412 PM  91    1965  71      2       68
  MINIMUM         56    735 AM  35    1947  48      8       63
  AVERAGE         65                        59      6       66

PRECIPITATION (IN)
  YESTERDAY        0.02          1.34 1912   0.14  -0.12     0.13
  MONTH TO DATE    0.02                      2.02  -2.00     1.59
  SINCE MAR 1      6.08                      9.36  -3.28    11.77
  SINCE JAN 1     12.26                     15.48  -3.22    19.14

SNOWFALL (IN)
  YESTERDAY        0.0           0.0  2001   0.0    0.0      0.0
                                      2000
  MONTH TO DATE    0.0                       0.0    0.0      0.0
  SINCE MAR 1      9.0                       7.8    1.2      1.0
  SINCE JUL 1     63.8                      40.5   23.3     51.1
  SNOW DEPTH       0

DEGREE DAYS
 HEATING
  YESTERDAY        0                         6     -6        0
  MONTH TO DATE   45                       132    -87       91
  SINCE MAR 1   1503                      1447     56     1609
  SINCE JUL 1   6148                      5885    263     6288

 COOLING
  YESTERDAY        0                         1     -1        1
  MONTH TO DATE   51                         9     42       20
  SINCE MAR 1     51                        15     36       21
  SINCE JAN 1     51                        15     36       21
..................................................................


WIND (MPH)
  RESULTANT WIND SPEED   8   RESULTANT WIND DIRECTION   S (180)
  HIGHEST WIND SPEED    13   HIGHEST WIND DIRECTION     S (160)
  HIGHEST GUST SPEED    16   HIGHEST GUST DIRECTION    SE (140)
  AVERAGE WIND SPEED     7.6


SKY COVER
  POSSIBLE SUNSHINE  MM
  AVERAGE SKY COVER 0.9


WEATHER CONDITIONS
 THE FOLLOWING WEATHER WAS RECORDED YESTERDAY.
  LIGHT RAIN


RELATIVE HUMIDITY (PERCENT)
 HIGHEST    87          1000 PM
 LOWEST     46          1200 AM
 AVERAGE    67

..........................................................


THE HARTFORD CT CLIMATE NORMALS FOR TODAY
                         NORMAL    RECORD    YEAR
 MAXIMUM TEMPERATURE (F)   72        93      1977
                                             1974
 MINIMUM TEMPERATURE (F)   48        33      1956


SUNRISE AND SUNSET
MAY 17 2015...........SUNRISE   529 AM EDT   SUNSET   806 PM EDT
MAY 18 2015...........SUNRISE   528 AM EDT   SUNSET   807 PM EDT


-  INDICATES NEGATIVE NUMBERS.
R  INDICATES RECORD WAS SET OR TIED.
MM INDICATES DATA IS MISSING.
T  INDICATES TRACE AMOUNT.




$$
