000
CDUS41 KBOX 100552
CLIBDL


CLIMATE REPORT
NATIONAL WEATHER SERVICE TAUNTON MA
151 AM EDT THU APR 10 2014


...................................

...THE HARTFORD CT CLIMATE SUMMARY FOR APRIL 9 2014...

CLIMATE NORMAL PERIOD 1981 TO 2010
CLIMATE RECORD PERIOD 1904 TO 2014


WEATHER ITEM   OBSERVED TIME   RECORD YEAR NORMAL DEPARTURE LAST
                VALUE   (LST)  VALUE       VALUE  FROM      YEAR
                                                  NORMAL
..................................................................
TEMPERATURE (F)
 YESTERDAY
  MAXIMUM         59    146 PM  85    1991  58      1       73
  MINIMUM         38   1152 PM  23    1977  36      2       49
  AVERAGE         49                        47      2       61

PRECIPITATION (IN)
  YESTERDAY        0.00          1.80 1980   0.13  -0.13      T
  MONTH TO DATE    0.80                      1.13  -0.33     0.03
  SINCE MAR 1      5.52                      4.75   0.77     2.63
  SINCE JAN 1     12.89                     10.87   2.02     8.14

SNOWFALL (IN)
  YESTERDAY        0.0           6.0  1907   0.1   -0.1      0.0
  MONTH TO DATE    0.0                       0.7   -0.7      0.0
  SINCE MAR 1      0.8                       7.1   -6.3      9.8
  SINCE JUL 1     50.9                      39.8   11.1     56.9
  SNOW DEPTH       0

DEGREE DAYS
 HEATING
  YESTERDAY       16                        18     -2        4
  MONTH TO DATE  158                       178    -20      177
  SINCE MAR 1   1197                      1021    176     1037
  SINCE JUL 1   5876                      5459    417     5189

 COOLING
  YESTERDAY        0                         0      0        0
  MONTH TO DATE    0                         0      0        0
  SINCE MAR 1      0                         0      0        0
  SINCE JAN 1      0                         0      0        0
..................................................................


WIND (MPH)
  RESULTANT WIND SPEED  12   RESULTANT WIND DIRECTION  NW (310)
  HIGHEST WIND SPEED    30   HIGHEST WIND DIRECTION    NW (310)
  HIGHEST GUST SPEED    39   HIGHEST GUST DIRECTION     W (290)
  AVERAGE WIND SPEED    12.5


SKY COVER
  POSSIBLE SUNSHINE  MM
  AVERAGE SKY COVER 0.2


WEATHER CONDITIONS
 THE FOLLOWING WEATHER WAS RECORDED YESTERDAY.
  NO SIGNIFICANT WEATHER WAS OBSERVED.


RELATIVE HUMIDITY (PERCENT)
 HIGHEST    82           600 AM
 LOWEST     16           500 PM
 AVERAGE    49

..........................................................


THE HARTFORD CT CLIMATE NORMALS FOR TODAY
                         NORMAL    RECORD    YEAR
 MAXIMUM TEMPERATURE (F)   58        84      1922
 MINIMUM TEMPERATURE (F)   37        21      1985


SUNRISE AND SUNSET
APRIL 10 2014.........SUNRISE   619 AM EDT   SUNSET   726 PM EDT
APRIL 11 2014.........SUNRISE   617 AM EDT   SUNSET   727 PM EDT


-  INDICATES NEGATIVE NUMBERS.
R  INDICATES RECORD WAS SET OR TIED.
MM INDICATES DATA IS MISSING.
T  INDICATES TRACE AMOUNT.




$$
