000
CDUS41 KBOX 140543
CLIBDL


CLIMATE REPORT
NATIONAL WEATHER SERVICE TAUNTON MA
1243 AM EST TUE NOV 14 2017


...................................

...THE HARTFORD CT CLIMATE SUMMARY FOR NOVEMBER 13 2017...

CLIMATE NORMAL PERIOD 1981 TO 2010
CLIMATE RECORD PERIOD 1904 TO 2017


WEATHER ITEM   OBSERVED TIME   RECORD YEAR NORMAL DEPARTURE LAST
                VALUE   (LST)  VALUE       VALUE  FROM      YEAR
                                                  NORMAL
..................................................................
TEMPERATURE (F)
 YESTERDAY
  MAXIMUM         42    326 PM  73    1964  53    -11       63
  MINIMUM         29   1229 AM  18    2001  34     -5       33
  AVERAGE         36                        43     -7       48

PRECIPITATION (IN)
  YESTERDAY        0.01          2.21 1937   0.13  -0.12     0.00
  MONTH TO DATE    0.19                      1.63  -1.44     0.01
  SINCE SEP 1     11.21                      9.88   1.33     4.60
  SINCE JAN 1     42.32                     40.15   2.17    26.94

SNOWFALL (IN)
  YESTERDAY        0.0           3.0  1904   0.0    0.0      0.0
  MONTH TO DATE    T                         0.5   -0.5      0.0
  SINCE SEP 1      T                         0.5   -0.5      1.5
  SINCE JUL 1      T                         0.5   -0.5      1.5
  SNOW DEPTH       0

DEGREE DAYS
 HEATING
  YESTERDAY       29                        22      7       17
  MONTH TO DATE  283                       257     26      232
  SINCE SEP 1    528                       774   -246      641
  SINCE JUL 1    544                       786   -242      641

 COOLING
  YESTERDAY        0                         0      0        0
  MONTH TO DATE    0                         0      0        0
  SINCE SEP 1    178                        81     97      138
  SINCE JAN 1    865                       756    109     1068
..................................................................


WIND (MPH)
  RESULTANT WIND SPEED   5   RESULTANT WIND DIRECTION   N (0)
  HIGHEST WIND SPEED    10   HIGHEST WIND DIRECTION     N (10)
  HIGHEST GUST SPEED    13   HIGHEST GUST DIRECTION     N (10)
  AVERAGE WIND SPEED     4.9


SKY COVER
  POSSIBLE SUNSHINE  MM
  AVERAGE SKY COVER 0.9


WEATHER CONDITIONS
 THE FOLLOWING WEATHER WAS RECORDED YESTERDAY.
  LIGHT RAIN


RELATIVE HUMIDITY (PERCENT)
 HIGHEST    82           500 PM
 LOWEST     59           900 AM
 AVERAGE    71

..........................................................


THE HARTFORD CT CLIMATE NORMALS FOR TODAY
                         NORMAL    RECORD    YEAR
 MAXIMUM TEMPERATURE (F)   52        74      1973
 MINIMUM TEMPERATURE (F)   34        15      1986


SUNRISE AND SUNSET
NOVEMBER 14 2017......SUNRISE   639 AM EST   SUNSET   430 PM EST
NOVEMBER 15 2017......SUNRISE   641 AM EST   SUNSET   430 PM EST


-  INDICATES NEGATIVE NUMBERS.
R  INDICATES RECORD WAS SET OR TIED.
MM INDICATES DATA IS MISSING.
T  INDICATES TRACE AMOUNT.




$$
