000
CDUS41 KBOX 150537
CLIBDL


CLIMATE REPORT
NATIONAL WEATHER SERVICE TAUNTON MA
137 AM EDT FRI SEP 15 2017


...................................

...THE HARTFORD CT CLIMATE SUMMARY FOR SEPTEMBER 14 2017...

CLIMATE NORMAL PERIOD 1981 TO 2010
CLIMATE RECORD PERIOD 1904 TO 2017


WEATHER ITEM   OBSERVED TIME   RECORD YEAR NORMAL DEPARTURE LAST
                VALUE   (LST)  VALUE       VALUE  FROM      YEAR
                                                  NORMAL
..................................................................
TEMPERATURE (F)
 YESTERDAY
  MAXIMUM         79   1202 PM  92    1931  76      3       90
  MINIMUM         67    501 AM  37    1963  54     13       58
                                      1911
  AVERAGE         73                        65      8       74

PRECIPITATION (IN)
  YESTERDAY        0.09          4.41 1944   0.14  -0.05      T
  MONTH TO DATE    2.18                      1.59   0.59     0.98
  SINCE SEP 1      2.18                      1.59   0.59     0.98
  SINCE JAN 1     33.29                     31.86   1.43    23.32

SNOWFALL (IN)
  YESTERDAY        0.0           0.0  2002   0.0    0.0      0.0
                                      2001
                                      2000
  MONTH TO DATE    0.0                       0.0    0.0      0.0
  SINCE SEP 1      0.0                       0.0    0.0      0.0
  SINCE JUL 1      0.0                       0.0    0.0      0.0
  SNOW DEPTH       0

DEGREE DAYS
 HEATING
  YESTERDAY        0                         3     -3        0
  MONTH TO DATE   39                        25     14        1
  SINCE SEP 1     39                        25     14        1
  SINCE JUL 1     55                        37     18        1

 COOLING
  YESTERDAY        8                         3      5        9
  MONTH TO DATE   28                        53    -25       93
  SINCE SEP 1     28                        53    -25       93
  SINCE JAN 1    715                       728    -13     1023
..................................................................


WIND (MPH)
  RESULTANT WIND SPEED   6   RESULTANT WIND DIRECTION   S (200)
  HIGHEST WIND SPEED    13   HIGHEST WIND DIRECTION     S (200)
  HIGHEST GUST SPEED    16   HIGHEST GUST DIRECTION    SW (210)
  AVERAGE WIND SPEED     5.6


SKY COVER
  POSSIBLE SUNSHINE  MM
  AVERAGE SKY COVER 0.7


WEATHER CONDITIONS
 THE FOLLOWING WEATHER WAS RECORDED YESTERDAY.
  THUNDERSTORM
  LIGHT RAIN
  FOG


RELATIVE HUMIDITY (PERCENT)
 HIGHEST    93           400 AM
 LOWEST     62          1200 PM
 AVERAGE    78

..........................................................


THE HARTFORD CT CLIMATE NORMALS FOR TODAY
                         NORMAL    RECORD    YEAR
 MAXIMUM TEMPERATURE (F)   75        90      1915
 MINIMUM TEMPERATURE (F)   53        35      1975


SUNRISE AND SUNSET
SEPTEMBER 15 2017.....SUNRISE   631 AM EDT   SUNSET   700 PM EDT
SEPTEMBER 16 2017.....SUNRISE   632 AM EDT   SUNSET   658 PM EDT


-  INDICATES NEGATIVE NUMBERS.
R  INDICATES RECORD WAS SET OR TIED.
MM INDICATES DATA IS MISSING.
T  INDICATES TRACE AMOUNT.




$$
