000
CDUS41 KBOX 142130
CLIBDL


CLIMATE REPORT
NATIONAL WEATHER SERVICE TAUNTON MA
428 PM EST SUN DEC 14 2014


...................................

...THE HARTFORD CT CLIMATE SUMMARY FOR DECEMBER 14 2014...
VALID AS OF 0400 PM LOCAL TIME.

CLIMATE NORMAL PERIOD 1981 TO 2010
CLIMATE RECORD PERIOD 1904 TO 2014


WEATHER ITEM   OBSERVED TIME   RECORD YEAR NORMAL DEPARTURE LAST
                VALUE   (LST)  VALUE       VALUE  FROM      YEAR
                                                  NORMAL
..................................................................
TEMPERATURE (F)
 TODAY
  MAXIMUM         46    127 PM  60    1920  40      6       22
  MINIMUM         24    554 AM  -2    2005  24      0       13
  AVERAGE         35                        32      3       18

PRECIPITATION (IN)
  TODAY            0.00          2.00 1920   0.11  -0.11     0.43
  MONTH TO DATE    3.34                      1.69   1.65     1.36
  SINCE DEC 1      3.34                      1.69   1.65     1.36
  SINCE JAN 1     44.62                     44.10   0.52    49.15

SNOWFALL (IN)
  TODAY            0.0          10.8  1977   0.2   -0.2      5.3
  MONTH TO DATE    0.1                       2.6   -2.5      6.2
  SINCE DEC 1      0.1                       2.6   -2.5      6.2
  SINCE JUL 1      5.2                       4.6    0.6      6.2
  SNOW DEPTH       0

DEGREE DAYS
 HEATING
  TODAY           30                        33     -3       47
  MONTH TO DATE  422                       428     -6      477
  SINCE DEC 1    422                       428     -6      477
  SINCE JUL 1   1519                      1635   -116     1709

 COOLING
  TODAY            0                         0      0        0
  MONTH TO DATE    0                         0      0        0
  SINCE DEC 1      0                         0      0        0
  SINCE JAN 1    771                       756     15      894
..................................................................


WIND (MPH)
  HIGHEST WIND SPEED    17   HIGHEST WIND DIRECTION    NW (310)
  HIGHEST GUST SPEED    20   HIGHEST GUST DIRECTION    NW (320)
  AVERAGE WIND SPEED     4.8


SKY COVER
  POSSIBLE SUNSHINE  MM
  AVERAGE SKY COVER 0.5


WEATHER CONDITIONS
 THE FOLLOWING WEATHER WAS RECORDED TODAY.
  NO SIGNIFICANT WEATHER WAS OBSERVED.


RELATIVE HUMIDITY (PERCENT)
 HIGHEST    88           600 AM
 LOWEST     53          1200 PM
 AVERAGE    71

..........................................................


THE HARTFORD CT CLIMATE NORMALS FOR TOMORROW
                         NORMAL    RECORD    YEAR
 MAXIMUM TEMPERATURE (F)   40        63      1975
 MINIMUM TEMPERATURE (F)   24        -4      1960


SUNRISE AND SUNSET
DECEMBER 14 2014......SUNRISE   711 AM EST   SUNSET   420 PM EST
DECEMBER 15 2014......SUNRISE   711 AM EST   SUNSET   420 PM EST


-  INDICATES NEGATIVE NUMBERS.
R  INDICATES RECORD WAS SET OR TIED.
MM INDICATES DATA IS MISSING.
T  INDICATES TRACE AMOUNT.




$$
