640
CDUS41 KBOX 090534
CLIBDL


CLIMATE REPORT
NATIONAL WEATHER SERVICE TAUNTON MA
1232 AM EST TUE FEB 9 2016


...................................

...THE HARTFORD CT CLIMATE SUMMARY FOR FEBRUARY 8 2016...

CLIMATE NORMAL PERIOD 1981 TO 2010
CLIMATE RECORD PERIOD 1904 TO 2016


WEATHER ITEM   OBSERVED TIME   RECORD YEAR NORMAL DEPARTURE LAST
                VALUE   (LST)  VALUE       VALUE  FROM      YEAR
                                                  NORMAL
..................................................................
TEMPERATURE (F)
 YESTERDAY
  MAXIMUM         36    352 AM  63    1933  37     -1       31
  MINIMUM         21   1238 PM -13    1967  20      1       16
  AVERAGE         29                        28      1       24

PRECIPITATION (IN)
  YESTERDAY        0.16          1.39 1945   0.10   0.06     0.32
  MONTH TO DATE    1.39                      0.82   0.57     1.43
  SINCE DEC 1      7.60                      7.49   0.11     9.21
  SINCE JAN 1      3.35                      4.05  -0.70     4.66

SNOWFALL (IN)
  YESTERDAY        3.5          13.4  2013   0.4    3.1      2.6
                                      1945
  MONTH TO DATE   10.1                       3.5    6.6     14.6
  SINCE DEC 1     13.0                      23.2  -10.2     32.4
  SINCE JUL 1     13.0                      25.2  -12.2     37.5
  SNOW DEPTH       4

DEGREE DAYS
 HEATING
  YESTERDAY       36                        37     -1       41
  MONTH TO DATE  221                       299    -78      371
  SINCE DEC 1   1962                      2542   -580     2558
  SINCE JUL 1   2946                      3749   -803     3655

 COOLING
  YESTERDAY        0                         0      0        0
  MONTH TO DATE    0                         0      0        0
  SINCE DEC 1      0                         0      0        0
  SINCE JAN 1      0                         0      0        0
..................................................................


WIND (MPH)
  RESULTANT WIND SPEED  13   RESULTANT WIND DIRECTION   N (20)
  HIGHEST WIND SPEED    26   HIGHEST WIND DIRECTION    NE (30)
  HIGHEST GUST SPEED    32   HIGHEST GUST DIRECTION    NE (30)
  AVERAGE WIND SPEED    13.7


SKY COVER
  POSSIBLE SUNSHINE  MM
  AVERAGE SKY COVER 1.0


WEATHER CONDITIONS
 THE FOLLOWING WEATHER WAS RECORDED YESTERDAY.
  LIGHT SNOW
  FOG


RELATIVE HUMIDITY (PERCENT)
 HIGHEST    88           400 PM
 LOWEST     42          1000 AM
 AVERAGE    65

..........................................................


THE HARTFORD CT CLIMATE NORMALS FOR TODAY
                         NORMAL    RECORD    YEAR
 MAXIMUM TEMPERATURE (F)   37        58      1990
 MINIMUM TEMPERATURE (F)   20       -15      1934


SUNRISE AND SUNSET
FEBRUARY  9 2016......SUNRISE   655 AM EST   SUNSET   515 PM EST
FEBRUARY 10 2016......SUNRISE   654 AM EST   SUNSET   517 PM EST


-  INDICATES NEGATIVE NUMBERS.
R  INDICATES RECORD WAS SET OR TIED.
MM INDICATES DATA IS MISSING.
T  INDICATES TRACE AMOUNT.




$$
