000
CDUS41 KBOX 112146
CLIBDL


CLIMATE REPORT
NATIONAL WEATHER SERVICE TAUNTON MA
542 PM EDT MON MAY 11 2015


...................................

...THE HARTFORD CT CLIMATE SUMMARY FOR MAY 11 2015...
VALID TODAY AS OF 0500 PM LOCAL TIME.

CLIMATE NORMAL PERIOD 1981 TO 2010
CLIMATE RECORD PERIOD 1904 TO 2015


WEATHER ITEM   OBSERVED TIME   RECORD YEAR NORMAL DEPARTURE LAST
                VALUE   (LST)  VALUE       VALUE  FROM      YEAR
                                                  NORMAL
..................................................................
TEMPERATURE (F)
 TODAY
  MAXIMUM         88    246 PM  92    1993  70     18       81
  MINIMUM         65    407 AM  29    2010  46     19       56
  AVERAGE         77                        58     19       69

PRECIPITATION (IN)
  TODAY            0.00          1.84 2007   0.13  -0.13      T
  MONTH TO DATE    T                         1.36  -1.36     1.35
  SINCE MAR 1      6.06                      8.70  -2.64    11.53
  SINCE JAN 1     12.24                     14.82  -2.58    18.90

SNOWFALL (IN)
  TODAY            0.0           T    1907   0.0    0.0      0.0
  MONTH TO DATE    0.0                       0.0    0.0      0.0
  SINCE MAR 1      9.0                       7.8    1.2      1.0
  SINCE JUL 1     63.8                      40.5   23.3     51.1
  SNOW DEPTH       0

DEGREE DAYS
 HEATING
  TODAY            0                         8     -8        0
  MONTH TO DATE   21                        98    -77       82
  SINCE MAR 1   1479                      1413     66     1600
  SINCE JUL 1   6124                      5851    273     6279

 COOLING
  TODAY           12                         1     11        4
  MONTH TO DATE   42                         4     38       10
  SINCE MAR 1     42                        10     32       11
  SINCE JAN 1     42                        10     32       11
..................................................................


WIND (MPH)
  HIGHEST WIND SPEED    22   HIGHEST WIND DIRECTION     S (180)
  HIGHEST GUST SPEED    29   HIGHEST GUST DIRECTION     S (180)
  AVERAGE WIND SPEED    10.9


SKY COVER
  POSSIBLE SUNSHINE  MM
  AVERAGE SKY COVER 0.4


WEATHER CONDITIONS
 THE FOLLOWING WEATHER WAS RECORDED TODAY.
  NO SIGNIFICANT WEATHER WAS OBSERVED.


RELATIVE HUMIDITY (PERCENT)
 HIGHEST    87           100 AM
 LOWEST     45           300 PM
 AVERAGE    66

..........................................................


THE HARTFORD CT CLIMATE NORMALS FOR TOMORROW
                         NORMAL    RECORD    YEAR
 MAXIMUM TEMPERATURE (F)   70        90      2014
                                             2004
 MINIMUM TEMPERATURE (F)   47        32      1983
                                             1907


SUNRISE AND SUNSET
MAY 11 2015...........SUNRISE   535 AM EDT   SUNSET   800 PM EDT
MAY 12 2015...........SUNRISE   534 AM EDT   SUNSET   801 PM EDT


-  INDICATES NEGATIVE NUMBERS.
R  INDICATES RECORD WAS SET OR TIED.
MM INDICATES DATA IS MISSING.
T  INDICATES TRACE AMOUNT.




$$
