000
CDUS41 KBOX 240538
CLIBDL


CLIMATE REPORT
NATIONAL WEATHER SERVICE TAUNTON MA
136 AM EDT MON AUG 24 2015


...................................

...THE HARTFORD CT CLIMATE SUMMARY FOR AUGUST 23 2015...

CLIMATE NORMAL PERIOD 1981 TO 2010
CLIMATE RECORD PERIOD 1904 TO 2015


WEATHER ITEM   OBSERVED TIME   RECORD YEAR NORMAL DEPARTURE LAST
                VALUE   (LST)  VALUE       VALUE  FROM      YEAR
                                                  NORMAL
..................................................................
TEMPERATURE (F)
 YESTERDAY
  MAXIMUM         83    229 PM  91    1916  82      1       76
  MINIMUM         61    413 AM  42    1988  60      1       57
  AVERAGE         72                        71      1       67

PRECIPITATION (IN)
  YESTERDAY        0.00          1.13 1970   0.12  -0.12     0.00
  MONTH TO DATE    1.79                      3.09  -1.30     3.49
  SINCE JUN 1     11.55                     11.62  -0.07     9.69
  SINCE JAN 1     25.12                     29.43  -4.31    31.70

SNOWFALL (IN)
  YESTERDAY        0.0           0.0  2002   0.0    0.0      0.0
                                      2001
                                      2000
  MONTH TO DATE    0.0                       0.0    0.0      0.0
  SINCE JUN 1      0.0                       0.0    0.0      0.0
  SINCE JUL 1      0.0                       0.0    0.0      0.0
  SNOW DEPTH       0

DEGREE DAYS
 HEATING
  YESTERDAY        0                         0      0        0
  MONTH TO DATE    0                         0      0        2
  SINCE JUN 1     49                        43      6        8
  SINCE JUL 1      1                         3     -2        2

 COOLING
  YESTERDAY        7                         6      1        2
  MONTH TO DATE  218                       178     40      119
  SINCE JUN 1    634                       591     43      571
  SINCE JAN 1    751                       630    121      603
..................................................................


WIND (MPH)
  RESULTANT WIND SPEED   6   RESULTANT WIND DIRECTION   N (10)
  HIGHEST WIND SPEED    13   HIGHEST WIND DIRECTION    NE (30)
  HIGHEST GUST SPEED    15   HIGHEST GUST DIRECTION     N (350)
  AVERAGE WIND SPEED     6.3


SKY COVER
  POSSIBLE SUNSHINE  MM
  AVERAGE SKY COVER 0.6


WEATHER CONDITIONS
 THE FOLLOWING WEATHER WAS RECORDED YESTERDAY.
  NO SIGNIFICANT WEATHER WAS OBSERVED.


RELATIVE HUMIDITY (PERCENT)
 HIGHEST    93           100 AM
 LOWEST     67          1200 PM
 AVERAGE    80

..........................................................


THE HARTFORD CT CLIMATE NORMALS FOR TODAY
                         NORMAL    RECORD    YEAR
 MAXIMUM TEMPERATURE (F)   82        94      1969
 MINIMUM TEMPERATURE (F)   60        43      1971
                                             1957


SUNRISE AND SUNSET
AUGUST 24 2015........SUNRISE   608 AM EDT   SUNSET   738 PM EDT
AUGUST 25 2015........SUNRISE   609 AM EDT   SUNSET   736 PM EDT


-  INDICATES NEGATIVE NUMBERS.
R  INDICATES RECORD WAS SET OR TIED.
MM INDICATES DATA IS MISSING.
T  INDICATES TRACE AMOUNT.




$$
