000
CDUS41 KBOX 140538
CLIBDL


CLIMATE REPORT
NATIONAL WEATHER SERVICE TAUNTON MA
1237 AM EST SUN FEB 14 2016


...................................

...THE HARTFORD CT CLIMATE SUMMARY FOR FEBRUARY 13 2016...

CLIMATE NORMAL PERIOD 1981 TO 2010
CLIMATE RECORD PERIOD 1904 TO 2016


WEATHER ITEM   OBSERVED TIME   RECORD YEAR NORMAL DEPARTURE LAST
                VALUE   (LST)  VALUE       VALUE  FROM      YEAR
                                                  NORMAL
..................................................................
TEMPERATURE (F)
 YESTERDAY
  MAXIMUM         19   1150 AM  59    1937  38    -19       15
  MINIMUM         -6   1159 PM  -7    1967  21    -27       -5
  AVERAGE          7                        29    -22        5

PRECIPITATION (IN)
  YESTERDAY        T             2.53 2008   0.10  -0.10     0.00
  MONTH TO DATE    1.65                      1.32   0.33     1.86
  SINCE DEC 1      7.86                      7.99  -0.13     9.64
  SINCE JAN 1      3.61                      4.55  -0.94     5.09

SNOWFALL (IN)
  YESTERDAY        T             7.9  1943   0.4   -0.4      0.0
  MONTH TO DATE   12.5                       5.6    6.9     18.6
  SINCE DEC 1     15.4                      25.3   -9.9     36.4
  SINCE JUL 1     15.4                      27.3  -11.9     41.5
  SNOW DEPTH       7

DEGREE DAYS
 HEATING
  YESTERDAY       58                        36     22       60
  MONTH TO DATE  456                       480    -24      603
  SINCE DEC 1   2197                      2723   -526     2790
  SINCE JUL 1   3181                      3930   -749     3887

 COOLING
  YESTERDAY        0                         0      0        0
  MONTH TO DATE    0                         0      0        0
  SINCE DEC 1      0                         0      0        0
  SINCE JAN 1      0                         0      0        0
..................................................................


WIND (MPH)
  RESULTANT WIND SPEED  11   RESULTANT WIND DIRECTION  NW (310)
  HIGHEST WIND SPEED    31   HIGHEST WIND DIRECTION    NW (310)
  HIGHEST GUST SPEED    39   HIGHEST GUST DIRECTION    NW (310)
  AVERAGE WIND SPEED    12.8


SKY COVER
  POSSIBLE SUNSHINE  MM
  AVERAGE SKY COVER 0.5


WEATHER CONDITIONS
 THE FOLLOWING WEATHER WAS RECORDED YESTERDAY.
  LIGHT SNOW
  HAZE
  BLOWING SNOW


RELATIVE HUMIDITY (PERCENT)
 HIGHEST    83           700 AM
 LOWEST     38           800 PM
 AVERAGE    61

..........................................................


THE HARTFORD CT CLIMATE NORMALS FOR TODAY
                         NORMAL    RECORD    YEAR
 MAXIMUM TEMPERATURE (F)   38        55      2011
                                             1949
 MINIMUM TEMPERATURE (F)   21        -9      1979


SUNRISE AND SUNSET
FEBRUARY 14 2016......SUNRISE   649 AM EST   SUNSET   522 PM EST
FEBRUARY 15 2016......SUNRISE   647 AM EST   SUNSET   523 PM EST


-  INDICATES NEGATIVE NUMBERS.
R  INDICATES RECORD WAS SET OR TIED.
MM INDICATES DATA IS MISSING.
T  INDICATES TRACE AMOUNT.




$$
