000
CDUS41 KBOX 200551
CLIBDL


CLIMATE REPORT
NATIONAL WEATHER SERVICE TAUNTON MA
151 AM EDT FRI MAY 20 2016


...................................

...THE HARTFORD CT CLIMATE SUMMARY FOR MAY 19 2016...

CLIMATE NORMAL PERIOD 1981 TO 2010
CLIMATE RECORD PERIOD 1904 TO 2016


WEATHER ITEM   OBSERVED TIME   RECORD YEAR NORMAL DEPARTURE LAST
                VALUE   (LST)  VALUE       VALUE  FROM      YEAR
                                                  NORMAL
..................................................................
TEMPERATURE (F)
 YESTERDAY
  MAXIMUM         72    135 PM  94    1962  72      0       77
  MINIMUM         48   1159 PM  34    2009  49     -1       56
  AVERAGE         60                        60      0       67

PRECIPITATION (IN)
  YESTERDAY        T             1.23 1999   0.15  -0.15     0.58
  MONTH TO DATE    1.77                      2.45  -0.68     0.60
  SINCE MAR 1      6.41                      9.79  -3.38     6.66
  SINCE JAN 1     13.24                     15.91  -2.67    12.84

SNOWFALL (IN)
  YESTERDAY        0.0           0.0  2002   0.0    0.0      0.0
                                      2001
                                      2000
  MONTH TO DATE    0.0                       0.0    0.0      0.0
  SINCE MAR 1      9.8                       7.8    2.0      9.0
  SINCE JUL 1     26.9                      40.5  -13.6     63.8
  SNOW DEPTH       0

DEGREE DAYS
 HEATING
  YESTERDAY        5                         6     -1        0
  MONTH TO DATE  191                       150     41       45
  SINCE MAR 1   1351                      1465   -114     1503
  SINCE JUL 1   5027                      5903   -876     6148

 COOLING
  YESTERDAY        0                         1     -1        2
  MONTH TO DATE    0                        12    -12       66
  SINCE MAR 1      2                        18    -16       66
  SINCE JAN 1      2                        18    -16       66
..................................................................


WIND (MPH)
  RESULTANT WIND SPEED   2   RESULTANT WIND DIRECTION  SE (140)
  HIGHEST WIND SPEED    16   HIGHEST WIND DIRECTION     N (10)
  HIGHEST GUST SPEED    20   HIGHEST GUST DIRECTION    NW (330)
  AVERAGE WIND SPEED     4.7


SKY COVER
  POSSIBLE SUNSHINE  MM
  AVERAGE SKY COVER 0.8


WEATHER CONDITIONS
 THE FOLLOWING WEATHER WAS RECORDED YESTERDAY.
  LIGHT RAIN


RELATIVE HUMIDITY (PERCENT)
 HIGHEST    83          1100 PM
 LOWEST     42           100 PM
 AVERAGE    63

..........................................................


THE HARTFORD CT CLIMATE NORMALS FOR TODAY
                         NORMAL    RECORD    YEAR
 MAXIMUM TEMPERATURE (F)   72        99      1996
 MINIMUM TEMPERATURE (F)   49        30      2002


SUNRISE AND SUNSET
MAY 20 2016...........SUNRISE   525 AM EDT   SUNSET   810 PM EDT
MAY 21 2016...........SUNRISE   525 AM EDT   SUNSET   811 PM EDT


-  INDICATES NEGATIVE NUMBERS.
R  INDICATES RECORD WAS SET OR TIED.
MM INDICATES DATA IS MISSING.
T  INDICATES TRACE AMOUNT.




$$
