000
CDUS41 KBOX 110544
CLIBDL


CLIMATE REPORT
NATIONAL WEATHER SERVICE TAUNTON MA
1243 AM EST WED JAN 11 2017


...................................

...THE HARTFORD CT CLIMATE SUMMARY FOR JANUARY 10 2017...

CLIMATE NORMAL PERIOD 1981 TO 2010
CLIMATE RECORD PERIOD 1904 TO 2017


WEATHER ITEM   OBSERVED TIME   RECORD YEAR NORMAL DEPARTURE LAST
                VALUE   (LST)  VALUE       VALUE  FROM      YEAR
                                                  NORMAL
..................................................................
TEMPERATURE (F)
 YESTERDAY
  MAXIMUM         36   1159 PM  59    2016  34      2       59
  MINIMUM          1    446 AM  -8    1942  17    -16       38
  AVERAGE         19                        26     -7       49

PRECIPITATION (IN)
  YESTERDAY        T             1.46 2016   0.10  -0.10     1.46
  MONTH TO DATE    1.21                      1.00   0.21     1.46
  SINCE DEC 1      3.94                      4.44  -0.50     5.71
  SINCE JAN 1      1.21                      1.00   0.21     1.46

SNOWFALL (IN)
  YESTERDAY        T             4.7  1957   0.4   -0.4      0.0
  MONTH TO DATE    4.1                       3.9    0.2       T
  SINCE DEC 1     14.3                      11.3    3.0      1.0
  SINCE JUL 1     15.8                      13.3    2.5      1.0
  SNOW DEPTH       3

DEGREE DAYS
 HEATING
  YESTERDAY       46                        39      7       16
  MONTH TO DATE  389                       387      2      338
  SINCE DEC 1   1399                      1424    -25     1008
  SINCE JUL 1   2436                      2631   -195     1992

 COOLING
  YESTERDAY        0                         0      0        0
  MONTH TO DATE    0                         0      0        0
  SINCE DEC 1      0                         0      0        0
  SINCE JAN 1      0                         0      0        0
..................................................................


WIND (MPH)
  RESULTANT WIND SPEED   2   RESULTANT WIND DIRECTION   S (170)
  HIGHEST WIND SPEED    10   HIGHEST WIND DIRECTION     S (190)
  HIGHEST GUST SPEED    13   HIGHEST GUST DIRECTION     S (180)
  AVERAGE WIND SPEED     2.6


SKY COVER
  POSSIBLE SUNSHINE  MM
  AVERAGE SKY COVER 0.8


WEATHER CONDITIONS
 THE FOLLOWING WEATHER WAS RECORDED YESTERDAY.
  NO SIGNIFICANT WEATHER WAS OBSERVED.


RELATIVE HUMIDITY (PERCENT)
 HIGHEST    89          1100 PM
 LOWEST     62          1100 AM
 AVERAGE    76

..........................................................


THE HARTFORD CT CLIMATE NORMALS FOR TODAY
                         NORMAL    RECORD    YEAR
 MAXIMUM TEMPERATURE (F)   34        60      1983
 MINIMUM TEMPERATURE (F)   17       -14      1988


SUNRISE AND SUNSET
JANUARY 11 2017.......SUNRISE   717 AM EST   SUNSET   440 PM EST
JANUARY 12 2017.......SUNRISE   717 AM EST   SUNSET   442 PM EST


-  INDICATES NEGATIVE NUMBERS.
R  INDICATES RECORD WAS SET OR TIED.
MM INDICATES DATA IS MISSING.
T  INDICATES TRACE AMOUNT.




$$
