000
CDUS41 KBOX 100539
CLIBDL


CLIMATE REPORT
NATIONAL WEATHER SERVICE TAUNTON MA
137 AM EDT WED AUG 10 2016


...................................

...THE HARTFORD CT CLIMATE SUMMARY FOR AUGUST 9 2016...

CLIMATE NORMAL PERIOD 1981 TO 2010
CLIMATE RECORD PERIOD 1904 TO 2016


WEATHER ITEM   OBSERVED TIME   RECORD YEAR NORMAL DEPARTURE LAST
                VALUE   (LST)  VALUE       VALUE  FROM      YEAR
                                                  NORMAL
..................................................................
TEMPERATURE (F)
 YESTERDAY
  MAXIMUM         90    231 PM 102    2001  84      6       82
  MINIMUM         55    500 AM  48    1989  62     -7       60
  AVERAGE         73                        73      0       71

PRECIPITATION (IN)
  YESTERDAY        0.00          3.79 2013   0.14  -0.14     0.00
  MONTH TO DATE    0.41                      1.32  -0.91     0.01
  SINCE JUN 1      4.62                      9.85  -5.23     9.77
  SINCE JAN 1     18.56                     27.66  -9.10    23.34

SNOWFALL (IN)
  YESTERDAY        0.0           0.0  2002   0.0    0.0      0.0
                                      2001
                                      2000
  MONTH TO DATE    0.0                       0.0    0.0      0.0
  SINCE JUN 1      0.0                       0.0    0.0      0.0
  SINCE JUL 1      0.0                       0.0    0.0      0.0
  SNOW DEPTH       0

DEGREE DAYS
 HEATING
  YESTERDAY        0                         0      0        0
  MONTH TO DATE    0                         0      0        0
  SINCE JUN 1     16                        43    -27       49
  SINCE JUL 1      0                         3     -3        1

 COOLING
  YESTERDAY        8                         8      0        6
  MONTH TO DATE   83                        75      8       72
  SINCE JUN 1    593                       488    105      488
  SINCE JAN 1    667                       527    140      605
..................................................................


WIND (MPH)
  RESULTANT WIND SPEED   3   RESULTANT WIND DIRECTION  SW (210)
  HIGHEST WIND SPEED    15   HIGHEST WIND DIRECTION     S (200)
  HIGHEST GUST SPEED    20   HIGHEST GUST DIRECTION     S (200)
  AVERAGE WIND SPEED     5.6


SKY COVER
  POSSIBLE SUNSHINE  MM
  AVERAGE SKY COVER 0.4


WEATHER CONDITIONS
 THE FOLLOWING WEATHER WAS RECORDED YESTERDAY.
  NO SIGNIFICANT WEATHER WAS OBSERVED.


RELATIVE HUMIDITY (PERCENT)
 HIGHEST    93           400 AM
 LOWEST     25          1200 PM
 AVERAGE    59

..........................................................


THE HARTFORD CT CLIMATE NORMALS FOR TODAY
                         NORMAL    RECORD    YEAR
 MAXIMUM TEMPERATURE (F)   84       100      1949
 MINIMUM TEMPERATURE (F)   62        45      1964


SUNRISE AND SUNSET
AUGUST 10 2016........SUNRISE   554 AM EDT   SUNSET   757 PM EDT
AUGUST 11 2016........SUNRISE   555 AM EDT   SUNSET   756 PM EDT


-  INDICATES NEGATIVE NUMBERS.
R  INDICATES RECORD WAS SET OR TIED.
MM INDICATES DATA IS MISSING.
T  INDICATES TRACE AMOUNT.




$$
