000
CDUS41 KBOX 292134
CLIBDL


CLIMATE REPORT
NATIONAL WEATHER SERVICE TAUNTON MA
530 PM EDT WED JUL 29 2015


...................................

...THE HARTFORD CT CLIMATE SUMMARY FOR JULY 29 2015...
VALID AS OF 0500 PM LOCAL TIME.

CLIMATE NORMAL PERIOD 1981 TO 2010
CLIMATE RECORD PERIOD 1904 TO 2015


WEATHER ITEM   OBSERVED TIME   RECORD YEAR NORMAL DEPARTURE LAST
                VALUE   (LST)  VALUE       VALUE  FROM      YEAR
                                                  NORMAL
..................................................................
TEMPERATURE (F)
 TODAY
  MAXIMUM         95    307 PM  96    1933  85     10       77
  MINIMUM         66    443 AM  51    1977  63      3       61
  AVERAGE         81                        74      7       69

PRECIPITATION (IN)
  TODAY            0.00          1.32 1969   0.15  -0.15     0.00
  MONTH TO DATE    2.41                      3.87  -1.46     4.49
  SINCE JUN 1      9.09                      8.22   0.87     6.20
  SINCE JAN 1     22.66                     26.03  -3.37    28.21

SNOWFALL (IN)
  TODAY            0.0           0.0  2002   0.0    0.0      0.0
                                      2001
                                      2000
  MONTH TO DATE    0.0                       0.0    0.0      0.0
  SINCE JUN 1      0.0                       0.0    0.0      0.0
  SINCE JUL 1      0.0                       0.0    0.0      0.0
  SNOW DEPTH       0

DEGREE DAYS
 HEATING
  TODAY            0                         0      0        0
  MONTH TO DATE    1                         0      1        0
  SINCE JUN 1     49                        40      9        6
  SINCE JUL 1      1                         0      1        0

 COOLING
  TODAY           16                         9      7        4
  MONTH TO DATE  256                       253      3      294
  SINCE JUN 1    388                       397     -9      442
  SINCE JAN 1    505                       436     69      474
..................................................................


WIND (MPH)
  HIGHEST WIND SPEED    13   HIGHEST WIND DIRECTION    SW (240)
  HIGHEST GUST SPEED    18   HIGHEST GUST DIRECTION     W (280)
  AVERAGE WIND SPEED     3.0


SKY COVER
  POSSIBLE SUNSHINE  MM
  AVERAGE SKY COVER 0.6


WEATHER CONDITIONS
 THE FOLLOWING WEATHER WAS RECORDED TODAY.
  NO SIGNIFICANT WEATHER WAS OBSERVED.


RELATIVE HUMIDITY (PERCENT)
 HIGHEST    93           300 AM
 LOWEST     36           100 PM
 AVERAGE    65

..........................................................


THE HARTFORD CT CLIMATE NORMALS FOR TOMORROW
                         NORMAL    RECORD    YEAR
 MAXIMUM TEMPERATURE (F)   85        98      1988
 MINIMUM TEMPERATURE (F)   63        48      1968


SUNRISE AND SUNSET
JULY 29 2015..........SUNRISE   541 AM EDT   SUNSET   813 PM EDT
JULY 30 2015..........SUNRISE   542 AM EDT   SUNSET   812 PM EDT


-  INDICATES NEGATIVE NUMBERS.
R  INDICATES RECORD WAS SET OR TIED.
MM INDICATES DATA IS MISSING.
T  INDICATES TRACE AMOUNT.




$$
