000
CDUS41 KBOX 160547
CLIBDL


CLIMATE REPORT
NATIONAL WEATHER SERVICE TAUNTON MA
142 AM EDT THU MAR 16 2017


...................................

...THE HARTFORD CT CLIMATE SUMMARY FOR MARCH 15 2017...

CLIMATE NORMAL PERIOD 1981 TO 2010
CLIMATE RECORD PERIOD 1904 TO 2017


WEATHER ITEM   OBSERVED TIME   RECORD YEAR NORMAL DEPARTURE LAST
                VALUE   (LST)  VALUE       VALUE  FROM      YEAR
                                                  NORMAL
..................................................................
TEMPERATURE (F)
 YESTERDAY
  MAXIMUM         28    211 PM  73    1990  47    -19       50
  MINIMUM         15    644 AM   6    1993  27    -12       39
  AVERAGE         22                        37    -15       45

PRECIPITATION (IN)
  YESTERDAY        T             1.69 1953   0.11  -0.11     0.25
  MONTH TO DATE    1.89                      1.65   0.24     1.29
  SINCE MAR 1      1.89                      1.65   0.24     1.29
  SINCE JAN 1      7.87                      7.77   0.10     8.12

SNOWFALL (IN)
  YESTERDAY       MM            10.0  1967   0.2   MM        0.0
  MONTH TO DATE   18.1                       3.7   14.4      0.2
  SINCE MAR 1     18.1                       3.7   14.4      0.2
  SINCE JUL 1     60.8                      36.4   24.4     17.3
  SNOW DEPTH      13

DEGREE DAYS
 HEATING
  YESTERDAY       43                        28     15       20
  MONTH TO DATE  508                       449     59      322
  SINCE MAR 1    508                       449     59      322
  SINCE JUL 1   4401                      4887   -486     3998

 COOLING
  YESTERDAY        0                         0      0        0
  MONTH TO DATE    0                         0      0        0
  SINCE MAR 1      0                         0      0        0
  SINCE JAN 1      0                         0      0        0
..................................................................


WIND (MPH)
  RESULTANT WIND SPEED  15   RESULTANT WIND DIRECTION   W (280)
  HIGHEST WIND SPEED    28   HIGHEST WIND DIRECTION     W (290)
  HIGHEST GUST SPEED    36   HIGHEST GUST DIRECTION     W (290)
  AVERAGE WIND SPEED    14.4


SKY COVER
  POSSIBLE SUNSHINE  MM
  AVERAGE SKY COVER 0.6


WEATHER CONDITIONS
 THE FOLLOWING WEATHER WAS RECORDED YESTERDAY.
  LIGHT SNOW
  HAZE


RELATIVE HUMIDITY (PERCENT)
 HIGHEST    67          1200 AM
 LOWEST     39           200 PM
 AVERAGE    53

..........................................................


THE HARTFORD CT CLIMATE NORMALS FOR TODAY
                         NORMAL    RECORD    YEAR
 MAXIMUM TEMPERATURE (F)   48        79      1990
 MINIMUM TEMPERATURE (F)   28         9      1992


SUNRISE AND SUNSET
MARCH 16 2017.........SUNRISE   701 AM EDT   SUNSET   659 PM EDT
MARCH 17 2017.........SUNRISE   659 AM EDT   SUNSET   700 PM EDT


-  INDICATES NEGATIVE NUMBERS.
R  INDICATES RECORD WAS SET OR TIED.
MM INDICATES DATA IS MISSING.
T  INDICATES TRACE AMOUNT.




$$
