000
CDUS41 KBOX 220526
CLIBDL


CLIMATE REPORT
NATIONAL WEATHER SERVICE TAUNTON MA
1226 AM EST SUN FEB 22 2015


...................................

...THE HARTFORD CT CLIMATE SUMMARY FOR FEBRUARY 21 2015...

CLIMATE NORMAL PERIOD 1981 TO 2010
CLIMATE RECORD PERIOD 1904 TO 2015


WEATHER ITEM   OBSERVED TIME   RECORD YEAR NORMAL DEPARTURE LAST
                VALUE   (LST)  VALUE       VALUE  FROM      YEAR
                                                  NORMAL
..................................................................
TEMPERATURE (F)
 YESTERDAY
  MAXIMUM         31   1159 PM  63    1930  40     -9       37
  MINIMUM         -9R   627 AM  -2    1972  22    -31       30
                                      1950
  AVERAGE         11                        31    -20       34

PRECIPITATION (IN)
  YESTERDAY        0.60          1.76 1912   0.09   0.51     0.20
  MONTH TO DATE    2.87                      2.13   0.74     3.96
  SINCE DEC 1     10.65                      8.80   1.85    11.29
  SINCE JAN 1      6.10                      5.36   0.74     7.37

SNOWFALL (IN)
  YESTERDAY        6.3           8.7  1947   0.3    6.0      0.0
  MONTH TO DATE   30.2                       8.8   21.4     27.0
  SINCE DEC 1     48.0                      28.5   19.5     50.0
  SINCE JUL 1     53.1                      30.5   22.6     50.0
  SNOW DEPTH      20

DEGREE DAYS
 HEATING
  YESTERDAY       54                        34     20       31
  MONTH TO DATE 1038                       758    280      858
  SINCE DEC 1   3225                      3001    224     3172
  SINCE JUL 1   4322                      4208    114     4404

 COOLING
  YESTERDAY        0                         0      0        0
  MONTH TO DATE    0                         0      0        0
  SINCE DEC 1      0                         0      0        0
  SINCE JAN 1      0                         0      0        0
..................................................................


WIND (MPH)
  RESULTANT WIND SPEED   7   RESULTANT WIND DIRECTION   S (190)
  HIGHEST WIND SPEED    22   HIGHEST WIND DIRECTION     S (190)
  HIGHEST GUST SPEED    29   HIGHEST GUST DIRECTION    SW (220)
  AVERAGE WIND SPEED     7.4


SKY COVER
  POSSIBLE SUNSHINE  MM
  AVERAGE SKY COVER 0.7


WEATHER CONDITIONS
 THE FOLLOWING WEATHER WAS RECORDED YESTERDAY.
  SNOW
  LIGHT SNOW
  FOG


RELATIVE HUMIDITY (PERCENT)
 HIGHEST    92          1000 PM
 LOWEST     45          1100 AM
 AVERAGE    69

..........................................................


THE HARTFORD CT CLIMATE NORMALS FOR TODAY
                         NORMAL    RECORD    YEAR
 MAXIMUM TEMPERATURE (F)   40        69      1997
 MINIMUM TEMPERATURE (F)   22        -2      1916


SUNRISE AND SUNSET
FEBRUARY 22 2015......SUNRISE   637 AM EST   SUNSET   532 PM EST
FEBRUARY 23 2015......SUNRISE   635 AM EST   SUNSET   533 PM EST


-  INDICATES NEGATIVE NUMBERS.
R  INDICATES RECORD WAS SET OR TIED.
MM INDICATES DATA IS MISSING.
T  INDICATES TRACE AMOUNT.




$$
