000
CDUS41 KBOX 090552
CLIBDL


CLIMATE REPORT
NATIONAL WEATHER SERVICE TAUNTON MA
1241 AM EST FRI FEB 9 2018


...................................

...THE HARTFORD CT CLIMATE SUMMARY FOR FEBRUARY 8 2018...

CLIMATE NORMAL PERIOD 1981 TO 2010
CLIMATE RECORD PERIOD 1904 TO 2018


WEATHER ITEM   OBSERVED TIME   RECORD YEAR NORMAL DEPARTURE LAST
                VALUE   (LST)  VALUE       VALUE  FROM      YEAR
                                                  NORMAL
..................................................................
TEMPERATURE (F)
 YESTERDAY
  MAXIMUM         29    209 PM  63    1933  37     -8       50
  MINIMUM         18   1159 PM -13    1967  20     -2       30
  AVERAGE         24                        28     -4       40

PRECIPITATION (IN)
  YESTERDAY        T             1.39 1945   0.10  -0.10     0.10
  MONTH TO DATE    1.71                      0.82   0.89     0.35
  SINCE DEC 1      7.98                      7.49   0.49     6.57
  SINCE JAN 1      5.57                      4.05   1.52     3.84

SNOWFALL (IN)
  YESTERDAY        0.1          13.4  2013   0.4   -0.3      0.0
                                      1945
  MONTH TO DATE    2.4                       3.5   -1.1      0.7
  SINCE DEC 1     25.9                      23.2    2.7     19.3
  SINCE JUL 1     25.9                      25.2    0.7     20.8
  SNOW DEPTH       1

DEGREE DAYS
 HEATING
  YESTERDAY       41                        37      4       25
  MONTH TO DATE  306                       299      7      267
  SINCE DEC 1   2692                      2542    150     2270
  SINCE JUL 1   3683                      3749    -66     3307

 COOLING
  YESTERDAY        0                         0      0        0
  MONTH TO DATE    0                         0      0        0
  SINCE DEC 1      0                         0      0        0
  SINCE JAN 1      0                         0      0        0
..................................................................


WIND (MPH)
  RESULTANT WIND SPEED   6   RESULTANT WIND DIRECTION  NW (310)
  HIGHEST WIND SPEED    21   HIGHEST WIND DIRECTION    NW (320)
  HIGHEST GUST SPEED    28   HIGHEST GUST DIRECTION    NW (300)
  AVERAGE WIND SPEED     6.4


SKY COVER
  POSSIBLE SUNSHINE  MM
  AVERAGE SKY COVER 0.5


WEATHER CONDITIONS
 THE FOLLOWING WEATHER WAS RECORDED YESTERDAY.
  LIGHT SNOW
  HAZE


RELATIVE HUMIDITY (PERCENT)
 HIGHEST    91          1100 PM
 LOWEST     58           300 PM
 AVERAGE    75

..........................................................


THE HARTFORD CT CLIMATE NORMALS FOR TODAY
                         NORMAL    RECORD    YEAR
 MAXIMUM TEMPERATURE (F)   37        58      1990
 MINIMUM TEMPERATURE (F)   20       -15      1934


SUNRISE AND SUNSET
FEBRUARY  9 2018......SUNRISE   654 AM EST   SUNSET   516 PM EST
FEBRUARY 10 2018......SUNRISE   653 AM EST   SUNSET   517 PM EST


-  INDICATES NEGATIVE NUMBERS.
R  INDICATES RECORD WAS SET OR TIED.
MM INDICATES DATA IS MISSING.
T  INDICATES TRACE AMOUNT.




$$
