000
CDUS41 KBOX 012138
CLIBDL


CLIMATE REPORT
NATIONAL WEATHER SERVICE TAUNTON MA
536 PM EDT SUN OCT 1 2017


...................................

...THE HARTFORD CT CLIMATE SUMMARY FOR OCTOBER 1 2017...
VALID AS OF 0500 PM LOCAL TIME.

CLIMATE NORMAL PERIOD 1981 TO 2010
CLIMATE RECORD PERIOD 1904 TO 2017


WEATHER ITEM   OBSERVED TIME   RECORD YEAR NORMAL DEPARTURE LAST
                VALUE   (LST)  VALUE       VALUE  FROM      YEAR
                                                  NORMAL
..................................................................
TEMPERATURE (F)
 TODAY
  MAXIMUM         69    359 PM  89    1927  69      0       56
  MINIMUM         41    506 AM  30    1992  46     -5       49
  AVERAGE         55                        58     -3       53

PRECIPITATION (IN)
  TODAY            0.00          2.26 2010   0.15  -0.15     0.06
  MONTH TO DATE    0.00                      0.15  -0.15     0.06
  SINCE SEP 1      2.25                      4.03  -1.78     2.48
  SINCE JAN 1     33.36                     34.30  -0.94    24.82

SNOWFALL (IN)
  TODAY            0.0           T    1981   0.0    0.0      0.0
  MONTH TO DATE    0.0                       0.0    0.0      0.0
  SINCE SEP 1      0.0                       0.0    0.0      0.0
  SINCE JUL 1      0.0                       0.0    0.0      0.0
  SNOW DEPTH       0

DEGREE DAYS
 HEATING
  TODAY           10                         8      2       12
  MONTH TO DATE   10                         8      2       12
  SINCE SEP 1     69                       118    -49       70
  SINCE JUL 1     85                       130    -45       70

 COOLING
  TODAY            0                         1     -1        0
  MONTH TO DATE    0                         1     -1        0
  SINCE SEP 1    142                        75     67      126
  SINCE JAN 1    829                       750     79     1056
..................................................................


WIND (MPH)
  HIGHEST WIND SPEED    10   HIGHEST WIND DIRECTION     W (290)
  HIGHEST GUST SPEED    13   HIGHEST GUST DIRECTION     E (70)
  AVERAGE WIND SPEED     3.1


SKY COVER
  POSSIBLE SUNSHINE  MM
  AVERAGE SKY COVER 0.2


WEATHER CONDITIONS
 THE FOLLOWING WEATHER WAS RECORDED TODAY.
  NO SIGNIFICANT WEATHER WAS OBSERVED.


RELATIVE HUMIDITY (PERCENT)
 HIGHEST    96           500 AM
 LOWEST     32           400 PM
 AVERAGE    64

..........................................................


THE HARTFORD CT CLIMATE NORMALS FOR TOMORROW
                         NORMAL    RECORD    YEAR
 MAXIMUM TEMPERATURE (F)   69        91      1927
 MINIMUM TEMPERATURE (F)   46        32      1960


SUNRISE AND SUNSET
OCTOBER  1 2017.......SUNRISE   648 AM EDT   SUNSET   632 PM EDT
OCTOBER  2 2017.......SUNRISE   649 AM EDT   SUNSET   630 PM EDT


-  INDICATES NEGATIVE NUMBERS.
R  INDICATES RECORD WAS SET OR TIED.
MM INDICATES DATA IS MISSING.
T  INDICATES TRACE AMOUNT.




$$
