000
CDUS41 KBOX 260555
CLIBDL


CLIMATE REPORT
NATIONAL WEATHER SERVICE TAUNTON MA
144 AM EDT MON SEP 26 2016


...................................

...THE HARTFORD CT CLIMATE SUMMARY FOR SEPTEMBER 25 2016...

CLIMATE NORMAL PERIOD 1981 TO 2010
CLIMATE RECORD PERIOD 1904 TO 2016


WEATHER ITEM   OBSERVED TIME   RECORD YEAR NORMAL DEPARTURE LAST
                VALUE   (LST)  VALUE       VALUE  FROM      YEAR
                                                  NORMAL
..................................................................
TEMPERATURE (F)
 YESTERDAY
  MAXIMUM         68    134 PM  90    2007  71     -3       72
  MINIMUM         41    538 AM  30    1963  49     -8       50
  AVERAGE         55                        60     -5       61

PRECIPITATION (IN)
  YESTERDAY        0.00          3.25 1991   0.14  -0.14     0.00
  MONTH TO DATE    1.74                      3.12  -1.38     2.43
  SINCE SEP 1      1.74                      3.12  -1.38     2.43
  SINCE JAN 1     24.08                     33.39  -9.31    27.84

SNOWFALL (IN)
  YESTERDAY        0.0           0.0  2002   0.0    0.0      0.0
                                      2001
                                      2000
  MONTH TO DATE    0.0                       0.0    0.0      0.0
  SINCE SEP 1      0.0                       0.0    0.0      0.0
  SINCE JUL 1      0.0                       0.0    0.0      0.0
  SNOW DEPTH       0

DEGREE DAYS
 HEATING
  YESTERDAY       10                         6      4        4
  MONTH TO DATE   26                        74    -48       19
  SINCE SEP 1     26                        74    -48       19
  SINCE JUL 1     26                        86    -60       20

 COOLING
  YESTERDAY        0                         1     -1        0
  MONTH TO DATE  126                        71     55      138
  SINCE SEP 1    126                        71     55      138
  SINCE JAN 1   1056                       746    310      952
..................................................................


WIND (MPH)
  RESULTANT WIND SPEED   6   RESULTANT WIND DIRECTION   N (350)
  HIGHEST WIND SPEED    18   HIGHEST WIND DIRECTION    NW (310)
  HIGHEST GUST SPEED    27   HIGHEST GUST DIRECTION     N (340)
  AVERAGE WIND SPEED     6.2


SKY COVER
  POSSIBLE SUNSHINE  MM
  AVERAGE SKY COVER 0.1


WEATHER CONDITIONS
 THE FOLLOWING WEATHER WAS RECORDED YESTERDAY.
  NO SIGNIFICANT WEATHER WAS OBSERVED.


RELATIVE HUMIDITY (PERCENT)
 HIGHEST    89           100 AM
 LOWEST     29           100 PM
 AVERAGE    59

..........................................................


THE HARTFORD CT CLIMATE NORMALS FOR TODAY
                         NORMAL    RECORD    YEAR
 MAXIMUM TEMPERATURE (F)   71        93      2007
 MINIMUM TEMPERATURE (F)   48        33      1978


SUNRISE AND SUNSET
SEPTEMBER 26 2016.....SUNRISE   643 AM EDT   SUNSET   640 PM EDT
SEPTEMBER 27 2016.....SUNRISE   644 AM EDT   SUNSET   638 PM EDT


-  INDICATES NEGATIVE NUMBERS.
R  INDICATES RECORD WAS SET OR TIED.
MM INDICATES DATA IS MISSING.
T  INDICATES TRACE AMOUNT.




$$
