000
CDUS41 KBOX 191535
CLIBDL


CLIMATE REPORT
NATIONAL WEATHER SERVICE TAUNTON MA
1035 AM EST WED NOV 19 2014


...................................

...THE HARTFORD CT CLIMATE SUMMARY FOR NOVEMBER 18 2014...

CLIMATE NORMAL PERIOD 1981 TO 2010
CLIMATE RECORD PERIOD 1904 TO 2014


WEATHER ITEM   OBSERVED TIME   RECORD YEAR NORMAL DEPARTURE LAST
                VALUE   (LST)  VALUE       VALUE  FROM      YEAR
                                                  NORMAL
..................................................................
TEMPERATURE (F)
 YESTERDAY
  MAXIMUM         42    202 AM  73    1963  51     -9       65
                                      1953
  MINIMUM         24   1159 PM  15    1936  33     -9       46
                                      1924
  AVERAGE         33                        42     -9       56

PRECIPITATION (IN)
  YESTERDAY        0.00          1.23 1929   0.14  -0.14     0.17
  MONTH TO DATE    1.83                      2.29  -0.46     0.43
  SINCE SEP 1      7.37                     10.54  -3.17     6.20
  SINCE JAN 1     39.34                     40.81  -1.47    44.20

SNOWFALL (IN)
  YESTERDAY        0.0           5.9  1980   0.0    0.0      0.0
  MONTH TO DATE    T                         0.8   -0.8       T
  SINCE SEP 1      T                         0.8   -0.8       T
  SINCE JUL 1      T                         0.8   -0.8       T
  SNOW DEPTH       0

DEGREE DAYS
 HEATING
  YESTERDAY       32                        23      9        9
  MONTH TO DATE  391                       370     21      365
  SINCE SEP 1    774                       887   -113      846
  SINCE JUL 1    776                       899   -123      848

 COOLING
  YESTERDAY        0                         0      0        0
  MONTH TO DATE    0                         0      0        0
  SINCE SEP 1    112                        81     31       70
  SINCE JAN 1    771                       756     15      894
..................................................................


WIND (MPH)
  RESULTANT WIND SPEED   9   RESULTANT WIND DIRECTION   W (280)
  HIGHEST WIND SPEED    23   HIGHEST WIND DIRECTION     W (250)
  HIGHEST GUST SPEED    30   HIGHEST GUST DIRECTION     W (260)
  AVERAGE WIND SPEED    11.2


SKY COVER
  POSSIBLE SUNSHINE  MM
  AVERAGE SKY COVER 0.6


WEATHER CONDITIONS
 THE FOLLOWING WEATHER WAS RECORDED YESTERDAY.
  FOG


RELATIVE HUMIDITY (PERCENT)
 HIGHEST    92          1200 AM
 LOWEST     32           200 PM
 AVERAGE    62

..........................................................


THE HARTFORD CT CLIMATE NORMALS FOR TODAY
                         NORMAL    RECORD    YEAR
 MAXIMUM TEMPERATURE (F)   50        71      1941
 MINIMUM TEMPERATURE (F)   33        12      1924


SUNRISE AND SUNSET
NOVEMBER 19 2014......SUNRISE   645 AM EST   SUNSET   427 PM EST
NOVEMBER 20 2014......SUNRISE   646 AM EST   SUNSET   426 PM EST


-  INDICATES NEGATIVE NUMBERS.
R  INDICATES RECORD WAS SET OR TIED.
MM INDICATES DATA IS MISSING.
T  INDICATES TRACE AMOUNT.




$$
