000
CDUS41 KBOX 190535
CLIBDL


CLIMATE REPORT
NATIONAL WEATHER SERVICE TAUNTON MA
135 AM EDT TUE MAY 19 2015


...................................

...THE HARTFORD CT CLIMATE SUMMARY FOR MAY 18 2015...

CLIMATE NORMAL PERIOD 1981 TO 2010
CLIMATE RECORD PERIOD 1904 TO 2015


WEATHER ITEM   OBSERVED TIME   RECORD YEAR NORMAL DEPARTURE LAST
                VALUE   (LST)  VALUE       VALUE  FROM      YEAR
                                                  NORMAL
..................................................................
TEMPERATURE (F)
 YESTERDAY
  MAXIMUM         80    225 PM  90    1936  72      8       70
  MINIMUM         57    250 AM  31    1984  48      9       44
  AVERAGE         69                        60      9       57

PRECIPITATION (IN)
  YESTERDAY        0.00          1.94 1922   0.14  -0.14     0.00
  MONTH TO DATE    0.02                      2.30  -2.28     2.89
  SINCE MAR 1      6.08                      9.64  -3.56    13.07
  SINCE JAN 1     12.26                     15.76  -3.50    20.44

SNOWFALL (IN)
  YESTERDAY        0.0           0.0  2001   0.0    0.0      0.0
                                      2000
  MONTH TO DATE    0.0                       0.0    0.0      0.0
  SINCE MAR 1      9.0                       7.8    1.2      1.0
  SINCE JUL 1     63.8                      40.5   23.3     51.1
  SNOW DEPTH       0

DEGREE DAYS
 HEATING
  YESTERDAY        0                         6     -6        8
  MONTH TO DATE   45                       144    -99      102
  SINCE MAR 1   1503                      1459     44     1620
  SINCE JUL 1   6148                      5897    251     6299

 COOLING
  YESTERDAY        4                         1      3        0
  MONTH TO DATE   64                        11     53       20
  SINCE MAR 1     64                        17     47       21
  SINCE JAN 1     64                        17     47       21
..................................................................


WIND (MPH)
  RESULTANT WIND SPEED   5   RESULTANT WIND DIRECTION  SE (150)
  HIGHEST WIND SPEED    18   HIGHEST WIND DIRECTION     S (180)
  HIGHEST GUST SPEED    23   HIGHEST GUST DIRECTION     S (170)
  AVERAGE WIND SPEED     9.2


SKY COVER
  POSSIBLE SUNSHINE  MM
  AVERAGE SKY COVER 0.7


WEATHER CONDITIONS
 THE FOLLOWING WEATHER WAS RECORDED YESTERDAY.
  NO SIGNIFICANT WEATHER WAS OBSERVED.


RELATIVE HUMIDITY (PERCENT)
 HIGHEST    86           200 AM
 LOWEST     43           100 PM
 AVERAGE    65

..........................................................


THE HARTFORD CT CLIMATE NORMALS FOR TODAY
                         NORMAL    RECORD    YEAR
 MAXIMUM TEMPERATURE (F)   72        94      1962
 MINIMUM TEMPERATURE (F)   49        34      2009


SUNRISE AND SUNSET
MAY 19 2015...........SUNRISE   527 AM EDT   SUNSET   808 PM EDT
MAY 20 2015...........SUNRISE   526 AM EDT   SUNSET   809 PM EDT


-  INDICATES NEGATIVE NUMBERS.
R  INDICATES RECORD WAS SET OR TIED.
MM INDICATES DATA IS MISSING.
T  INDICATES TRACE AMOUNT.




$$
