000
CDUS41 KBOX 202142
CLIBDL


CLIMATE REPORT
NATIONAL WEATHER SERVICE TAUNTON MA
540 PM EDT MON JUL 20 2015


...................................

...THE HARTFORD CT CLIMATE SUMMARY FOR JULY 20 2015...
VALID TODAY AS OF 0500 PM LOCAL TIME.

CLIMATE NORMAL PERIOD 1981 TO 2010
CLIMATE RECORD PERIOD 1904 TO 2015


WEATHER ITEM   OBSERVED TIME   RECORD YEAR NORMAL DEPARTURE LAST
                VALUE   (LST)  VALUE       VALUE  FROM      YEAR
                                                  NORMAL
..................................................................
TEMPERATURE (F)
 TODAY
  MAXIMUM         92    326 PM 100    1991  85      7       82
  MINIMUM         72    425 AM  50    1929  63      9       60
  AVERAGE         82                        74      8       71

PRECIPITATION (IN)
  TODAY            0.00          2.25 1949   0.13  -0.13      T
  MONTH TO DATE    2.35                      2.57  -0.22     3.32
  SINCE JUN 1      9.03                      6.92   2.11     5.03
  SINCE JAN 1     22.60                     24.73  -2.13    27.04

SNOWFALL (IN)
  TODAY            0.0           0.0  2002   0.0    0.0      0.0
                                      2001
                                      2000
  MONTH TO DATE    0.0                       0.0    0.0      0.0
  SINCE JUN 1      0.0                       0.0    0.0      0.0
  SINCE JUL 1      0.0                       0.0    0.0      0.0
  SNOW DEPTH       0

DEGREE DAYS
 HEATING
  TODAY            0                         0      0        0
  MONTH TO DATE    1                         0      1        0
  SINCE JUN 1     49                        40      9        6
  SINCE JUL 1      1                         0      1        0

 COOLING
  TODAY           17                         9      8        6
  MONTH TO DATE  166                       172     -6      211
  SINCE JUN 1    298                       316    -18      359
  SINCE JAN 1    415                       355     60      391
..................................................................


WIND (MPH)
  HIGHEST WIND SPEED    14   HIGHEST WIND DIRECTION    NW (310)
  HIGHEST GUST SPEED    19   HIGHEST GUST DIRECTION     W (280)
  AVERAGE WIND SPEED     6.0


SKY COVER
  POSSIBLE SUNSHINE  MM
  AVERAGE SKY COVER 0.5


WEATHER CONDITIONS
 THE FOLLOWING WEATHER WAS RECORDED TODAY.
  FOG


RELATIVE HUMIDITY (PERCENT)
 HIGHEST    94           200 AM
 LOWEST     44           300 PM
 AVERAGE    69

..........................................................


THE HARTFORD CT CLIMATE NORMALS FOR TOMORROW
                         NORMAL    RECORD    YEAR
 MAXIMUM TEMPERATURE (F)   85       101      1991
                                             1977
 MINIMUM TEMPERATURE (F)   63        50      1974
                                             1966


SUNRISE AND SUNSET
JULY 20 2015..........SUNRISE   533 AM EDT   SUNSET   821 PM EDT
JULY 21 2015..........SUNRISE   534 AM EDT   SUNSET   820 PM EDT


-  INDICATES NEGATIVE NUMBERS.
R  INDICATES RECORD WAS SET OR TIED.
MM INDICATES DATA IS MISSING.
T  INDICATES TRACE AMOUNT.




$$
