000
CDUS41 KBOX 191720
CLIBDL


CLIMATE REPORT
NATIONAL WEATHER SERVICE TAUNTON MA
116 PM EDT MON JUN 19 2017


...................................

...THE HARTFORD CT CLIMATE SUMMARY FOR JUNE 18 2017...

CLIMATE NORMAL PERIOD 1981 TO 2010
CLIMATE RECORD PERIOD 1904 TO 2017


WEATHER ITEM   OBSERVED TIME   RECORD YEAR NORMAL DEPARTURE LAST
                VALUE   (LST)  VALUE       VALUE  FROM      YEAR
                                                  NORMAL
..................................................................
TEMPERATURE (F)
 YESTERDAY
  MAXIMUM         86        MM  95    1994  80      6       87
                                      1957
  MINIMUM         73        MM  40    1958  58     15       52
  AVERAGE         80                        69     11       70

PRECIPITATION (IN)
  YESTERDAY        T             1.39 2009   0.14  -0.14     0.00
  MONTH TO DATE    1.34                      2.89  -1.55     1.67
  SINCE JUN 1      1.34                      2.89  -1.55     1.67
  SINCE JAN 1     19.61                     20.70  -1.09    15.61

SNOWFALL (IN)
  YESTERDAY       MM             0.0  2002   0.0   MM        0.0
                                      2001
                                      2000
  MONTH TO DATE    0.0                       0.0    0.0      0.0
  SINCE JUN 1      0.0                       0.0    0.0      0.0
  SINCE JUL 1     62.3                      40.5   21.8     26.9
  SNOW DEPTH       0

DEGREE DAYS
 HEATING
  YESTERDAY        0                         1     -1        0
  MONTH TO DATE   43                        35      8       16
  SINCE JUN 1     43                        35      8       16
  SINCE JUL 1   5514                      5993   -479     5060

 COOLING
  YESTERDAY       15                         5     10        5
  MONTH TO DATE   80                        67     13       63
  SINCE JUN 1     80                        67     13       63
  SINCE JAN 1    140                       106     34      137
..................................................................


WIND (MPH)
  RESULTANT WIND SPEED  12   RESULTANT WIND DIRECTION   S (180)
  HIGHEST WIND SPEED    18   HIGHEST WIND DIRECTION     S (190)
  HIGHEST GUST SPEED    30   HIGHEST GUST DIRECTION     S (180)
  AVERAGE WIND SPEED    12.5


SKY COVER
  POSSIBLE SUNSHINE  MM
  AVERAGE SKY COVER 0.8


WEATHER CONDITIONS
 THE FOLLOWING WEATHER WAS RECORDED YESTERDAY.
  LIGHT RAIN
  FOG


RELATIVE HUMIDITY (PERCENT)
 HIGHEST   100           200 AM
 LOWEST     65           200 PM
 AVERAGE    83

..........................................................


THE HARTFORD CT CLIMATE NORMALS FOR TODAY
                         NORMAL    RECORD    YEAR
 MAXIMUM TEMPERATURE (F)   81        95      1995
 MINIMUM TEMPERATURE (F)   59        45      1956


SUNRISE AND SUNSET
JUNE 19 2017..........SUNRISE   515 AM EDT   SUNSET   829 PM EDT
JUNE 20 2017..........SUNRISE   515 AM EDT   SUNSET   829 PM EDT


-  INDICATES NEGATIVE NUMBERS.
R  INDICATES RECORD WAS SET OR TIED.
MM INDICATES DATA IS MISSING.
T  INDICATES TRACE AMOUNT.




$$
