000
CDUS41 KBOX 130548
CLIBDL


CLIMATE REPORT
NATIONAL WEATHER SERVICE TAUNTON MA
143 AM EDT WED AUG 13 2014


...................................

...THE HARTFORD CT CLIMATE SUMMARY FOR AUGUST 12 2014...

CLIMATE NORMAL PERIOD 1981 TO 2010
CLIMATE RECORD PERIOD 1904 TO 2014


WEATHER ITEM   OBSERVED TIME   RECORD YEAR NORMAL DEPARTURE LAST
                VALUE   (LST)  VALUE       VALUE  FROM      YEAR
                                                  NORMAL
..................................................................
TEMPERATURE (F)
 YESTERDAY
  MAXIMUM         84   1244 PM  98    1944  84      0       83
  MINIMUM         60    517 AM  47    2006  62     -2       61
                                      1968
  AVERAGE         72                        73     -1       72

PRECIPITATION (IN)
  YESTERDAY        T             2.08 1955   0.12  -0.12     0.00
  MONTH TO DATE    0.97                      1.72  -0.75     5.06
  SINCE JUN 1      7.17                     10.25  -3.08    20.04
  SINCE JAN 1     29.18                     28.06   1.12    36.18

SNOWFALL (IN)
  YESTERDAY        0.0           0.0  2002   0.0    0.0      0.0
                                      2001
                                      2000
  MONTH TO DATE    0.0                       0.0    0.0      0.0
  SINCE JUN 1      0.0                       0.0    0.0      0.0
  SINCE JUL 1      0.0                       0.0    0.0      0.0
  SNOW DEPTH       0

DEGREE DAYS
 HEATING
  YESTERDAY        0                         0      0        0
  MONTH TO DATE    0                         0      0        0
  SINCE JUN 1      6                        43    -37       35
  SINCE JUL 1      0                         3     -3        2

 COOLING
  YESTERDAY        7                         8     -1        7
  MONTH TO DATE   83                        99    -16       68
  SINCE JUN 1    535                       512     23      656
  SINCE JAN 1    567                       551     16      710
..................................................................


WIND (MPH)
  RESULTANT WIND SPEED   8   RESULTANT WIND DIRECTION  SE (150)
  HIGHEST WIND SPEED    20   HIGHEST WIND DIRECTION    SE (150)
  HIGHEST GUST SPEED    25   HIGHEST GUST DIRECTION     S (160)
  AVERAGE WIND SPEED     8.6


SKY COVER
  POSSIBLE SUNSHINE  MM
  AVERAGE SKY COVER 0.9


WEATHER CONDITIONS
 THE FOLLOWING WEATHER WAS RECORDED YESTERDAY.
  NO SIGNIFICANT WEATHER WAS OBSERVED.


RELATIVE HUMIDITY (PERCENT)
 HIGHEST    93           300 AM
 LOWEST     42           200 PM
 AVERAGE    68

..........................................................


THE HARTFORD CT CLIMATE NORMALS FOR TODAY
                         NORMAL    RECORD    YEAR
 MAXIMUM TEMPERATURE (F)   83        98      2002
 MINIMUM TEMPERATURE (F)   62        45      1957


SUNRISE AND SUNSET
AUGUST 13 2014........SUNRISE   557 AM EDT   SUNSET   754 PM EDT
AUGUST 14 2014........SUNRISE   558 AM EDT   SUNSET   752 PM EDT


-  INDICATES NEGATIVE NUMBERS.
R  INDICATES RECORD WAS SET OR TIED.
MM INDICATES DATA IS MISSING.
T  INDICATES TRACE AMOUNT.




$$
