518
CDUS41 KBOX 140549
CLIBDL


CLIMATE REPORT
NATIONAL WEATHER SERVICE TAUNTON MA
141 AM EDT SAT OCT 14 2017


...................................

...THE HARTFORD CT CLIMATE SUMMARY FOR OCTOBER 13 2017...

CLIMATE NORMAL PERIOD 1981 TO 2010
CLIMATE RECORD PERIOD 1904 TO 2017


WEATHER ITEM   OBSERVED TIME   RECORD YEAR NORMAL DEPARTURE LAST
                VALUE   (LST)  VALUE       VALUE  FROM      YEAR
                                                  NORMAL
..................................................................
TEMPERATURE (F)
 YESTERDAY
  MAXIMUM         68    329 PM  87    1954  64      4       70
  MINIMUM         37    620 AM  27    2012  42     -5       47
  AVERAGE         53                        53      0       59

PRECIPITATION (IN)
  YESTERDAY        0.00          2.22 1990   0.15  -0.15      T
  MONTH TO DATE    0.89                      1.96  -1.07     0.45
  SINCE SEP 1      3.14                      5.84  -2.70     2.87
  SINCE JAN 1     34.25                     36.11  -1.86    25.21

SNOWFALL (IN)
  YESTERDAY        0.0           T    1932   0.0    0.0      0.0
  MONTH TO DATE    0.0                       0.0    0.0      0.0
  SINCE SEP 1      0.0                       0.0    0.0      0.0
  SINCE JUL 1      0.0                       0.0    0.0      0.0
  SNOW DEPTH       0

DEGREE DAYS
 HEATING
  YESTERDAY       12                        12      0        6
  MONTH TO DATE   57                       133    -76      120
  SINCE SEP 1    116                       243   -127      178
  SINCE JUL 1    132                       255   -123      178

 COOLING
  YESTERDAY        0                         0      0        0
  MONTH TO DATE   28                         5     23        0
  SINCE SEP 1    170                        79     91      126
  SINCE JAN 1    857                       754    103     1056
..................................................................


WIND (MPH)
  RESULTANT WIND SPEED   1   RESULTANT WIND DIRECTION   E (70)
  HIGHEST WIND SPEED    14   HIGHEST WIND DIRECTION     S (160)
  HIGHEST GUST SPEED    19   HIGHEST GUST DIRECTION    SW (210)
  AVERAGE WIND SPEED     5.5


SKY COVER
  POSSIBLE SUNSHINE  MM
  AVERAGE SKY COVER 0.3


WEATHER CONDITIONS
 THE FOLLOWING WEATHER WAS RECORDED YESTERDAY.
  NO SIGNIFICANT WEATHER WAS OBSERVED.


RELATIVE HUMIDITY (PERCENT)
 HIGHEST   100           300 AM
 LOWEST     42           400 PM
 AVERAGE    71

..........................................................


THE HARTFORD CT CLIMATE NORMALS FOR TODAY
                         NORMAL    RECORD    YEAR
 MAXIMUM TEMPERATURE (F)   64        82      1954
 MINIMUM TEMPERATURE (F)   41        25      1993


SUNRISE AND SUNSET
OCTOBER 14 2017.......SUNRISE   702 AM EDT   SUNSET   610 PM EDT
OCTOBER 15 2017.......SUNRISE   703 AM EDT   SUNSET   609 PM EDT


-  INDICATES NEGATIVE NUMBERS.
R  INDICATES RECORD WAS SET OR TIED.
MM INDICATES DATA IS MISSING.
T  INDICATES TRACE AMOUNT.




$$
