968
CDUS41 KBOX 180600
CLIBDL


CLIMATE REPORT
NATIONAL WEATHER SERVICE TAUNTON MA
1250 AM EST THU JAN 18 2018


...................................

...THE HARTFORD CT CLIMATE SUMMARY FOR JANUARY 17 2018...

CLIMATE NORMAL PERIOD 1981 TO 2010
CLIMATE RECORD PERIOD 1904 TO 2018


WEATHER ITEM   OBSERVED TIME   RECORD YEAR NORMAL DEPARTURE LAST
                VALUE   (LST)  VALUE       VALUE  FROM      YEAR
                                                  NORMAL
..................................................................
TEMPERATURE (F)
 YESTERDAY
  MAXIMUM         32    551 PM  60    1973  34     -2       40
  MINIMUM         16   1159 PM  -9    1971  17     -1       26
  AVERAGE         24                        26     -2       33

PRECIPITATION (IN)
  YESTERDAY        0.26          1.11 1994   0.10   0.16     0.27
  MONTH TO DATE    2.90                      1.75   1.15     1.93
  SINCE DEC 1      5.31                      5.19   0.12     4.66
  SINCE JAN 1      2.90                      1.75   1.15     1.93

SNOWFALL (IN)
  YESTERDAY        3.0           8.2  1978   0.4    2.6       T
  MONTH TO DATE   13.2                       6.7    6.5      4.1
  SINCE DEC 1     23.0                      14.1    8.9     14.3
  SINCE JUL 1     23.0                      16.1    6.9     15.8
  SNOW DEPTH       2

DEGREE DAYS
 HEATING
  YESTERDAY       41                        39      2       32
  MONTH TO DATE  754                       660     94      597
  SINCE DEC 1   1913                      1697    216     1607
  SINCE JUL 1   2904                      2904      0     2644

 COOLING
  YESTERDAY        0                         0      0        0
  MONTH TO DATE    0                         0      0        0
  SINCE DEC 1      0                         0      0        0
  SINCE JAN 1      0                         0      0        0
..................................................................


WIND (MPH)
  RESULTANT WIND SPEED   6   RESULTANT WIND DIRECTION   N (350)
  HIGHEST WIND SPEED    14   HIGHEST WIND DIRECTION    NW (320)
  HIGHEST GUST SPEED    18   HIGHEST GUST DIRECTION    NW (300)
  AVERAGE WIND SPEED     6.6


SKY COVER
  POSSIBLE SUNSHINE  MM
  AVERAGE SKY COVER 0.9


WEATHER CONDITIONS
 THE FOLLOWING WEATHER WAS RECORDED YESTERDAY.
  LT FREEZING RAIN
  SNOW
  LIGHT SNOW
  FOG


RELATIVE HUMIDITY (PERCENT)
 HIGHEST   100           200 AM
 LOWEST     67          1100 PM
 AVERAGE    84

..........................................................


THE HARTFORD CT CLIMATE NORMALS FOR TODAY
                         NORMAL    RECORD    YEAR
 MAXIMUM TEMPERATURE (F)   34        63      1990
                                             1973
 MINIMUM TEMPERATURE (F)   17       -17      1957


SUNRISE AND SUNSET
JANUARY 18 2018.......SUNRISE   715 AM EST   SUNSET   448 PM EST
JANUARY 19 2018.......SUNRISE   714 AM EST   SUNSET   449 PM EST


-  INDICATES NEGATIVE NUMBERS.
R  INDICATES RECORD WAS SET OR TIED.
MM INDICATES DATA IS MISSING.
T  INDICATES TRACE AMOUNT.




$$
