000
CDUS41 KBOX 220601
CLIBDL


CLIMATE REPORT
NATIONAL WEATHER SERVICE TAUNTON MA
149 AM EDT FRI APR 22 2016


...................................

...THE HARTFORD CT CLIMATE SUMMARY FOR APRIL 21 2016...

CLIMATE NORMAL PERIOD 1981 TO 2010
CLIMATE RECORD PERIOD 1904 TO 2016


WEATHER ITEM   OBSERVED TIME   RECORD YEAR NORMAL DEPARTURE LAST
                VALUE   (LST)  VALUE       VALUE  FROM      YEAR
                                                  NORMAL
..................................................................
TEMPERATURE (F)
 YESTERDAY
  MAXIMUM         77    209 PM  87    1923  63     14       66
  MINIMUM         33    504 AM  27    1961  40     -7       46
  AVERAGE         55                        52      3       56

PRECIPITATION (IN)
  YESTERDAY        T             2.08 1991   0.12  -0.12     0.38
  MONTH TO DATE    1.60                      2.60  -1.00     3.33
  SINCE MAR 1      3.80                      6.22  -2.42     5.99
  SINCE JAN 1     10.63                     12.34  -1.71    12.17

SNOWFALL (IN)
  YESTERDAY        0.0           0.6  1947   0.0    0.0      0.0
  MONTH TO DATE    6.9                       1.3    5.6      0.0
  SINCE MAR 1      9.8                       7.7    2.1      9.0
  SINCE JUL 1     26.9                      40.4  -13.5     63.8
  SNOW DEPTH       0

DEGREE DAYS
 HEATING
  YESTERDAY       10                        14     -4        9
  MONTH TO DATE  410                       366     44      335
  SINCE MAR 1   1054                      1209   -155     1333
  SINCE JUL 1   4730                      5647   -917     5978

 COOLING
  YESTERDAY        0                         0      0        0
  MONTH TO DATE    0                         0      0        0
  SINCE MAR 1      0                         0      0        0
  SINCE JAN 1      0                         0      0        0
..................................................................


WIND (MPH)
  RESULTANT WIND SPEED   8   RESULTANT WIND DIRECTION   S (190)
  HIGHEST WIND SPEED    22   HIGHEST WIND DIRECTION     S (180)
  HIGHEST GUST SPEED    30   HIGHEST GUST DIRECTION     S (180)
  AVERAGE WIND SPEED     8.5


SKY COVER
  POSSIBLE SUNSHINE  MM
  AVERAGE SKY COVER 0.6


WEATHER CONDITIONS
 THE FOLLOWING WEATHER WAS RECORDED YESTERDAY.
  NO SIGNIFICANT WEATHER WAS OBSERVED.


RELATIVE HUMIDITY (PERCENT)
 HIGHEST    89           500 AM
 LOWEST     15           100 PM
 AVERAGE    52

..........................................................


THE HARTFORD CT CLIMATE NORMALS FOR TODAY
                         NORMAL    RECORD    YEAR
 MAXIMUM TEMPERATURE (F)   63        90      1977
                                             1973
 MINIMUM TEMPERATURE (F)   41        28      2011
                                             1984
                                             1947


SUNRISE AND SUNSET
APRIL 22 2016.........SUNRISE   559 AM EDT   SUNSET   740 PM EDT
APRIL 23 2016.........SUNRISE   557 AM EDT   SUNSET   741 PM EDT


-  INDICATES NEGATIVE NUMBERS.
R  INDICATES RECORD WAS SET OR TIED.
MM INDICATES DATA IS MISSING.
T  INDICATES TRACE AMOUNT.




$$
