000
CDUS41 KBOX 110540
CLIBDL


CLIMATE REPORT
NATIONAL WEATHER SERVICE TAUNTON MA
1236 AM EST SAT NOV 11 2017


...................................

...THE HARTFORD CT CLIMATE SUMMARY FOR NOVEMBER 10 2017...

CLIMATE NORMAL PERIOD 1981 TO 2010
CLIMATE RECORD PERIOD 1904 TO 2017


WEATHER ITEM   OBSERVED TIME   RECORD YEAR NORMAL DEPARTURE LAST
                VALUE   (LST)  VALUE       VALUE  FROM      YEAR
                                                  NORMAL
..................................................................
TEMPERATURE (F)
 YESTERDAY
  MAXIMUM         48    249 AM  76    1931  54     -6       56
  MINIMUM         21   1159 PM  18    2004  35    -14       33
  AVERAGE         35                        44     -9       45

PRECIPITATION (IN)
  YESTERDAY        T             2.56 1990   0.12  -0.12     0.00
  MONTH TO DATE    0.18                      1.26  -1.08     0.01
  SINCE SEP 1     11.20                      9.51   1.69     4.60
  SINCE JAN 1     42.31                     39.78   2.53    26.94

SNOWFALL (IN)
  YESTERDAY        0.0           2.1  1968   0.1   -0.1      0.0
  MONTH TO DATE    T                         0.4   -0.4      0.0
  SINCE SEP 1      T                         0.4   -0.4      1.5
  SINCE JUL 1      T                         0.4   -0.4      1.5
  SNOW DEPTH       0

DEGREE DAYS
 HEATING
  YESTERDAY       30                        21      9       20
  MONTH TO DATE  187                       193     -6      172
  SINCE SEP 1    432                       710   -278      581
  SINCE JUL 1    448                       722   -274      581

 COOLING
  YESTERDAY        0                         0      0        0
  MONTH TO DATE    0                         0      0        0
  SINCE SEP 1    178                        81     97      138
  SINCE JAN 1    865                       756    109     1068
..................................................................


WIND (MPH)
  RESULTANT WIND SPEED  16   RESULTANT WIND DIRECTION  NW (310)
  HIGHEST WIND SPEED    31   HIGHEST WIND DIRECTION     W (290)
  HIGHEST GUST SPEED    42   HIGHEST GUST DIRECTION    NW (310)
  AVERAGE WIND SPEED    16.0


SKY COVER
  POSSIBLE SUNSHINE  MM
  AVERAGE SKY COVER 0.2


WEATHER CONDITIONS
 THE FOLLOWING WEATHER WAS RECORDED YESTERDAY.
  LIGHT RAIN


RELATIVE HUMIDITY (PERCENT)
 HIGHEST    86           300 AM
 LOWEST     22           100 PM
 AVERAGE    54

..........................................................


THE HARTFORD CT CLIMATE NORMALS FOR TODAY
                         NORMAL    RECORD    YEAR
 MAXIMUM TEMPERATURE (F)   54        69      1977
 MINIMUM TEMPERATURE (F)   35        12      1956


SUNRISE AND SUNSET
NOVEMBER 11 2017......SUNRISE   636 AM EST   SUNSET   433 PM EST
NOVEMBER 12 2017......SUNRISE   637 AM EST   SUNSET   432 PM EST


-  INDICATES NEGATIVE NUMBERS.
R  INDICATES RECORD WAS SET OR TIED.
MM INDICATES DATA IS MISSING.
T  INDICATES TRACE AMOUNT.




$$
