000
CDUS41 KBOX 140558
CLIBDL


CLIMATE REPORT
NATIONAL WEATHER SERVICE TAUNTON MA
155 AM EDT TUE OCT 14 2014


...................................

...THE HARTFORD CT CLIMATE SUMMARY FOR OCTOBER 13 2014...

CLIMATE NORMAL PERIOD 1981 TO 2010
CLIMATE RECORD PERIOD 1904 TO 2014


WEATHER ITEM   OBSERVED TIME   RECORD YEAR NORMAL DEPARTURE LAST
                VALUE   (LST)  VALUE       VALUE  FROM      YEAR
                                                  NORMAL
..................................................................
TEMPERATURE (F)
 YESTERDAY
  MAXIMUM         64    250 PM  85    1995  64      0       62
  MINIMUM         36    405 AM  27    2012  42     -6       46
  AVERAGE         50                        53     -3       54

PRECIPITATION (IN)
  YESTERDAY        0.00          2.22 1990   0.15  -0.15     0.00
  MONTH TO DATE    1.87                      1.96  -0.09     1.97
  SINCE SEP 1      3.49                      5.84  -2.35     5.55
  SINCE JAN 1     35.46                     36.11  -0.65    43.55

SNOWFALL (IN)
  YESTERDAY        0.0           T    1932   0.0    0.0      0.0
  MONTH TO DATE    0.0                       0.0    0.0      0.0
  SINCE SEP 1      0.0                       0.0    0.0      0.0
  SINCE JUL 1      0.0                       0.0    0.0      0.0
  SNOW DEPTH       0

DEGREE DAYS
 HEATING
  YESTERDAY       15                        12      3       11
  MONTH TO DATE  121                       133    -12       74
  SINCE SEP 1    205                       243    -38      205
  SINCE JUL 1    207                       255    -48      207

 COOLING
  YESTERDAY        0                         0      0        0
  MONTH TO DATE    0                         5     -5        5
  SINCE SEP 1     97                        79     18       70
  SINCE JAN 1    756                       754      2      894
..................................................................


WIND (MPH)
  RESULTANT WIND SPEED   2   RESULTANT WIND DIRECTION   S (190)
  HIGHEST WIND SPEED    12   HIGHEST WIND DIRECTION     S (200)
  HIGHEST GUST SPEED    15   HIGHEST GUST DIRECTION     S (200)
  AVERAGE WIND SPEED     3.8


SKY COVER
  POSSIBLE SUNSHINE  MM
  AVERAGE SKY COVER 0.8


WEATHER CONDITIONS
 THE FOLLOWING WEATHER WAS RECORDED YESTERDAY.
  NO SIGNIFICANT WEATHER WAS OBSERVED.


RELATIVE HUMIDITY (PERCENT)
 HIGHEST    92           300 AM
 LOWEST     56           300 PM
 AVERAGE    74

..........................................................


THE HARTFORD CT CLIMATE NORMALS FOR TODAY
                         NORMAL    RECORD    YEAR
 MAXIMUM TEMPERATURE (F)   64        81      2000
 MINIMUM TEMPERATURE (F)   41        25      1993


SUNRISE AND SUNSET
OCTOBER 14 2014.......SUNRISE   702 AM EDT   SUNSET   611 PM EDT
OCTOBER 15 2014.......SUNRISE   703 AM EDT   SUNSET   609 PM EDT


-  INDICATES NEGATIVE NUMBERS.
R  INDICATES RECORD WAS SET OR TIED.
MM INDICATES DATA IS MISSING.
T  INDICATES TRACE AMOUNT.




$$
