288
CDUS41 KBOX 212133
CLIBDL


CLIMATE REPORT
NATIONAL WEATHER SERVICE TAUNTON MA
532 PM EDT TUE MAR 21 2017


...................................

...THE HARTFORD CT CLIMATE SUMMARY FOR MARCH 21 2017...
VALID AS OF 0500 PM LOCAL TIME.

CLIMATE NORMAL PERIOD 1981 TO 2010
CLIMATE RECORD PERIOD 1904 TO 2017


WEATHER ITEM   OBSERVED TIME   RECORD YEAR NORMAL DEPARTURE LAST
                VALUE   (LST)  VALUE       VALUE  FROM      YEAR
                                                  NORMAL
..................................................................
TEMPERATURE (F)
 TODAY
  MAXIMUM         54    354 PM  82    1921  50      4       49
  MINIMUM         33    529 AM  10    1986  29      4       29
  AVERAGE         44                        39      5       39

PRECIPITATION (IN)
  TODAY            0.00          1.81 1974   0.13  -0.13     0.12
  MONTH TO DATE    1.89                      2.39  -0.50     1.52
  SINCE MAR 1      1.89                      2.39  -0.50     1.52
  SINCE JAN 1      7.87                      8.51  -0.64     8.35

SNOWFALL (IN)
  TODAY            0.0           4.8  1912   0.2   -0.2      2.6
  MONTH TO DATE   18.1                       4.9   13.2      2.9
  SINCE MAR 1     18.1                       4.9   13.2      2.9
  SINCE JUL 1     60.8                      37.6   23.2     20.0
  SNOW DEPTH       5

DEGREE DAYS
 HEATING
  TODAY           21                        26     -5       26
  MONTH TO DATE  690                       608     82      459
  SINCE MAR 1    690                       608     82      459
  SINCE JUL 1   4583                      5046   -463     4135

 COOLING
  TODAY            0                         0      0        0
  MONTH TO DATE    0                         0      0        0
  SINCE MAR 1      0                         0      0        0
  SINCE JAN 1      0                         0      0        0
..................................................................


WIND (MPH)
  HIGHEST WIND SPEED    18   HIGHEST WIND DIRECTION     W (270)
  HIGHEST GUST SPEED    22   HIGHEST GUST DIRECTION     W (260)
  AVERAGE WIND SPEED     2.7


SKY COVER
  POSSIBLE SUNSHINE  MM
  AVERAGE SKY COVER 0.6


WEATHER CONDITIONS
 THE FOLLOWING WEATHER WAS RECORDED TODAY.
  NO SIGNIFICANT WEATHER WAS OBSERVED.


RELATIVE HUMIDITY (PERCENT)
 HIGHEST    70           700 AM
 LOWEST     35           200 PM
 AVERAGE    53

..........................................................


THE HARTFORD CT CLIMATE NORMALS FOR TOMORROW
                         NORMAL    RECORD    YEAR
 MAXIMUM TEMPERATURE (F)   50        83      2012
 MINIMUM TEMPERATURE (F)   30        12      1934


SUNRISE AND SUNSET
MARCH 21 2017.........SUNRISE   652 AM EDT   SUNSET   704 PM EDT
MARCH 22 2017.........SUNRISE   650 AM EDT   SUNSET   705 PM EDT


-  INDICATES NEGATIVE NUMBERS.
R  INDICATES RECORD WAS SET OR TIED.
MM INDICATES DATA IS MISSING.
T  INDICATES TRACE AMOUNT.




$$
