362
CDUS41 KBOX 220548
CLIBDL


CLIMATE REPORT
NATIONAL WEATHER SERVICE TAUNTON MA
139 AM EDT SUN MAY 22 2016


...................................

...THE HARTFORD CT CLIMATE SUMMARY FOR MAY 21 2016...

CLIMATE NORMAL PERIOD 1981 TO 2010
CLIMATE RECORD PERIOD 1904 TO 2016


WEATHER ITEM   OBSERVED TIME   RECORD YEAR NORMAL DEPARTURE LAST
                VALUE   (LST)  VALUE       VALUE  FROM      YEAR
                                                  NORMAL
..................................................................
TEMPERATURE (F)
 YESTERDAY
  MAXIMUM         72    205 PM  93    1996  73     -1       70
  MINIMUM         46    519 AM  34    2002  49     -3       43
  AVERAGE         59                        61     -2       57

PRECIPITATION (IN)
  YESTERDAY        0.00          2.35 1919   0.15  -0.15     0.00
  MONTH TO DATE    1.77                      2.74  -0.97     0.60
  SINCE MAR 1      6.41                     10.08  -3.67     6.66
  SINCE JAN 1     13.24                     16.20  -2.96    12.84

SNOWFALL (IN)
  YESTERDAY        0.0           T    1989   0.0    0.0      0.0
  MONTH TO DATE    0.0                       0.0    0.0      0.0
  SINCE MAR 1      9.8                       7.8    2.0      9.0
  SINCE JUL 1     26.9                      40.5  -13.6     63.8
  SNOW DEPTH       0

DEGREE DAYS
 HEATING
  YESTERDAY        6                         5      1        8
  MONTH TO DATE  203                       161     42       63
  SINCE MAR 1   1363                      1476   -113     1521
  SINCE JUL 1   5039                      5914   -875     6166

 COOLING
  YESTERDAY        0                         1     -1        0
  MONTH TO DATE    0                        14    -14       66
  SINCE MAR 1      2                        20    -18       66
  SINCE JAN 1      2                        20    -18       66
..................................................................


WIND (MPH)
  RESULTANT WIND SPEED   5   RESULTANT WIND DIRECTION   S (180)
  HIGHEST WIND SPEED    20   HIGHEST WIND DIRECTION     S (170)
  HIGHEST GUST SPEED    26   HIGHEST GUST DIRECTION     S (160)
  AVERAGE WIND SPEED     5.1


SKY COVER
  POSSIBLE SUNSHINE  MM
  AVERAGE SKY COVER 0.7


WEATHER CONDITIONS
 THE FOLLOWING WEATHER WAS RECORDED YESTERDAY.
  NO SIGNIFICANT WEATHER WAS OBSERVED.


RELATIVE HUMIDITY (PERCENT)
 HIGHEST    86           500 AM
 LOWEST     31           200 PM
 AVERAGE    59

..........................................................


THE HARTFORD CT CLIMATE NORMALS FOR TODAY
                         NORMAL    RECORD    YEAR
 MAXIMUM TEMPERATURE (F)   73        95      1992
 MINIMUM TEMPERATURE (F)   49        35      2002


SUNRISE AND SUNSET
MAY 22 2016...........SUNRISE   524 AM EDT   SUNSET   812 PM EDT
MAY 23 2016...........SUNRISE   523 AM EDT   SUNSET   812 PM EDT


-  INDICATES NEGATIVE NUMBERS.
R  INDICATES RECORD WAS SET OR TIED.
MM INDICATES DATA IS MISSING.
T  INDICATES TRACE AMOUNT.




$$
