000
CDUS41 KBOX 020544
CLIBDL


CLIMATE REPORT
NATIONAL WEATHER SERVICE TAUNTON MA
1238 AM EST TUE FEB 2 2016


...................................

...THE HARTFORD CT CLIMATE SUMMARY FOR FEBRUARY 1 2016...

CLIMATE NORMAL PERIOD 1981 TO 2010
CLIMATE RECORD PERIOD 1904 TO 2016


WEATHER ITEM   OBSERVED TIME   RECORD YEAR NORMAL DEPARTURE LAST
                VALUE   (LST)  VALUE       VALUE  FROM      YEAR
                                                  NORMAL
..................................................................
TEMPERATURE (F)
 YESTERDAY
  MAXIMUM         61   1207 PM  67    1989  36     25       33
  MINIMUM         34   1144 PM -14    1920  19     15       14
  AVERAGE         48                        27     21       24

PRECIPITATION (IN)
  YESTERDAY        0.00          1.76 2008   0.10  -0.10      T
  MONTH TO DATE    0.00                      0.10  -0.10      T
  SINCE DEC 1      6.21                      6.77  -0.56     7.78
  SINCE JAN 1      1.96                      3.33  -1.37     3.23

SNOWFALL (IN)
  YESTERDAY        0.0           5.9  2011   0.4   -0.4       T
  MONTH TO DATE    0.0                       0.4   -0.4       T
  SINCE DEC 1      2.9                      20.1  -17.2     17.8
  SINCE JUL 1      2.9                      22.1  -19.2     22.9
  SNOW DEPTH       0

DEGREE DAYS
 HEATING
  YESTERDAY       17                        38    -21       41
  MONTH TO DATE   17                        38    -21       41
  SINCE DEC 1   1758                      2281   -523     2228
  SINCE JUL 1   2742                      3488   -746     3325

 COOLING
  YESTERDAY        0                         0      0        0
  MONTH TO DATE    0                         0      0        0
  SINCE DEC 1      0                         0      0        0
  SINCE JAN 1      0                         0      0        0
..................................................................


WIND (MPH)
  RESULTANT WIND SPEED   3   RESULTANT WIND DIRECTION   W (270)
  HIGHEST WIND SPEED    22   HIGHEST WIND DIRECTION    NW (310)
  HIGHEST GUST SPEED    27   HIGHEST GUST DIRECTION    NW (320)
  AVERAGE WIND SPEED     9.6


SKY COVER
  POSSIBLE SUNSHINE  MM
  AVERAGE SKY COVER 0.8


WEATHER CONDITIONS
 THE FOLLOWING WEATHER WAS RECORDED YESTERDAY.
  FOG


RELATIVE HUMIDITY (PERCENT)
 HIGHEST    92           200 AM
 LOWEST     41           300 PM
 AVERAGE    67

..........................................................


THE HARTFORD CT CLIMATE NORMALS FOR TODAY
                         NORMAL    RECORD    YEAR
 MAXIMUM TEMPERATURE (F)   36        54      1981
 MINIMUM TEMPERATURE (F)   19       -21      1961


SUNRISE AND SUNSET
FEBRUARY  2 2016......SUNRISE   703 AM EST   SUNSET   506 PM EST
FEBRUARY  3 2016......SUNRISE   702 AM EST   SUNSET   508 PM EST


-  INDICATES NEGATIVE NUMBERS.
R  INDICATES RECORD WAS SET OR TIED.
MM INDICATES DATA IS MISSING.
T  INDICATES TRACE AMOUNT.




$$
