721
CDUS41 KBOX 160635
CLIBDL


CLIMATE REPORT
NATIONAL WEATHER SERVICE TAUNTON MA
124 AM EST THU NOV 16 2017


...................................

...THE HARTFORD CT CLIMATE SUMMARY FOR NOVEMBER 15 2017...

CLIMATE NORMAL PERIOD 1981 TO 2010
CLIMATE RECORD PERIOD 1904 TO 2017


WEATHER ITEM   OBSERVED TIME   RECORD YEAR NORMAL DEPARTURE LAST
                VALUE   (LST)  VALUE       VALUE  FROM      YEAR
                                                  NORMAL
..................................................................
TEMPERATURE (F)
 YESTERDAY
  MAXIMUM         47    326 PM  78    1993  52     -5       49
  MINIMUM         24    521 AM  17    1933  34    -10       42
                                      1905
  AVERAGE         36                        43     -7       46

PRECIPITATION (IN)
  YESTERDAY        0.00          0.99 1906   0.13  -0.13     0.70
  MONTH TO DATE    0.24                      1.89  -1.65     0.71
  SINCE SEP 1     11.26                     10.14   1.12     5.30
  SINCE JAN 1     42.37                     40.41   1.96    27.64

SNOWFALL (IN)
  YESTERDAY        0.0           5.2  1906   0.0    0.0      0.0
  MONTH TO DATE    T                         0.6   -0.6      0.0
  SINCE SEP 1      T                         0.6   -0.6      1.5
  SINCE JUL 1      T                         0.6   -0.6      1.5
  SNOW DEPTH       0

DEGREE DAYS
 HEATING
  YESTERDAY       29                        22      7       19
  MONTH TO DATE  342                       301     41      269
  SINCE SEP 1    587                       818   -231      678
  SINCE JUL 1    603                       830   -227      678

 COOLING
  YESTERDAY        0                         0      0        0
  MONTH TO DATE    0                         0      0        0
  SINCE SEP 1    178                        81     97      138
  SINCE JAN 1    865                       756    109     1068
..................................................................


WIND (MPH)
  RESULTANT WIND SPEED   1   RESULTANT WIND DIRECTION   E (90)
  HIGHEST WIND SPEED     9   HIGHEST WIND DIRECTION    SE (150)
  HIGHEST GUST SPEED    11   HIGHEST GUST DIRECTION     S (180)
  AVERAGE WIND SPEED     3.0


SKY COVER
  POSSIBLE SUNSHINE  MM
  AVERAGE SKY COVER 0.3


WEATHER CONDITIONS
 THE FOLLOWING WEATHER WAS RECORDED YESTERDAY.
  NO SIGNIFICANT WEATHER WAS OBSERVED.


RELATIVE HUMIDITY (PERCENT)
 HIGHEST   100           300 AM
 LOWEST     45           100 PM
 AVERAGE    73

..........................................................


THE HARTFORD CT CLIMATE NORMALS FOR TODAY
                         NORMAL    RECORD    YEAR
 MAXIMUM TEMPERATURE (F)   52        72      1990
 MINIMUM TEMPERATURE (F)   33        14      1933


SUNRISE AND SUNSET
NOVEMBER 16 2017......SUNRISE   642 AM EST   SUNSET   429 PM EST
NOVEMBER 17 2017......SUNRISE   643 AM EST   SUNSET   428 PM EST


-  INDICATES NEGATIVE NUMBERS.
R  INDICATES RECORD WAS SET OR TIED.
MM INDICATES DATA IS MISSING.
T  INDICATES TRACE AMOUNT.




$$
