000
CDUS41 KBOX 130540
CLIBDL


CLIMATE REPORT
NATIONAL WEATHER SERVICE TAUNTON MA
139 AM EDT FRI MAY 13 2016


...................................

...THE HARTFORD CT CLIMATE SUMMARY FOR MAY 12 2016...

CLIMATE NORMAL PERIOD 1981 TO 2010
CLIMATE RECORD PERIOD 1904 TO 2016


WEATHER ITEM   OBSERVED TIME   RECORD YEAR NORMAL DEPARTURE LAST
                VALUE   (LST)  VALUE       VALUE  FROM      YEAR
                                                  NORMAL
..................................................................
TEMPERATURE (F)
 YESTERDAY
  MAXIMUM         82    401 PM  90    2014  70     12       89
                                      2004
  MINIMUM         46    127 AM  32    1983  47     -1       59
                                      1907
  AVERAGE         64                        58      6       74

PRECIPITATION (IN)
  YESTERDAY        0.00          2.94 2006   0.13  -0.13      T
  MONTH TO DATE    1.56                      1.49   0.07      T
  SINCE MAR 1      6.20                      8.83  -2.63     6.06
  SINCE JAN 1     13.03                     14.95  -1.92    12.24

SNOWFALL (IN)
  YESTERDAY        0.0           0.0  2001   0.0    0.0      0.0
                                      2000
  MONTH TO DATE    0.0                       0.0    0.0      0.0
  SINCE MAR 1      9.8                       7.8    2.0      9.0
  SINCE JUL 1     26.9                      40.5  -13.6     63.8
  SNOW DEPTH       0

DEGREE DAYS
 HEATING
  YESTERDAY        1                         7     -6        0
  MONTH TO DATE  140                       105     35       21
  SINCE MAR 1   1300                      1420   -120     1479
  SINCE JUL 1   4976                      5858   -882     6124

 COOLING
  YESTERDAY        0                         1     -1        9
  MONTH TO DATE    0                         5     -5       51
  SINCE MAR 1      2                        11     -9       51
  SINCE JAN 1      2                        11     -9       51
..................................................................


WIND (MPH)
  RESULTANT WIND SPEED   2   RESULTANT WIND DIRECTION   S (170)
  HIGHEST WIND SPEED    17   HIGHEST WIND DIRECTION     S (160)
  HIGHEST GUST SPEED    21   HIGHEST GUST DIRECTION     S (170)
  AVERAGE WIND SPEED     6.5


SKY COVER
  POSSIBLE SUNSHINE  MM
  AVERAGE SKY COVER 0.3


WEATHER CONDITIONS
 THE FOLLOWING WEATHER WAS RECORDED YESTERDAY.
  NO SIGNIFICANT WEATHER WAS OBSERVED.


RELATIVE HUMIDITY (PERCENT)
 HIGHEST    74          1200 AM
 LOWEST     17           100 PM
 AVERAGE    46

..........................................................


THE HARTFORD CT CLIMATE NORMALS FOR TODAY
                         NORMAL    RECORD    YEAR
 MAXIMUM TEMPERATURE (F)   70        87      1947
 MINIMUM TEMPERATURE (F)   47        32      2010
                                             2005
                                             1962


SUNRISE AND SUNSET
MAY 13 2016...........SUNRISE   532 AM EDT   SUNSET   803 PM EDT
MAY 14 2016...........SUNRISE   531 AM EDT   SUNSET   804 PM EDT


-  INDICATES NEGATIVE NUMBERS.
R  INDICATES RECORD WAS SET OR TIED.
MM INDICATES DATA IS MISSING.
T  INDICATES TRACE AMOUNT.




$$
