000
CDUS41 KBOX 200559
CLIBDL


CLIMATE REPORT
NATIONAL WEATHER SERVICE TAUNTON MA
1258 AM EST THU NOV 20 2014


...................................

...THE HARTFORD CT CLIMATE SUMMARY FOR NOVEMBER 19 2014...

CLIMATE NORMAL PERIOD 1981 TO 2010
CLIMATE RECORD PERIOD 1904 TO 2014


WEATHER ITEM   OBSERVED TIME   RECORD YEAR NORMAL DEPARTURE LAST
                VALUE   (LST)  VALUE       VALUE  FROM      YEAR
                                                  NORMAL
..................................................................
TEMPERATURE (F)
 YESTERDAY
  MAXIMUM         36    231 PM  71    1941  50    -14       47
  MINIMUM         20    704 AM  12    1924  33    -13       30
  AVERAGE         28                        41    -13       39

PRECIPITATION (IN)
  YESTERDAY        0.00          1.08 1945   0.14  -0.14     0.00
  MONTH TO DATE    1.83                      2.43  -0.60     0.43
  SINCE SEP 1      7.37                     10.68  -3.31     6.20
  SINCE JAN 1     39.34                     40.95  -1.61    44.20

SNOWFALL (IN)
  YESTERDAY        0.0           4.5  1986   0.1   -0.1      0.0
  MONTH TO DATE    T                         0.9   -0.9       T
  SINCE SEP 1      T                         0.9   -0.9       T
  SINCE JUL 1      T                         0.9   -0.9       T
  SNOW DEPTH       0

DEGREE DAYS
 HEATING
  YESTERDAY       37                        24     13       26
  MONTH TO DATE  428                       394     34      391
  SINCE SEP 1    811                       911   -100      872
  SINCE JUL 1    813                       923   -110      874

 COOLING
  YESTERDAY        0                         0      0        0
  MONTH TO DATE    0                         0      0        0
  SINCE SEP 1    112                        81     31       70
  SINCE JAN 1    771                       756     15      894
..................................................................


WIND (MPH)
  RESULTANT WIND SPEED   8   RESULTANT WIND DIRECTION  SW (230)
  HIGHEST WIND SPEED    22   HIGHEST WIND DIRECTION     W (250)
  HIGHEST GUST SPEED    31   HIGHEST GUST DIRECTION    SW (240)
  AVERAGE WIND SPEED     8.8


SKY COVER
  POSSIBLE SUNSHINE  MM
  AVERAGE SKY COVER 0.2


WEATHER CONDITIONS
 THE FOLLOWING WEATHER WAS RECORDED YESTERDAY.
  NO SIGNIFICANT WEATHER WAS OBSERVED.


RELATIVE HUMIDITY (PERCENT)
 HIGHEST    51           500 AM
 LOWEST     25           400 PM
 AVERAGE    38

..........................................................


THE HARTFORD CT CLIMATE NORMALS FOR TODAY
                         NORMAL    RECORD    YEAR
 MAXIMUM TEMPERATURE (F)   50        73      1991
                                             1985
 MINIMUM TEMPERATURE (F)   32         9      1986


SUNRISE AND SUNSET
NOVEMBER 20 2014......SUNRISE   646 AM EST   SUNSET   426 PM EST
NOVEMBER 21 2014......SUNRISE   648 AM EST   SUNSET   425 PM EST


-  INDICATES NEGATIVE NUMBERS.
R  INDICATES RECORD WAS SET OR TIED.
MM INDICATES DATA IS MISSING.
T  INDICATES TRACE AMOUNT.




$$
