000
CDUS41 KBOX 022138
CLIBDL


CLIMATE REPORT
NATIONAL WEATHER SERVICE TAUNTON MA
528 PM EDT WED AUG 2 2017


...................................

...THE HARTFORD CT CLIMATE SUMMARY FOR AUGUST 2 2017...
VALID AS OF 0500 PM LOCAL TIME.

CLIMATE NORMAL PERIOD 1981 TO 2010
CLIMATE RECORD PERIOD 1904 TO 2017


WEATHER ITEM   OBSERVED TIME   RECORD YEAR NORMAL DEPARTURE LAST
                VALUE   (LST)  VALUE       VALUE  FROM      YEAR
                                                  NORMAL
..................................................................
TEMPERATURE (F)
 TODAY
  MAXIMUM         90    117 PM 101    1975  84      6       78
  MINIMUM         65    426 AM  50    1947  63      2       60
  AVERAGE         78                        74      4       69

PRECIPITATION (IN)
  TODAY            0.11          1.39 1995   0.15  -0.04     0.41
  MONTH TO DATE    0.11                      0.30  -0.19     0.41
  SINCE JUN 1     10.29                      8.83   1.46     4.62
  SINCE JAN 1     28.56                     26.64   1.92    18.56

SNOWFALL (IN)
  TODAY            0.0           0.0  2002   0.0    0.0      0.0
                                      2001
                                      2000
  MONTH TO DATE    0.0                       0.0    0.0      0.0
  SINCE JUN 1      0.0                       0.0    0.0      0.0
  SINCE JUL 1      0.0                       0.0    0.0      0.0
  SNOW DEPTH       0

DEGREE DAYS
 HEATING
  TODAY            0                         0      0        0
  MONTH TO DATE    0                         0      0        0
  SINCE JUN 1     52                        43      9       16
  SINCE JUL 1      8                         3      5        0

 COOLING
  TODAY           13                         9      4        4
  MONTH TO DATE   24                        18      6       14
  SINCE JUN 1    448                       431     17      524
  SINCE JAN 1    508                       470     38      598
..................................................................


WIND (MPH)
  HIGHEST WIND SPEED    21   HIGHEST WIND DIRECTION    NE (50)
  HIGHEST GUST SPEED    26   HIGHEST GUST DIRECTION    NE (60)
  AVERAGE WIND SPEED     3.6


SKY COVER
  POSSIBLE SUNSHINE  MM
  AVERAGE SKY COVER 0.6


WEATHER CONDITIONS
 THE FOLLOWING WEATHER WAS RECORDED TODAY.
  THUNDERSTORM
  RAIN
  LIGHT RAIN
  FOG


RELATIVE HUMIDITY (PERCENT)
 HIGHEST   100           300 AM
 LOWEST     50           100 PM
 AVERAGE    75

..........................................................


THE HARTFORD CT CLIMATE NORMALS FOR TOMORROW
                         NORMAL    RECORD    YEAR
 MAXIMUM TEMPERATURE (F)   84        98      1930
 MINIMUM TEMPERATURE (F)   63        46      1956


SUNRISE AND SUNSET
AUGUST  2 2017........SUNRISE   546 AM EDT   SUNSET   808 PM EDT
AUGUST  3 2017........SUNRISE   547 AM EDT   SUNSET   807 PM EDT


-  INDICATES NEGATIVE NUMBERS.
R  INDICATES RECORD WAS SET OR TIED.
MM INDICATES DATA IS MISSING.
T  INDICATES TRACE AMOUNT.




$$
