000
CDUS41 KBOX 210555
CLIBDL


CLIMATE REPORT
NATIONAL WEATHER SERVICE TAUNTON MA
155 AM EDT SUN SEP 21 2014


...................................

...THE HARTFORD CT CLIMATE SUMMARY FOR SEPTEMBER 20 2014...

CLIMATE NORMAL PERIOD 1981 TO 2010
CLIMATE RECORD PERIOD 1904 TO 2014


WEATHER ITEM   OBSERVED TIME   RECORD YEAR NORMAL DEPARTURE LAST
                VALUE   (LST)  VALUE       VALUE  FROM      YEAR
                                                  NORMAL
..................................................................
TEMPERATURE (F)
 YESTERDAY
  MAXIMUM         75    228 PM  95    1983  73      2       80
  MINIMUM         41    113 AM  30    1979  51    -10       45
  AVERAGE         58                        62     -4       63

PRECIPITATION (IN)
  YESTERDAY        T             6.10 1938   0.15  -0.15     0.00
  MONTH TO DATE    0.46                      2.42  -1.96     2.26
  SINCE SEP 1      0.46                      2.42  -1.96     2.26
  SINCE JAN 1     32.43                     32.69  -0.26    40.26

SNOWFALL (IN)
  YESTERDAY       MM             0.0  2002   0.0   MM        0.0
  MONTH TO DATE    0.0                       0.0    0.0      0.0
  SINCE SEP 1      0.0                       0.0    0.0      0.0
  SINCE JUL 1      0.0                       0.0    0.0      0.0
  SNOW DEPTH       0

DEGREE DAYS
 HEATING
  YESTERDAY        7                         4      3        2
  MONTH TO DATE   60                        47     13       67
  SINCE SEP 1     60                        47     13       67
  SINCE JUL 1     62                        59      3       69

 COOLING
  YESTERDAY        0                         2     -2        0
  MONTH TO DATE   80                        65     15       65
  SINCE SEP 1     80                        65     15       65
  SINCE JAN 1    739                       740     -1      889
..................................................................


WIND (MPH)
  RESULTANT WIND SPEED   6   RESULTANT WIND DIRECTION   S (190)
  HIGHEST WIND SPEED    22   HIGHEST WIND DIRECTION     S (190)
  HIGHEST GUST SPEED    29   HIGHEST GUST DIRECTION     S (190)
  AVERAGE WIND SPEED     7.0


SKY COVER
  POSSIBLE SUNSHINE  MM
  AVERAGE SKY COVER 0.5


WEATHER CONDITIONS
 THE FOLLOWING WEATHER WAS RECORDED YESTERDAY.
  LIGHT RAIN


RELATIVE HUMIDITY (PERCENT)
 HIGHEST    89           100 AM
 LOWEST     49           300 PM
 AVERAGE    69

..........................................................


THE HARTFORD CT CLIMATE NORMALS FOR TODAY
                         NORMAL    RECORD    YEAR
 MAXIMUM TEMPERATURE (F)   73        91      1965
                                             1914
 MINIMUM TEMPERATURE (F)   51        31      1962


SUNRISE AND SUNSET
SEPTEMBER 21 2014.....SUNRISE   637 AM EDT   SUNSET   650 PM EDT
SEPTEMBER 22 2014.....SUNRISE   638 AM EDT   SUNSET   648 PM EDT


-  INDICATES NEGATIVE NUMBERS.
R  INDICATES RECORD WAS SET OR TIED.
MM INDICATES DATA IS MISSING.
T  INDICATES TRACE AMOUNT.




$$
