000
CDUS41 KBOX 310534
CLIBDL


CLIMATE REPORT
NATIONAL WEATHER SERVICE TAUNTON MA
1234 AM EST SAT JAN 31 2015


...................................

...THE HARTFORD CT CLIMATE SUMMARY FOR JANUARY 30 2015...

CLIMATE NORMAL PERIOD 1981 TO 2010
CLIMATE RECORD PERIOD 1904 TO 2015


WEATHER ITEM   OBSERVED TIME   RECORD YEAR NORMAL DEPARTURE LAST
                VALUE   (LST)  VALUE       VALUE  FROM      YEAR
                                                  NORMAL
..................................................................
TEMPERATURE (F)
 YESTERDAY
  MAXIMUM         35   1253 PM  60    1947  35      0       29
  MINIMUM         14   1159 PM  -3    1965  18     -4        6
                                      1961
                                      1948
  AVERAGE         25                        27     -2       18

PRECIPITATION (IN)
  YESTERDAY        0.04          0.95 1966   0.10  -0.06     0.00
  MONTH TO DATE    3.23                      3.12   0.11     3.41
  SINCE DEC 1      7.78                      6.56   1.22     7.33
  SINCE JAN 1      3.23                      3.12   0.11     3.41

SNOWFALL (IN)
  YESTERDAY        0.3           6.2  1966   0.4   -0.1      0.0
  MONTH TO DATE   17.1                      11.9    5.2     10.3
  SINCE DEC 1     17.8                      19.3   -1.5     23.0
  SINCE JUL 1     22.9                      21.3    1.6     23.0
  SNOW DEPTH       9

DEGREE DAYS
 HEATING
  YESTERDAY       40                        38      2       47
  MONTH TO DATE 1233                      1165     68     1217
  SINCE DEC 1   2135                      2202    -67     2281
  SINCE JUL 1   3232                      3409   -177     3513

 COOLING
  YESTERDAY        0                         0      0        0
  MONTH TO DATE    0                         0      0        0
  SINCE DEC 1      0                         0      0        0
  SINCE JAN 1      0                         0      0        0
..................................................................


WIND (MPH)
  RESULTANT WIND SPEED  12   RESULTANT WIND DIRECTION  NW (310)
  HIGHEST WIND SPEED    29   HIGHEST WIND DIRECTION    NW (320)
  HIGHEST GUST SPEED    38   HIGHEST GUST DIRECTION    NW (310)
  AVERAGE WIND SPEED    11.1


SKY COVER
  POSSIBLE SUNSHINE  MM
  AVERAGE SKY COVER 0.7


WEATHER CONDITIONS
 THE FOLLOWING WEATHER WAS RECORDED YESTERDAY.
  LIGHT SNOW
  FOG


RELATIVE HUMIDITY (PERCENT)
 HIGHEST    92           800 AM
 LOWEST     56          1000 PM
 AVERAGE    74

..........................................................


THE HARTFORD CT CLIMATE NORMALS FOR TODAY
                         NORMAL    RECORD    YEAR
 MAXIMUM TEMPERATURE (F)   35        61      2013
 MINIMUM TEMPERATURE (F)   18       -12      1948


SUNRISE AND SUNSET
JANUARY 31 2015.......SUNRISE   705 AM EST   SUNSET   504 PM EST
FEBRUARY  1 2015......SUNRISE   704 AM EST   SUNSET   505 PM EST


-  INDICATES NEGATIVE NUMBERS.
R  INDICATES RECORD WAS SET OR TIED.
MM INDICATES DATA IS MISSING.
T  INDICATES TRACE AMOUNT.




$$
