000
CDUS41 KBOX 022123
CLIBDL


CLIMATE REPORT
NATIONAL WEATHER SERVICE TAUNTON MA
522 PM EDT MON OCT 2 2017


...................................

...THE HARTFORD CT CLIMATE SUMMARY FOR OCTOBER 2 2017...
VALID AS OF 0500 PM LOCAL TIME.

CLIMATE NORMAL PERIOD 1981 TO 2010
CLIMATE RECORD PERIOD 1904 TO 2017


WEATHER ITEM   OBSERVED TIME   RECORD YEAR NORMAL DEPARTURE LAST
                VALUE   (LST)  VALUE       VALUE  FROM      YEAR
                                                  NORMAL
..................................................................
TEMPERATURE (F)
 TODAY
  MAXIMUM         72    319 PM  91    1927  69      3       59
  MINIMUM         38    450 AM  32    1960  46     -8       52
  AVERAGE         55                        57     -2       56

PRECIPITATION (IN)
  TODAY            0.00          2.71 1929   0.16  -0.16      T
  MONTH TO DATE    0.00                      0.31  -0.31     0.06
  SINCE SEP 1      2.25                      4.19  -1.94     2.48
  SINCE JAN 1     33.36                     34.46  -1.10    24.82

SNOWFALL (IN)
  TODAY            0.0           0.0  2009   0.0    0.0      0.0
                                      2008
                                      2007
  MONTH TO DATE    0.0                       0.0    0.0      0.0
  SINCE SEP 1      0.0                       0.0    0.0      0.0
  SINCE JUL 1      0.0                       0.0    0.0      0.0
  SNOW DEPTH       0

DEGREE DAYS
 HEATING
  TODAY           10                         8      2        9
  MONTH TO DATE   20                        16      4       21
  SINCE SEP 1     79                       126    -47       79
  SINCE JUL 1     95                       138    -43       79

 COOLING
  TODAY            0                         1     -1        0
  MONTH TO DATE    0                         2     -2        0
  SINCE SEP 1    142                        76     66      126
  SINCE JAN 1    829                       751     78     1056
..................................................................


WIND (MPH)
  HIGHEST WIND SPEED    12   HIGHEST WIND DIRECTION     N (10)
  HIGHEST GUST SPEED    14   HIGHEST GUST DIRECTION     N (10)
  AVERAGE WIND SPEED     3.3


SKY COVER
  POSSIBLE SUNSHINE  MM
  AVERAGE SKY COVER 0.1


WEATHER CONDITIONS
 THE FOLLOWING WEATHER WAS RECORDED TODAY.
  FOG


RELATIVE HUMIDITY (PERCENT)
 HIGHEST   100           300 AM
 LOWEST     31           200 PM
 AVERAGE    66

..........................................................


THE HARTFORD CT CLIMATE NORMALS FOR TOMORROW
                         NORMAL    RECORD    YEAR
 MAXIMUM TEMPERATURE (F)   68        85      1919
 MINIMUM TEMPERATURE (F)   46        32      1975


SUNRISE AND SUNSET
OCTOBER  2 2017.......SUNRISE   649 AM EDT   SUNSET   630 PM EDT
OCTOBER  3 2017.......SUNRISE   650 AM EDT   SUNSET   629 PM EDT


-  INDICATES NEGATIVE NUMBERS.
R  INDICATES RECORD WAS SET OR TIED.
MM INDICATES DATA IS MISSING.
T  INDICATES TRACE AMOUNT.




$$
