000
CDUS41 KBOX 090542
CLIBDL


CLIMATE REPORT
NATIONAL WEATHER SERVICE TAUNTON MA
1241 AM EST THU FEB 9 2017


...................................

...THE HARTFORD CT CLIMATE SUMMARY FOR FEBRUARY 8 2017...

CLIMATE NORMAL PERIOD 1981 TO 2010
CLIMATE RECORD PERIOD 1904 TO 2017


WEATHER ITEM   OBSERVED TIME   RECORD YEAR NORMAL DEPARTURE LAST
                VALUE   (LST)  VALUE       VALUE  FROM      YEAR
                                                  NORMAL
..................................................................
TEMPERATURE (F)
 YESTERDAY
  MAXIMUM         50    333 PM  63    1933  37     13       36
  MINIMUM         30    342 AM -13    1967  20     10       21
  AVERAGE         40                        28     12       29

PRECIPITATION (IN)
  YESTERDAY        0.10          1.39 1945   0.10   0.00     0.26
  MONTH TO DATE    0.35                      0.82  -0.47     1.49
  SINCE DEC 1      6.57                      7.49  -0.92     7.70
  SINCE JAN 1      3.84                      4.05  -0.21     3.45

SNOWFALL (IN)
  YESTERDAY        0.0          13.4  2013   0.4   -0.4      3.5
                                      1945
  MONTH TO DATE    0.7                       3.5   -2.8     10.1
  SINCE DEC 1     19.3                      23.2   -3.9     13.0
  SINCE JUL 1     20.8                      25.2   -4.4     13.0
  SNOW DEPTH       0

DEGREE DAYS
 HEATING
  YESTERDAY       25                        37    -12       36
  MONTH TO DATE  267                       299    -32      221
  SINCE DEC 1   2270                      2542   -272     1962
  SINCE JUL 1   3307                      3749   -442     2946

 COOLING
  YESTERDAY        0                         0      0        0
  MONTH TO DATE    0                         0      0        0
  SINCE DEC 1      0                         0      0        0
  SINCE JAN 1      0                         0      0        0
..................................................................


WIND (MPH)
  RESULTANT WIND SPEED   4   RESULTANT WIND DIRECTION   N (350)
  HIGHEST WIND SPEED    18   HIGHEST WIND DIRECTION    NW (310)
  HIGHEST GUST SPEED    24   HIGHEST GUST DIRECTION    NW (320)
  AVERAGE WIND SPEED     5.6


SKY COVER
  POSSIBLE SUNSHINE  MM
  AVERAGE SKY COVER 0.9


WEATHER CONDITIONS
 THE FOLLOWING WEATHER WAS RECORDED YESTERDAY.
  FREEZING RAIN
  LT FREEZING RAIN
  FOG
  FOG W/VISIBILITY <= 1/4 MILE


RELATIVE HUMIDITY (PERCENT)
 HIGHEST   100           100 AM
 LOWEST     46           400 PM
 AVERAGE    73

..........................................................


THE HARTFORD CT CLIMATE NORMALS FOR TODAY
                         NORMAL    RECORD    YEAR
 MAXIMUM TEMPERATURE (F)   37        58      1990
 MINIMUM TEMPERATURE (F)   20       -15      1934


SUNRISE AND SUNSET
FEBRUARY  9 2017......SUNRISE   654 AM EST   SUNSET   516 PM EST
FEBRUARY 10 2017......SUNRISE   653 AM EST   SUNSET   518 PM EST


-  INDICATES NEGATIVE NUMBERS.
R  INDICATES RECORD WAS SET OR TIED.
MM INDICATES DATA IS MISSING.
T  INDICATES TRACE AMOUNT.




$$
