000
CDUS41 KBOX 082131
CLIBDL


CLIMATE REPORT
NATIONAL WEATHER SERVICE TAUNTON MA
428 PM EST WED MAR 8 2017


...................................

...THE HARTFORD CT CLIMATE SUMMARY FOR MARCH 8 2017...
VALID AS OF 0400 PM LOCAL TIME.

CLIMATE NORMAL PERIOD 1981 TO 2010
CLIMATE RECORD PERIOD 1904 TO 2017


WEATHER ITEM   OBSERVED TIME   RECORD YEAR NORMAL DEPARTURE LAST
                VALUE   (LST)  VALUE       VALUE  FROM      YEAR
                                                  NORMAL
..................................................................
TEMPERATURE (F)
 TODAY
  MAXIMUM         59    245 PM  69    1987  45     14       65
  MINIMUM         44   1210 AM   4    1986  25     19       36
  AVERAGE         52                        35     17       51

PRECIPITATION (IN)
  TODAY            0.14          1.16 1941   0.11   0.03     0.00
  MONTH TO DATE    0.23                      0.88  -0.65     0.54
  SINCE MAR 1      0.23                      0.88  -0.65     0.54
  SINCE JAN 1      6.21                      7.00  -0.79     7.37

SNOWFALL (IN)
  TODAY            0.0          11.3  1941   0.3   -0.3      0.0
  MONTH TO DATE    T                         2.1   -2.1      0.2
  SINCE MAR 1      T                         2.1   -2.1      0.2
  SINCE JUL 1     42.7                      34.8    7.9     17.3
  SNOW DEPTH       0

DEGREE DAYS
 HEATING
  TODAY           13                        30    -17       14
  MONTH TO DATE  233                       248    -15      233
  SINCE MAR 1    233                       248    -15      233
  SINCE JUL 1   4126                      4686   -560     3909

 COOLING
  TODAY            0                         0      0        0
  MONTH TO DATE    0                         0      0        0
  SINCE MAR 1      0                         0      0        0
  SINCE JAN 1      0                         0      0        0
..................................................................


WIND (MPH)
  HIGHEST WIND SPEED    26   HIGHEST WIND DIRECTION    NW (310)
  HIGHEST GUST SPEED    33   HIGHEST GUST DIRECTION    NW (330)
  AVERAGE WIND SPEED    12.5


SKY COVER
  POSSIBLE SUNSHINE  MM
  AVERAGE SKY COVER 0.8


WEATHER CONDITIONS
 THE FOLLOWING WEATHER WAS RECORDED TODAY.
  RAIN
  LIGHT RAIN
  FOG


RELATIVE HUMIDITY (PERCENT)
 HIGHEST   100          1200 AM
 LOWEST     21           300 PM
 AVERAGE    61

..........................................................


THE HARTFORD CT CLIMATE NORMALS FOR TOMORROW
                         NORMAL    RECORD    YEAR
 MAXIMUM TEMPERATURE (F)   45        81      2016
 MINIMUM TEMPERATURE (F)   26         4      2007


SUNRISE AND SUNSET
MARCH  8 2017.........SUNRISE   614 AM EST   SUNSET   549 PM EST
MARCH  9 2017.........SUNRISE   612 AM EST   SUNSET   551 PM EST


-  INDICATES NEGATIVE NUMBERS.
R  INDICATES RECORD WAS SET OR TIED.
MM INDICATES DATA IS MISSING.
T  INDICATES TRACE AMOUNT.




$$
