000
CDUS41 KBOX 170532
CLIBDL


CLIMATE REPORT
NATIONAL WEATHER SERVICE TAUNTON MA
1232 AM EST MON NOV 17 2014


...................................

...THE HARTFORD CT CLIMATE SUMMARY FOR NOVEMBER 16 2014...

CLIMATE NORMAL PERIOD 1981 TO 2010
CLIMATE RECORD PERIOD 1904 TO 2014


WEATHER ITEM   OBSERVED TIME   RECORD YEAR NORMAL DEPARTURE LAST
                VALUE   (LST)  VALUE       VALUE  FROM      YEAR
                                                  NORMAL
..................................................................
TEMPERATURE (F)
 YESTERDAY
  MAXIMUM         43    300 PM  72    1990  52     -9       60
  MINIMUM         21    435 AM  14    1933  33    -12       34
  AVERAGE         32                        42    -10       47

PRECIPITATION (IN)
  YESTERDAY        0.00          2.21 1944   0.13  -0.13      T
  MONTH TO DATE    0.62                      2.02  -1.40     0.25
  SINCE SEP 1      6.16                     10.27  -4.11     6.02
  SINCE JAN 1     38.13                     40.54  -2.41    44.02

SNOWFALL (IN)
  YESTERDAY        0.0           6.2  1944   0.1   -0.1      0.0
  MONTH TO DATE    T                         0.7   -0.7       T
  SINCE SEP 1      T                         0.7   -0.7       T
  SINCE JUL 1      T                         0.7   -0.7       T
  SNOW DEPTH       0

DEGREE DAYS
 HEATING
  YESTERDAY       33                        23     10       18
  MONTH TO DATE  332                       324      8      336
  SINCE SEP 1    715                       841   -126      817
  SINCE JUL 1    717                       853   -136      819

 COOLING
  YESTERDAY        0                         0      0        0
  MONTH TO DATE    0                         0      0        0
  SINCE SEP 1    112                        81     31       70
  SINCE JAN 1    771                       756     15      894
..................................................................


WIND (MPH)
  RESULTANT WIND SPEED   3   RESULTANT WIND DIRECTION   S (190)
  HIGHEST WIND SPEED    13   HIGHEST WIND DIRECTION    SW (220)
  HIGHEST GUST SPEED    17   HIGHEST GUST DIRECTION    SW (220)
  AVERAGE WIND SPEED     3.8


SKY COVER
  POSSIBLE SUNSHINE  MM
  AVERAGE SKY COVER 0.7


WEATHER CONDITIONS
 THE FOLLOWING WEATHER WAS RECORDED YESTERDAY.
  NO SIGNIFICANT WEATHER WAS OBSERVED.


RELATIVE HUMIDITY (PERCENT)
 HIGHEST    81           500 AM
 LOWEST     39           300 PM
 AVERAGE    60

..........................................................


THE HARTFORD CT CLIMATE NORMALS FOR TODAY
                         NORMAL    RECORD    YEAR
 MAXIMUM TEMPERATURE (F)   51        72      1928
 MINIMUM TEMPERATURE (F)   33         6      1924


SUNRISE AND SUNSET
NOVEMBER 17 2014......SUNRISE   643 AM EST   SUNSET   428 PM EST
NOVEMBER 18 2014......SUNRISE   644 AM EST   SUNSET   427 PM EST


-  INDICATES NEGATIVE NUMBERS.
R  INDICATES RECORD WAS SET OR TIED.
MM INDICATES DATA IS MISSING.
T  INDICATES TRACE AMOUNT.




$$
