000
CDUS41 KBOX 150543
CLIBDL


CLIMATE REPORT
NATIONAL WEATHER SERVICE TAUNTON MA
137 AM EDT THU JUN 15 2017


...................................

...THE HARTFORD CT CLIMATE SUMMARY FOR JUNE 14 2017...

CLIMATE NORMAL PERIOD 1981 TO 2010
CLIMATE RECORD PERIOD 1904 TO 2017


WEATHER ITEM   OBSERVED TIME   RECORD YEAR NORMAL DEPARTURE LAST
                VALUE   (LST)  VALUE       VALUE  FROM      YEAR
                                                  NORMAL
..................................................................
TEMPERATURE (F)
 YESTERDAY
  MAXIMUM         84    407 PM  97    1956  79      5       80
  MINIMUM         60   1159 PM  45    1979  57      3       49
  AVERAGE         72                        68      4       65

PRECIPITATION (IN)
  YESTERDAY        0.00          1.87 2006   0.15  -0.15     0.00
  MONTH TO DATE    1.19                      2.32  -1.13     1.67
  SINCE JUN 1      1.19                      2.32  -1.13     1.67
  SINCE JAN 1     19.46                     20.13  -0.67    15.61

SNOWFALL (IN)
  YESTERDAY        0.0           0.0  2002   0.0    0.0      0.0
                                      2001
                                      2000
  MONTH TO DATE    0.0                       0.0    0.0      0.0
  SINCE JUN 1      0.0                       0.0    0.0      0.0
  SINCE JUL 1     62.3                      40.5   21.8     26.9
  SNOW DEPTH       0

DEGREE DAYS
 HEATING
  YESTERDAY        0                         1     -1        0
  MONTH TO DATE   43                        31     12       16
  SINCE JUN 1     43                        31     12       16
  SINCE JUL 1   5514                      5989   -475     5060

 COOLING
  YESTERDAY        7                         4      3        0
  MONTH TO DATE   60                        47     13       37
  SINCE JUN 1     60                        47     13       37
  SINCE JAN 1    120                        86     34      111
..................................................................


WIND (MPH)
  RESULTANT WIND SPEED   6   RESULTANT WIND DIRECTION   N (20)
  HIGHEST WIND SPEED    15   HIGHEST WIND DIRECTION     N (360)
  HIGHEST GUST SPEED    21   HIGHEST GUST DIRECTION     N (10)
  AVERAGE WIND SPEED     7.8


SKY COVER
  POSSIBLE SUNSHINE  MM
  AVERAGE SKY COVER 0.6


WEATHER CONDITIONS
 THE FOLLOWING WEATHER WAS RECORDED YESTERDAY.
  NO SIGNIFICANT WEATHER WAS OBSERVED.


RELATIVE HUMIDITY (PERCENT)
 HIGHEST    72          1100 PM
 LOWEST     22           900 PM
 AVERAGE    47

..........................................................


THE HARTFORD CT CLIMATE NORMALS FOR TODAY
                         NORMAL    RECORD    YEAR
 MAXIMUM TEMPERATURE (F)   80        97      1988
 MINIMUM TEMPERATURE (F)   57        41      1953


SUNRISE AND SUNSET
JUNE 15 2017..........SUNRISE   515 AM EDT   SUNSET   828 PM EDT
JUNE 16 2017..........SUNRISE   515 AM EDT   SUNSET   828 PM EDT


-  INDICATES NEGATIVE NUMBERS.
R  INDICATES RECORD WAS SET OR TIED.
MM INDICATES DATA IS MISSING.
T  INDICATES TRACE AMOUNT.




$$
