000
CDUS41 KBOX 170628
CLIBDL


CLIMATE REPORT
NATIONAL WEATHER SERVICE TAUNTON MA
227 AM EDT FRI JUL 17 2015


...................................

...THE HARTFORD CT CLIMATE SUMMARY FOR JULY 16 2015...

CLIMATE NORMAL PERIOD 1981 TO 2010
CLIMATE RECORD PERIOD 1904 TO 2015


WEATHER ITEM   OBSERVED TIME   RECORD YEAR NORMAL DEPARTURE LAST
                VALUE   (LST)  VALUE       VALUE  FROM      YEAR
                                                  NORMAL
..................................................................
TEMPERATURE (F)
 YESTERDAY
  MAXIMUM         78    445 PM  96    1983  85     -7       81
                                      1980
                                      1968
  MINIMUM         56    432 AM  50    1946  63     -7       66
  AVERAGE         67                        74     -7       74

PRECIPITATION (IN)
  YESTERDAY        0.00          1.33 1910   0.13  -0.13     0.01
  MONTH TO DATE    2.30                      2.02   0.28     3.32
  SINCE JUN 1      8.98                      6.37   2.61     5.03
  SINCE JAN 1     22.55                     24.18  -1.63    27.04

SNOWFALL (IN)
  YESTERDAY        0.0           0.0  2002   0.0    0.0      0.0
                                      2001
                                      2000
  MONTH TO DATE    0.0                       0.0    0.0      0.0
  SINCE JUN 1      0.0                       0.0    0.0      0.0
  SINCE JUL 1      0.0                       0.0    0.0      0.0
  SNOW DEPTH       0

DEGREE DAYS
 HEATING
  YESTERDAY        0                         0      0        0
  MONTH TO DATE    1                         0      1        0
  SINCE JUN 1     49                        40      9        6
  SINCE JUL 1      1                         0      1        0

 COOLING
  YESTERDAY        2                         9     -7        9
  MONTH TO DATE  120                       136    -16      190
  SINCE JUN 1    252                       280    -28      338
  SINCE JAN 1    369                       319     50      370
..................................................................


WIND (MPH)
  RESULTANT WIND SPEED   6   RESULTANT WIND DIRECTION   N (10)
  HIGHEST WIND SPEED    18   HIGHEST WIND DIRECTION     N (20)
  HIGHEST GUST SPEED    23   HIGHEST GUST DIRECTION    NE (30)
  AVERAGE WIND SPEED     7.1


SKY COVER
  POSSIBLE SUNSHINE  MM
  AVERAGE SKY COVER 0.4


WEATHER CONDITIONS
 THE FOLLOWING WEATHER WAS RECORDED YESTERDAY.
  NO SIGNIFICANT WEATHER WAS OBSERVED.


RELATIVE HUMIDITY (PERCENT)
 HIGHEST    84           900 PM
 LOWEST     33           200 PM
 AVERAGE    59

..........................................................


THE HARTFORD CT CLIMATE NORMALS FOR TODAY
                         NORMAL    RECORD    YEAR
 MAXIMUM TEMPERATURE (F)   85        97      1999
 MINIMUM TEMPERATURE (F)   63        49      1954
                                             1946


SUNRISE AND SUNSET
JULY 17 2015..........SUNRISE   530 AM EDT   SUNSET   823 PM EDT
JULY 18 2015..........SUNRISE   531 AM EDT   SUNSET   823 PM EDT


-  INDICATES NEGATIVE NUMBERS.
R  INDICATES RECORD WAS SET OR TIED.
MM INDICATES DATA IS MISSING.
T  INDICATES TRACE AMOUNT.




$$
