000
CDUS41 KBOX 170545
CLIBDL


CLIMATE REPORT
NATIONAL WEATHER SERVICE TAUNTON MA
143 AM EDT FRI OCT 17 2014


...................................

...THE HARTFORD CT CLIMATE SUMMARY FOR OCTOBER 16 2014...

CLIMATE NORMAL PERIOD 1981 TO 2010
CLIMATE RECORD PERIOD 1904 TO 2014


WEATHER ITEM   OBSERVED TIME   RECORD YEAR NORMAL DEPARTURE LAST
                VALUE   (LST)  VALUE       VALUE  FROM      YEAR
                                                  NORMAL
..................................................................
TEMPERATURE (F)
 YESTERDAY
  MAXIMUM         72    120 PM  84    1956  63      9       61
                                      1947
  MINIMUM         61   1159 PM  23    1978  41     20       46
  AVERAGE         67                        52     15       54

PRECIPITATION (IN)
  YESTERDAY        0.94          3.68 1955   0.14   0.80     0.00
  MONTH TO DATE    2.83                      2.39   0.44     1.97
  SINCE SEP 1      4.45                      6.27  -1.82     5.55
  SINCE JAN 1     36.42                     36.54  -0.12    43.55

SNOWFALL (IN)
  YESTERDAY        0.0           T    2009   0.0    0.0      0.0
  MONTH TO DATE    0.0                       0.0    0.0      0.0
  SINCE SEP 1      0.0                       0.0    0.0      0.0
  SINCE JUL 1      0.0                       0.0    0.0      0.0
  SNOW DEPTH       0

DEGREE DAYS
 HEATING
  YESTERDAY        0                        13    -13       11
  MONTH TO DATE  121                       172    -51      103
  SINCE SEP 1    205                       282    -77      234
  SINCE JUL 1    207                       294    -87      236

 COOLING
  YESTERDAY        2                         0      2        0
  MONTH TO DATE   14                         5      9        5
  SINCE SEP 1    111                        79     32       70
  SINCE JAN 1    770                       754     16      894
..................................................................


WIND (MPH)
  RESULTANT WIND SPEED   7   RESULTANT WIND DIRECTION   S (160)
  HIGHEST WIND SPEED    20   HIGHEST WIND DIRECTION     S (190)
  HIGHEST GUST SPEED    26   HIGHEST GUST DIRECTION    SE (150)
  AVERAGE WIND SPEED     9.4


SKY COVER
  POSSIBLE SUNSHINE  MM
  AVERAGE SKY COVER 1.0


WEATHER CONDITIONS
 THE FOLLOWING WEATHER WAS RECORDED YESTERDAY.
  HEAVY RAIN
  RAIN
  LIGHT RAIN
  FOG


RELATIVE HUMIDITY (PERCENT)
 HIGHEST    97           800 PM
 LOWEST     81           400 PM
 AVERAGE    89

..........................................................


THE HARTFORD CT CLIMATE NORMALS FOR TODAY
                         NORMAL    RECORD    YEAR
 MAXIMUM TEMPERATURE (F)   63        90      1908
 MINIMUM TEMPERATURE (F)   41        25      1978


SUNRISE AND SUNSET
OCTOBER 17 2014.......SUNRISE   705 AM EDT   SUNSET   606 PM EDT
OCTOBER 18 2014.......SUNRISE   706 AM EDT   SUNSET   605 PM EDT


-  INDICATES NEGATIVE NUMBERS.
R  INDICATES RECORD WAS SET OR TIED.
MM INDICATES DATA IS MISSING.
T  INDICATES TRACE AMOUNT.




$$
