000
CDUS41 KBOX 240552
CLIBDL


CLIMATE REPORT
NATIONAL WEATHER SERVICE TAUNTON MA
142 AM EDT SUN APR 24 2016


...................................

...THE HARTFORD CT CLIMATE SUMMARY FOR APRIL 23 2016...

CLIMATE NORMAL PERIOD 1981 TO 2010
CLIMATE RECORD PERIOD 1904 TO 2016


WEATHER ITEM   OBSERVED TIME   RECORD YEAR NORMAL DEPARTURE LAST
                VALUE   (LST)  VALUE       VALUE  FROM      YEAR
                                                  NORMAL
..................................................................
TEMPERATURE (F)
 YESTERDAY
  MAXIMUM         68    252 PM  88    2007  64      4       51
  MINIMUM         45   1159 PM  26    1989  41      4       38
  AVERAGE         57                        52      5       45

PRECIPITATION (IN)
  YESTERDAY        0.03          1.90 2006   0.12  -0.09      T
  MONTH TO DATE    2.17                      2.84  -0.67     3.40
  SINCE MAR 1      4.37                      6.46  -2.09     6.06
  SINCE JAN 1     11.20                     12.58  -1.38    12.24

SNOWFALL (IN)
  YESTERDAY       MM             1.0  1956   0.0   MM         T
  MONTH TO DATE    6.9                       1.3    5.6       T
  SINCE MAR 1      9.8                       7.7    2.1      9.0
  SINCE JUL 1     26.9                      40.4  -13.5     63.8
  SNOW DEPTH       0

DEGREE DAYS
 HEATING
  YESTERDAY        8                        13     -5       20
  MONTH TO DATE  418                       392     26      363
  SINCE MAR 1   1062                      1235   -173     1361
  SINCE JUL 1   4738                      5673   -935     6006

 COOLING
  YESTERDAY        0                         0      0        0
  MONTH TO DATE    2                         0      2        0
  SINCE MAR 1      2                         0      2        0
  SINCE JAN 1      2                         0      2        0
..................................................................


WIND (MPH)
  RESULTANT WIND SPEED   9   RESULTANT WIND DIRECTION   N (340)
  HIGHEST WIND SPEED    24   HIGHEST WIND DIRECTION    NW (320)
  HIGHEST GUST SPEED    28   HIGHEST GUST DIRECTION    NW (300)
  AVERAGE WIND SPEED    10.2


SKY COVER
  POSSIBLE SUNSHINE  MM
  AVERAGE SKY COVER 0.6


WEATHER CONDITIONS
 THE FOLLOWING WEATHER WAS RECORDED YESTERDAY.
  LIGHT RAIN
  FOG


RELATIVE HUMIDITY (PERCENT)
 HIGHEST   100          1200 AM
 LOWEST     25           600 PM
 AVERAGE    63

..........................................................


THE HARTFORD CT CLIMATE NORMALS FOR TODAY
                         NORMAL    RECORD    YEAR
 MAXIMUM TEMPERATURE (F)   64        88      2001
 MINIMUM TEMPERATURE (F)   41        27      1930


SUNRISE AND SUNSET
APRIL 24 2016.........SUNRISE   556 AM EDT   SUNSET   742 PM EDT
APRIL 25 2016.........SUNRISE   555 AM EDT   SUNSET   743 PM EDT


-  INDICATES NEGATIVE NUMBERS.
R  INDICATES RECORD WAS SET OR TIED.
MM INDICATES DATA IS MISSING.
T  INDICATES TRACE AMOUNT.




$$
