000
CDUS41 KBOX 160944
CLIBDL


CLIMATE REPORT
NATIONAL WEATHER SERVICE TAUNTON MA
434 AM EST SUN NOV 16 2014


...................................

...THE HARTFORD CT CLIMATE SUMMARY FOR NOVEMBER 15 2014...

CLIMATE NORMAL PERIOD 1981 TO 2010
CLIMATE RECORD PERIOD 1904 TO 2014


WEATHER ITEM   OBSERVED TIME   RECORD YEAR NORMAL DEPARTURE LAST
                VALUE   (LST)  VALUE       VALUE  FROM      YEAR
                                                  NORMAL
..................................................................
TEMPERATURE (F)
 YESTERDAY
  MAXIMUM         42    228 PM  78    1993  52    -10       60
  MINIMUM         22   1055 PM  17    1933  34    -12       27
                                      1905
  AVERAGE         32                        43    -11       44

PRECIPITATION (IN)
  YESTERDAY        0.00          0.99 1906   0.13  -0.13     0.00
  MONTH TO DATE    0.62                      1.89  -1.27     0.25
  SINCE SEP 1      6.16                     10.14  -3.98     6.02
  SINCE JAN 1     38.13                     40.41  -2.28    44.02

SNOWFALL (IN)
  YESTERDAY        0.0           5.2  1906   0.0    0.0      0.0
  MONTH TO DATE    T                         0.6   -0.6       T
  SINCE SEP 1      T                         0.6   -0.6       T
  SINCE JUL 1      T                         0.6   -0.6       T
  SNOW DEPTH       0

DEGREE DAYS
 HEATING
  YESTERDAY       33                        22     11       21
  MONTH TO DATE  299                       301     -2      318
  SINCE SEP 1    682                       818   -136      799
  SINCE JUL 1    684                       830   -146      801

 COOLING
  YESTERDAY        0                         0      0        0
  MONTH TO DATE    0                         0      0        0
  SINCE SEP 1    112                        81     31       70
  SINCE JAN 1    771                       756     15      894
..................................................................


WIND (MPH)
  RESULTANT WIND SPEED   7   RESULTANT WIND DIRECTION  NW (300)
  HIGHEST WIND SPEED    17   HIGHEST WIND DIRECTION     W (280)
  HIGHEST GUST SPEED    23   HIGHEST GUST DIRECTION    NW (330)
  AVERAGE WIND SPEED     6.9


SKY COVER
  POSSIBLE SUNSHINE  MM
  AVERAGE SKY COVER 0.1


WEATHER CONDITIONS
 THE FOLLOWING WEATHER WAS RECORDED YESTERDAY.
  NO SIGNIFICANT WEATHER WAS OBSERVED.


RELATIVE HUMIDITY (PERCENT)
 HIGHEST    74           700 AM
 LOWEST     28           200 PM
 AVERAGE    51

..........................................................


THE HARTFORD CT CLIMATE NORMALS FOR TODAY
                         NORMAL    RECORD    YEAR
 MAXIMUM TEMPERATURE (F)   52        72      1990
 MINIMUM TEMPERATURE (F)   33        14      1933


SUNRISE AND SUNSET
NOVEMBER 16 2014......SUNRISE   642 AM EST   SUNSET   429 PM EST
NOVEMBER 17 2014......SUNRISE   643 AM EST   SUNSET   428 PM EST


-  INDICATES NEGATIVE NUMBERS.
R  INDICATES RECORD WAS SET OR TIED.
MM INDICATES DATA IS MISSING.
T  INDICATES TRACE AMOUNT.




$$
