000
CDUS41 KBOX 130539
CLIBDL


CLIMATE REPORT
NATIONAL WEATHER SERVICE TAUNTON MA
1236 AM EST MON FEB 13 2017


...................................

...THE HARTFORD CT CLIMATE SUMMARY FOR FEBRUARY 12 2017...

CLIMATE NORMAL PERIOD 1981 TO 2010
CLIMATE RECORD PERIOD 1904 TO 2017


WEATHER ITEM   OBSERVED TIME   RECORD YEAR NORMAL DEPARTURE LAST
                VALUE   (LST)  VALUE       VALUE  FROM      YEAR
                                                  NORMAL
..................................................................
TEMPERATURE (F)
 YESTERDAY
  MAXIMUM         29   1159 PM  54    1999  38     -9       23
                                      1984
  MINIMUM         20    304 AM -13    1979  20      0        1
  AVERAGE         25                        29     -4       12

PRECIPITATION (IN)
  YESTERDAY        0.67          1.82 1988   0.10   0.57     0.00
  MONTH TO DATE    2.05                      1.22   0.83     1.65
  SINCE DEC 1      8.27                      7.89   0.38     7.86
  SINCE JAN 1      5.54                      4.45   1.09     3.61

SNOWFALL (IN)
  YESTERDAY        5.0          21.9  2006   0.4    4.6      0.0
  MONTH TO DATE   22.5                       5.2   17.3     12.5
  SINCE DEC 1     41.1                      24.9   16.2     15.4
  SINCE JUL 1     42.6                      26.9   15.7     15.4
  SNOW DEPTH       0

DEGREE DAYS
 HEATING
  YESTERDAY       40                        36      4       53
  MONTH TO DATE  438                       444     -6      398
  SINCE DEC 1   2441                      2687   -246     2139
  SINCE JUL 1   3478                      3894   -416     3123

 COOLING
  YESTERDAY        0                         0      0        0
  MONTH TO DATE    0                         0      0        0
  SINCE DEC 1      0                         0      0        0
  SINCE JAN 1      0                         0      0        0
..................................................................


WIND (MPH)
  RESULTANT WIND SPEED   8   RESULTANT WIND DIRECTION   N (0)
  HIGHEST WIND SPEED    15   HIGHEST WIND DIRECTION     N (20)
  HIGHEST GUST SPEED    17   HIGHEST GUST DIRECTION     N (350)
  AVERAGE WIND SPEED     8.6


SKY COVER
  POSSIBLE SUNSHINE  MM
  AVERAGE SKY COVER 1.0


WEATHER CONDITIONS
 THE FOLLOWING WEATHER WAS RECORDED YESTERDAY.
  FREEZING RAIN
  LT FREEZING RAIN
  HEAVY SNOW
  SNOW
  LIGHT SNOW
  SLEET
  FOG


RELATIVE HUMIDITY (PERCENT)
 HIGHEST   100           500 PM
 LOWEST     77           400 AM
 AVERAGE    89

..........................................................


THE HARTFORD CT CLIMATE NORMALS FOR TODAY
                         NORMAL    RECORD    YEAR
 MAXIMUM TEMPERATURE (F)   38        59      1937
 MINIMUM TEMPERATURE (F)   21        -7      1967


SUNRISE AND SUNSET
FEBRUARY 13 2017......SUNRISE   649 AM EST   SUNSET   521 PM EST
FEBRUARY 14 2017......SUNRISE   648 AM EST   SUNSET   523 PM EST


-  INDICATES NEGATIVE NUMBERS.
R  INDICATES RECORD WAS SET OR TIED.
MM INDICATES DATA IS MISSING.
T  INDICATES TRACE AMOUNT.




$$
