000
CDUS41 KBOX 150623
CLIBDL


CLIMATE REPORT
NATIONAL WEATHER SERVICE TAUNTON MA
221 AM EDT SAT APR 15 2017


...................................

...THE HARTFORD CT CLIMATE SUMMARY FOR APRIL 14 2017...

CLIMATE NORMAL PERIOD 1981 TO 2010
CLIMATE RECORD PERIOD 1904 TO 2017


WEATHER ITEM   OBSERVED TIME   RECORD YEAR NORMAL DEPARTURE LAST
                VALUE   (LST)  VALUE       VALUE  FROM      YEAR
                                                  NORMAL
..................................................................
TEMPERATURE (F)
 YESTERDAY
  MAXIMUM         65    520 PM  82    1941  60      5       60
  MINIMUM         36    510 AM  24    1959  38     -2       36
  AVERAGE         51                        49      2       48

PRECIPITATION (IN)
  YESTERDAY        0.00          3.57 1909   0.13  -0.13     0.00
  MONTH TO DATE    2.27                      1.78   0.49     1.60
  SINCE MAR 1      6.20                      5.40   0.80     3.80
  SINCE JAN 1     12.18                     11.52   0.66    10.63

SNOWFALL (IN)
  YESTERDAY        0.0           4.0  1950   0.0    0.0      0.0
  MONTH TO DATE    0.5                       1.0   -0.5      6.9
  SINCE MAR 1     19.6                       7.4   12.2      9.8
  SINCE JUL 1     62.3                      40.1   22.2     26.9
  SNOW DEPTH       0

DEGREE DAYS
 HEATING
  YESTERDAY       14                        16     -2       17
  MONTH TO DATE  221                       263    -42      327
  SINCE MAR 1   1198                      1106     92      971
  SINCE JUL 1   5091                      5544   -453     4647

 COOLING
  YESTERDAY        0                         0      0        0
  MONTH TO DATE    4                         0      4        0
  SINCE MAR 1      4                         0      4        0
  SINCE JAN 1      4                         0      4        0
..................................................................


WIND (MPH)
  RESULTANT WIND SPEED   3   RESULTANT WIND DIRECTION  NE (40)
  HIGHEST WIND SPEED    13   HIGHEST WIND DIRECTION    NE (40)
  HIGHEST GUST SPEED    21   HIGHEST GUST DIRECTION     N (10)
  AVERAGE WIND SPEED     4.5


SKY COVER
  POSSIBLE SUNSHINE  MM
  AVERAGE SKY COVER 0.3


WEATHER CONDITIONS
 THE FOLLOWING WEATHER WAS RECORDED YESTERDAY.
  NO SIGNIFICANT WEATHER WAS OBSERVED.


RELATIVE HUMIDITY (PERCENT)
 HIGHEST    76           500 AM
 LOWEST     14           600 PM
 AVERAGE    45

..........................................................


THE HARTFORD CT CLIMATE NORMALS FOR TODAY
                         NORMAL    RECORD    YEAR
 MAXIMUM TEMPERATURE (F)   60        88      1941
 MINIMUM TEMPERATURE (F)   38        24      1957


SUNRISE AND SUNSET
APRIL 15 2017.........SUNRISE   610 AM EDT   SUNSET   732 PM EDT
APRIL 16 2017.........SUNRISE   608 AM EDT   SUNSET   733 PM EDT


-  INDICATES NEGATIVE NUMBERS.
R  INDICATES RECORD WAS SET OR TIED.
MM INDICATES DATA IS MISSING.
T  INDICATES TRACE AMOUNT.




$$
