000
CDUS41 KBOX 040544
CLIBDL


CLIMATE REPORT
NATIONAL WEATHER SERVICE TAUNTON MA
1240 AM EST THU JAN 4 2018


...................................

...THE HARTFORD CT CLIMATE SUMMARY FOR JANUARY 3 2018...

CLIMATE NORMAL PERIOD 1981 TO 2010
CLIMATE RECORD PERIOD 1904 TO 2018


WEATHER ITEM   OBSERVED TIME   RECORD YEAR NORMAL DEPARTURE LAST
                VALUE   (LST)  VALUE       VALUE  FROM      YEAR
                                                  NORMAL
..................................................................
TEMPERATURE (F)
 YESTERDAY
  MAXIMUM         25    338 PM  62    2000  35    -10       39
  MINIMUM          2    734 AM  -3    2008  18    -16       34
                                      2001
  AVERAGE         14                        27    -13       37

PRECIPITATION (IN)
  YESTERDAY        0.00          1.64 1936   0.10  -0.10     0.89
  MONTH TO DATE    0.00                      0.30  -0.30     0.90
  SINCE DEC 1      2.41                      3.74  -1.33     3.63
  SINCE JAN 1      0.00                      0.30  -0.30     0.90

SNOWFALL (IN)
  YESTERDAY        0.0          12.5  2006   0.3   -0.3      0.0
  MONTH TO DATE    0.0                       1.1   -1.1      0.0
  SINCE DEC 1      9.8                       8.5    1.3     10.2
  SINCE JUL 1      9.8                      10.5   -0.7     11.7
  SNOW DEPTH       3

DEGREE DAYS
 HEATING
  YESTERDAY       51                        38     13       28
  MONTH TO DATE  170                       114     56       95
  SINCE DEC 1   1329                      1151    178     1105
  SINCE JUL 1   2320                      2358    -38     2142

 COOLING
  YESTERDAY        0                         0      0        0
  MONTH TO DATE    0                         0      0        0
  SINCE DEC 1      0                         0      0        0
  SINCE JAN 1      0                         0      0        0
..................................................................


WIND (MPH)
  RESULTANT WIND SPEED   3   RESULTANT WIND DIRECTION   S (190)
  HIGHEST WIND SPEED    12   HIGHEST WIND DIRECTION     S (170)
  HIGHEST GUST SPEED    15   HIGHEST GUST DIRECTION     S (170)
  AVERAGE WIND SPEED     4.6


SKY COVER
  POSSIBLE SUNSHINE  MM
  AVERAGE SKY COVER 0.5


WEATHER CONDITIONS
 THE FOLLOWING WEATHER WAS RECORDED YESTERDAY.
  NO SIGNIFICANT WEATHER WAS OBSERVED.


RELATIVE HUMIDITY (PERCENT)
 HIGHEST    83           800 AM
 LOWEST     40           300 PM
 AVERAGE    62

..........................................................


THE HARTFORD CT CLIMATE NORMALS FOR TODAY
                         NORMAL    RECORD    YEAR
 MAXIMUM TEMPERATURE (F)   35        61      1993
 MINIMUM TEMPERATURE (F)   18        -9      2014


SUNRISE AND SUNSET
JANUARY  4 2018.......SUNRISE   719 AM EST   SUNSET   433 PM EST
JANUARY  5 2018.......SUNRISE   719 AM EST   SUNSET   434 PM EST


-  INDICATES NEGATIVE NUMBERS.
R  INDICATES RECORD WAS SET OR TIED.
MM INDICATES DATA IS MISSING.
T  INDICATES TRACE AMOUNT.




$$
