000
CDUS41 KBOX 292130
CLIBDL


CLIMATE REPORT
NATIONAL WEATHER SERVICE TAUNTON MA
527 PM EDT SAT MAR 29 2014


...................................

...THE HARTFORD CT CLIMATE SUMMARY FOR MARCH 29 2014...
VALID AS OF 0500 PM LOCAL TIME.

CLIMATE NORMAL PERIOD 1981 TO 2010
CLIMATE RECORD PERIOD 1904 TO 2014


WEATHER ITEM   OBSERVED TIME   RECORD YEAR NORMAL DEPARTURE LAST
                VALUE   (LST)  VALUE       VALUE  FROM      YEAR
                                                  NORMAL
..................................................................
TEMPERATURE (F)
 TODAY
  MAXIMUM         52   1200 PM  86    1945  53     -1       57
  MINIMUM         37        MM   4    1923  32      5       33
  AVERAGE         45                        42      3       45

PRECIPITATION (IN)
  TODAY            0.13          1.58 2010   0.11   0.02     0.00
  MONTH TO DATE    1.55                      3.37  -1.82     2.38
  SINCE MAR 1      1.55                      3.37  -1.82     2.38
  SINCE JAN 1      8.92                      9.49  -0.57     7.89

SNOWFALL (IN)
  TODAY           MM             7.0  1970   0.1   MM        0.0
  MONTH TO DATE    T                         6.2   -6.2      9.8
  SINCE MAR 1      T                         6.2   -6.2      9.8
  SINCE JUL 1     50.1                      38.9   11.2     56.9
  SNOW DEPTH       0

DEGREE DAYS
 HEATING
  TODAY           20                        23     -3       20
  MONTH TO DATE  987                       800    187      818
  SINCE MAR 1    987                       800    187      818
  SINCE JUL 1   5666                      5238    428     4970

 COOLING
  TODAY            0                         0      0        0
  MONTH TO DATE    0                         0      0        0
  SINCE MAR 1      0                         0      0        0
  SINCE JAN 1      0                         0      0        0
..................................................................


WIND (MPH)
  HIGHEST WIND SPEED    12   HIGHEST WIND DIRECTION    NE (50)
  HIGHEST GUST SPEED    MM   HIGHEST GUST DIRECTION    MM
  AVERAGE WIND SPEED     6.3


SKY COVER
  POSSIBLE SUNSHINE  MM
  AVERAGE SKY COVER 0.9


WEATHER CONDITIONS
 THE FOLLOWING WEATHER WAS RECORDED TODAY.
  LIGHT RAIN
  FOG
  FOG W/VISIBILITY <= 1/4 MILE


RELATIVE HUMIDITY (PERCENT)
 HIGHEST   100          1200 AM
 LOWEST     63          1200 PM
 AVERAGE    82

..........................................................


THE HARTFORD CT CLIMATE NORMALS FOR TOMORROW
                         NORMAL    RECORD    YEAR
 MAXIMUM TEMPERATURE (F)   53        87      1977
 MINIMUM TEMPERATURE (F)   33        15      1970


SUNRISE AND SUNSET
MARCH 29 2014.........SUNRISE   639 AM EDT   SUNSET   713 PM EDT
MARCH 30 2014.........SUNRISE   637 AM EDT   SUNSET   714 PM EDT


-  INDICATES NEGATIVE NUMBERS.
R  INDICATES RECORD WAS SET OR TIED.
MM INDICATES DATA IS MISSING.
T  INDICATES TRACE AMOUNT.




$$
