000
CDUS41 KBOX 190555
CLIBDL


CLIMATE REPORT
NATIONAL WEATHER SERVICE TAUNTON MA
155 AM EDT TUE APR 19 2016


...................................

...THE HARTFORD CT CLIMATE SUMMARY FOR APRIL 18 2016...

CLIMATE NORMAL PERIOD 1981 TO 2010
CLIMATE RECORD PERIOD 1904 TO 2016


WEATHER ITEM   OBSERVED TIME   RECORD YEAR NORMAL DEPARTURE LAST
                VALUE   (LST)  VALUE       VALUE  FROM      YEAR
                                                  NORMAL
..................................................................
TEMPERATURE (F)
 YESTERDAY
  MAXIMUM         80    417 PM  95    1976  62     18       81
  MINIMUM         35    513 AM  24    1962  39     -4       42
  AVERAGE         58                        51      7       62

PRECIPITATION (IN)
  YESTERDAY        0.00          0.95 1924   0.11  -0.11     0.00
  MONTH TO DATE    1.60                      2.25  -0.65     1.80
  SINCE MAR 1      3.80                      5.87  -2.07     4.46
  SINCE JAN 1     10.63                     11.99  -1.36    10.64

SNOWFALL (IN)
  YESTERDAY        0.0           1.7  1965   0.0    0.0      0.0
  MONTH TO DATE    6.9                       1.2    5.7      0.0
  SINCE MAR 1      9.8                       7.6    2.2      9.0
  SINCE JUL 1     26.9                      40.3  -13.4     63.8
  SNOW DEPTH       0

DEGREE DAYS
 HEATING
  YESTERDAY        7                        15     -8        3
  MONTH TO DATE  379                       324     55      297
  SINCE MAR 1   1023                      1167   -144     1295
  SINCE JUL 1   4699                      5605   -906     5940

 COOLING
  YESTERDAY        0                         0      0        0
  MONTH TO DATE    0                         0      0        0
  SINCE MAR 1      0                         0      0        0
  SINCE JAN 1      0                         0      0        0
..................................................................


WIND (MPH)
  RESULTANT WIND SPEED   3   RESULTANT WIND DIRECTION  SE (150)
  HIGHEST WIND SPEED    21   HIGHEST WIND DIRECTION     S (160)
  HIGHEST GUST SPEED    25   HIGHEST GUST DIRECTION     S (160)
  AVERAGE WIND SPEED     5.9


SKY COVER
  POSSIBLE SUNSHINE  MM
  AVERAGE SKY COVER 0.5


WEATHER CONDITIONS
 THE FOLLOWING WEATHER WAS RECORDED YESTERDAY.
  NO SIGNIFICANT WEATHER WAS OBSERVED.


RELATIVE HUMIDITY (PERCENT)
 HIGHEST    82           600 AM
 LOWEST     19           100 PM
 AVERAGE    51

..........................................................


THE HARTFORD CT CLIMATE NORMALS FOR TODAY
                         NORMAL    RECORD    YEAR
 MAXIMUM TEMPERATURE (F)   62        96      1976
 MINIMUM TEMPERATURE (F)   40        26      1926


SUNRISE AND SUNSET
APRIL 19 2016.........SUNRISE   603 AM EDT   SUNSET   737 PM EDT
APRIL 20 2016.........SUNRISE   602 AM EDT   SUNSET   738 PM EDT


-  INDICATES NEGATIVE NUMBERS.
R  INDICATES RECORD WAS SET OR TIED.
MM INDICATES DATA IS MISSING.
T  INDICATES TRACE AMOUNT.




$$
