325
CDUS41 KBOX 142138
CLIBDL


CLIMATE REPORT
NATIONAL WEATHER SERVICE TAUNTON MA
536 PM EDT SUN MAY 14 2017


...................................

...THE HARTFORD CT CLIMATE SUMMARY FOR MAY 14 2017...
VALID TODAY AS OF 0500 PM LOCAL TIME.

CLIMATE NORMAL PERIOD 1981 TO 2010
CLIMATE RECORD PERIOD 1904 TO 2017


WEATHER ITEM   OBSERVED TIME   RECORD YEAR NORMAL DEPARTURE LAST
                VALUE   (LST)  VALUE       VALUE  FROM      YEAR
                                                  NORMAL
..................................................................
TEMPERATURE (F)
 TODAY
  MAXIMUM         61    224 PM  88    1907  71    -10       77
  MINIMUM         39    514 AM  32    1987  47     -8       52
  AVERAGE         50                        59     -9       65

PRECIPITATION (IN)
  TODAY            0.39          0.85 1931   0.12   0.27     0.09
  MONTH TO DATE    3.00                      1.74   1.26     1.77
  SINCE MAR 1     10.70                      9.08   1.62     6.41
  SINCE JAN 1     16.68                     15.20   1.48    13.24

SNOWFALL (IN)
  TODAY            0.0           0.0  2001   0.0    0.0      0.0
                                      2000
  MONTH TO DATE    0.0                       0.0    0.0      0.0
  SINCE MAR 1     19.6                       7.8   11.8      9.8
  SINCE JUL 1     62.3                      40.5   21.8     26.9
  SNOW DEPTH       0

DEGREE DAYS
 HEATING
  TODAY           15                         7      8        0
  MONTH TO DATE  165                       119     46      144
  SINCE MAR 1   1507                      1434     73     1304
  SINCE JUL 1   5400                      5872   -472     4980

 COOLING
  TODAY            0                         1     -1        0
  MONTH TO DATE    0                         7     -7        0
  SINCE MAR 1     23                        13     10        2
  SINCE JAN 1     23                        13     10        2
..................................................................


WIND (MPH)
  HIGHEST WIND SPEED    20   HIGHEST WIND DIRECTION     N (20)
  HIGHEST GUST SPEED    26   HIGHEST GUST DIRECTION     N (350)
  AVERAGE WIND SPEED    13.7


SKY COVER
  POSSIBLE SUNSHINE  MM
  AVERAGE SKY COVER 0.9


WEATHER CONDITIONS
 THE FOLLOWING WEATHER WAS RECORDED TODAY.
  RAIN
  LIGHT RAIN
  FOG


RELATIVE HUMIDITY (PERCENT)
 HIGHEST    96           100 AM
 LOWEST     62           200 PM
 AVERAGE    79

..........................................................


THE HARTFORD CT CLIMATE NORMALS FOR TOMORROW
                         NORMAL    RECORD    YEAR
 MAXIMUM TEMPERATURE (F)   71        89      2004
 MINIMUM TEMPERATURE (F)   47        32      2013


SUNRISE AND SUNSET
MAY 14 2017...........SUNRISE   531 AM EDT   SUNSET   803 PM EDT
MAY 15 2017...........SUNRISE   530 AM EDT   SUNSET   805 PM EDT


-  INDICATES NEGATIVE NUMBERS.
R  INDICATES RECORD WAS SET OR TIED.
MM INDICATES DATA IS MISSING.
T  INDICATES TRACE AMOUNT.




$$
