000
CDUS41 KBOX 172139
CLIBDL


CLIMATE REPORT
NATIONAL WEATHER SERVICE TAUNTON MA
435 PM EST SAT JAN 17 2015


...................................

...THE HARTFORD CT CLIMATE SUMMARY FOR JANUARY 17 2015...
VALID AS OF 0400 PM LOCAL TIME.

CLIMATE NORMAL PERIOD 1981 TO 2010
CLIMATE RECORD PERIOD 1904 TO 2015


WEATHER ITEM   OBSERVED TIME   RECORD YEAR NORMAL DEPARTURE LAST
                VALUE   (LST)  VALUE       VALUE  FROM      YEAR
                                                  NORMAL
..................................................................
TEMPERATURE (F)
 TODAY
  MAXIMUM         25    351 PM  60    1973  34     -9       44
  MINIMUM          7    647 AM  -9    1971  17    -10       30
  AVERAGE         16                        26    -10       37

PRECIPITATION (IN)
  TODAY            0.00          1.11 1994   0.10  -0.10     0.00
  MONTH TO DATE    1.09                      1.75  -0.66     3.21
  SINCE DEC 1      5.64                      5.19   0.45     7.13
  SINCE JAN 1      1.09                      1.75  -0.66     3.21

SNOWFALL (IN)
  TODAY            0.0           8.2  1978   0.4   -0.4      0.0
  MONTH TO DATE    4.1                       6.7   -2.6      8.6
  SINCE DEC 1      4.8                      14.1   -9.3     21.3
  SINCE JUL 1      9.9                      16.1   -6.2     21.3
  SNOW DEPTH       1

DEGREE DAYS
 HEATING
  TODAY           49                        39     10       28
  MONTH TO DATE  728                       660     68      640
  SINCE DEC 1   1630                      1697    -67     1704
  SINCE JUL 1   2727                      2904   -177     2936

 COOLING
  TODAY            0                         0      0        0
  MONTH TO DATE    0                         0      0        0
  SINCE DEC 1      0                         0      0        0
  SINCE JAN 1      0                         0      0        0
..................................................................


WIND (MPH)
  HIGHEST WIND SPEED    17   HIGHEST WIND DIRECTION    NW (300)
  HIGHEST GUST SPEED    22   HIGHEST GUST DIRECTION    NW (300)
  AVERAGE WIND SPEED     7.2


SKY COVER
  POSSIBLE SUNSHINE  MM
  AVERAGE SKY COVER 0.1


WEATHER CONDITIONS
 THE FOLLOWING WEATHER WAS RECORDED TODAY.
  NO SIGNIFICANT WEATHER WAS OBSERVED.


RELATIVE HUMIDITY (PERCENT)
 HIGHEST    55           600 AM
 LOWEST     30           200 PM
 AVERAGE    43

..........................................................


THE HARTFORD CT CLIMATE NORMALS FOR TOMORROW
                         NORMAL    RECORD    YEAR
 MAXIMUM TEMPERATURE (F)   34        63      1990
                                             1973
 MINIMUM TEMPERATURE (F)   17       -17      1957


SUNRISE AND SUNSET
JANUARY 17 2015.......SUNRISE   715 AM EST   SUNSET   447 PM EST
JANUARY 18 2015.......SUNRISE   715 AM EST   SUNSET   448 PM EST


-  INDICATES NEGATIVE NUMBERS.
R  INDICATES RECORD WAS SET OR TIED.
MM INDICATES DATA IS MISSING.
T  INDICATES TRACE AMOUNT.




$$
