000
CDUS41 KBOX 030536
CLIBDL


CLIMATE REPORT
NATIONAL WEATHER SERVICE TAUNTON MA
135 AM EDT THU APR 3 2014


...................................

...THE HARTFORD CT CLIMATE SUMMARY FOR APRIL 2 2014...

CLIMATE NORMAL PERIOD 1981 TO 2010
CLIMATE RECORD PERIOD 1904 TO 2014


WEATHER ITEM   OBSERVED TIME   RECORD YEAR NORMAL DEPARTURE LAST
                VALUE   (LST)  VALUE       VALUE  FROM      YEAR
                                                  NORMAL
..................................................................
TEMPERATURE (F)
 YESTERDAY
  MAXIMUM         61    512 PM  77    1967  55      6       42
  MINIMUM         30    523 AM  18    1919  34     -4       27
  AVERAGE         46                        44      2       35

PRECIPITATION (IN)
  YESTERDAY        0.00          2.89 1970   0.13  -0.13     0.00
  MONTH TO DATE    0.00                      0.25  -0.25     0.03
  SINCE MAR 1      4.72                      3.87   0.85     2.63
  SINCE JAN 1     12.09                      9.99   2.10     8.14

SNOWFALL (IN)
  YESTERDAY        0.0           6.8  1924   0.1   -0.1      0.0
  MONTH TO DATE    0.0                       0.2   -0.2      0.0
  SINCE MAR 1      0.8                       6.6   -5.8      9.8
  SINCE JUL 1     50.9                      39.3   11.6     56.9
  SNOW DEPTH       0

DEGREE DAYS
 HEATING
  YESTERDAY       19                        21     -2       30
  MONTH TO DATE   39                        42     -3       48
  SINCE MAR 1   1078                       885    193      908
  SINCE JUL 1   5757                      5323    434     5060

 COOLING
  YESTERDAY        0                         0      0        0
  MONTH TO DATE    0                         0      0        0
  SINCE MAR 1      0                         0      0        0
  SINCE JAN 1      0                         0      0        0
..................................................................


WIND (MPH)
  RESULTANT WIND SPEED   5   RESULTANT WIND DIRECTION   S (190)
  HIGHEST WIND SPEED    13   HIGHEST WIND DIRECTION     S (190)
  HIGHEST GUST SPEED    17   HIGHEST GUST DIRECTION    SW (210)
  AVERAGE WIND SPEED     5.4


SKY COVER
  POSSIBLE SUNSHINE  MM
  AVERAGE SKY COVER 0.4


WEATHER CONDITIONS
 THE FOLLOWING WEATHER WAS RECORDED YESTERDAY.
  NO SIGNIFICANT WEATHER WAS OBSERVED.


RELATIVE HUMIDITY (PERCENT)
 HIGHEST    92           500 AM
 LOWEST     39           500 PM
 AVERAGE    66

..........................................................


THE HARTFORD CT CLIMATE NORMALS FOR TODAY
                         NORMAL    RECORD    YEAR
 MAXIMUM TEMPERATURE (F)   55        77      1981
 MINIMUM TEMPERATURE (F)   34        17      1954


SUNRISE AND SUNSET
APRIL  3 2014.........SUNRISE   630 AM EDT   SUNSET   718 PM EDT
APRIL  4 2014.........SUNRISE   629 AM EDT   SUNSET   720 PM EDT


-  INDICATES NEGATIVE NUMBERS.
R  INDICATES RECORD WAS SET OR TIED.
MM INDICATES DATA IS MISSING.
T  INDICATES TRACE AMOUNT.




$$
