000
CDUS41 KBOX 070530
CLIBDL


CLIMATE REPORT
NATIONAL WEATHER SERVICE TAUNTON MA
130 AM EDT MON APR 7 2014


...................................

...THE HARTFORD CT CLIMATE SUMMARY FOR APRIL 6 2014...

CLIMATE NORMAL PERIOD 1981 TO 2010
CLIMATE RECORD PERIOD 1904 TO 2014


WEATHER ITEM   OBSERVED TIME   RECORD YEAR NORMAL DEPARTURE LAST
                VALUE   (LST)  VALUE       VALUE  FROM      YEAR
                                                  NORMAL
..................................................................
TEMPERATURE (F)
 YESTERDAY
  MAXIMUM         60    431 PM  81    1921  56      4       49
  MINIMUM         30    516 AM  17    1982  35     -5       31
  AVERAGE         45                        46     -1       40

PRECIPITATION (IN)
  YESTERDAY        0.00          1.45 1958   0.12  -0.12     0.00
  MONTH TO DATE    0.21                      0.75  -0.54     0.03
  SINCE MAR 1      4.93                      4.37   0.56     2.63
  SINCE JAN 1     12.30                     10.49   1.81     8.14

SNOWFALL (IN)
  YESTERDAY        0.0          14.1  1982   0.1   -0.1      0.0
  MONTH TO DATE    0.0                       0.5   -0.5      0.0
  SINCE MAR 1      0.8                       6.9   -6.1      9.8
  SINCE JUL 1     50.9                      39.6   11.3     56.9
  SNOW DEPTH       0

DEGREE DAYS
 HEATING
  YESTERDAY       20                        19      1       25
  MONTH TO DATE  113                       122     -9      139
  SINCE MAR 1   1152                       965    187      999
  SINCE JUL 1   5831                      5403    428     5151

 COOLING
  YESTERDAY        0                         0      0        0
  MONTH TO DATE    0                         0      0        0
  SINCE MAR 1      0                         0      0        0
  SINCE JAN 1      0                         0      0        0
..................................................................


WIND (MPH)
  RESULTANT WIND SPEED   6   RESULTANT WIND DIRECTION  NW (310)
  HIGHEST WIND SPEED    20   HIGHEST WIND DIRECTION    NW (310)
  HIGHEST GUST SPEED    25   HIGHEST GUST DIRECTION    NW (300)
  AVERAGE WIND SPEED     7.0


SKY COVER
  POSSIBLE SUNSHINE  MM
  AVERAGE SKY COVER 0.1


WEATHER CONDITIONS
 THE FOLLOWING WEATHER WAS RECORDED YESTERDAY.
  NO SIGNIFICANT WEATHER WAS OBSERVED.


RELATIVE HUMIDITY (PERCENT)
 HIGHEST    63           500 AM
 LOWEST     12           300 PM
 AVERAGE    38

..........................................................


THE HARTFORD CT CLIMATE NORMALS FOR TODAY
                         NORMAL    RECORD    YEAR
 MAXIMUM TEMPERATURE (F)   57        93      2010
 MINIMUM TEMPERATURE (F)   36        14      1982


SUNRISE AND SUNSET
APRIL  7 2014.........SUNRISE   624 AM EDT   SUNSET   723 PM EDT
APRIL  8 2014.........SUNRISE   622 AM EDT   SUNSET   724 PM EDT


-  INDICATES NEGATIVE NUMBERS.
R  INDICATES RECORD WAS SET OR TIED.
MM INDICATES DATA IS MISSING.
T  INDICATES TRACE AMOUNT.




$$
