000
CDUS41 KBOX 140550
CLIBDL


CLIMATE REPORT
NATIONAL WEATHER SERVICE TAUNTON MA
147 AM EDT THU APR 14 2016


...................................

...THE HARTFORD CT CLIMATE SUMMARY FOR APRIL 13 2016...

CLIMATE NORMAL PERIOD 1981 TO 2010
CLIMATE RECORD PERIOD 1904 TO 2016


WEATHER ITEM   OBSERVED TIME   RECORD YEAR NORMAL DEPARTURE LAST
                VALUE   (LST)  VALUE       VALUE  FROM      YEAR
                                                  NORMAL
..................................................................
TEMPERATURE (F)
 YESTERDAY
  MAXIMUM         56    456 PM  86    1977  60     -4       71
  MINIMUM         31    521 AM  24    1990  38     -7       34
  AVERAGE         44                        49     -5       53

PRECIPITATION (IN)
  YESTERDAY        0.00          2.25 2004   0.13  -0.13     0.00
  MONTH TO DATE    1.60                      1.65  -0.05     1.66
  SINCE MAR 1      3.80                      5.27  -1.47     4.32
  SINCE JAN 1     10.63                     11.39  -0.76    10.50

SNOWFALL (IN)
  YESTERDAY        0.0           1.8  1918   0.1   -0.1      0.0
  MONTH TO DATE    6.9                       1.0    5.9      0.0
  SINCE MAR 1      9.8                       7.4    2.4      9.0
  SINCE JUL 1     26.9                      40.1  -13.2     63.8
  SNOW DEPTH       0

DEGREE DAYS
 HEATING
  YESTERDAY       21                        17      4       12
  MONTH TO DATE  310                       247     63      258
  SINCE MAR 1    954                      1090   -136     1256
  SINCE JUL 1   4630                      5528   -898     5901

 COOLING
  YESTERDAY        0                         0      0        0
  MONTH TO DATE    0                         0      0        0
  SINCE MAR 1      0                         0      0        0
  SINCE JAN 1      0                         0      0        0
..................................................................


WIND (MPH)
  RESULTANT WIND SPEED   4   RESULTANT WIND DIRECTION   N (10)
  HIGHEST WIND SPEED    16   HIGHEST WIND DIRECTION    NE (40)
  HIGHEST GUST SPEED    23   HIGHEST GUST DIRECTION     N (20)
  AVERAGE WIND SPEED     5.1


SKY COVER
  POSSIBLE SUNSHINE  MM
  AVERAGE SKY COVER 0.2


WEATHER CONDITIONS
 THE FOLLOWING WEATHER WAS RECORDED YESTERDAY.
  NO SIGNIFICANT WEATHER WAS OBSERVED.


RELATIVE HUMIDITY (PERCENT)
 HIGHEST    72           500 AM
 LOWEST     27           400 PM
 AVERAGE    50

..........................................................


THE HARTFORD CT CLIMATE NORMALS FOR TODAY
                         NORMAL    RECORD    YEAR
 MAXIMUM TEMPERATURE (F)   60        82      1941
 MINIMUM TEMPERATURE (F)   38        24      1959


SUNRISE AND SUNSET
APRIL 14 2016.........SUNRISE   611 AM EDT   SUNSET   731 PM EDT
APRIL 15 2016.........SUNRISE   610 AM EDT   SUNSET   732 PM EDT


-  INDICATES NEGATIVE NUMBERS.
R  INDICATES RECORD WAS SET OR TIED.
MM INDICATES DATA IS MISSING.
T  INDICATES TRACE AMOUNT.




$$
