000
CDUS41 KBOX 240612
CLIBDL


CLIMATE REPORT
NATIONAL WEATHER SERVICE TAUNTON MA
109 AM EST THU NOV 24 2016


...................................

...THE HARTFORD CT CLIMATE SUMMARY FOR NOVEMBER 23 2016...

CLIMATE NORMAL PERIOD 1981 TO 2010
CLIMATE RECORD PERIOD 1904 TO 2016


WEATHER ITEM   OBSERVED TIME   RECORD YEAR NORMAL DEPARTURE LAST
                VALUE   (LST)  VALUE       VALUE  FROM      YEAR
                                                  NORMAL
..................................................................
TEMPERATURE (F)
 YESTERDAY
  MAXIMUM         43    238 PM  75    1931  49     -6       42
  MINIMUM         28    658 AM  12    1972  31     -3       25
  AVERAGE         36                        40     -4       34

PRECIPITATION (IN)
  YESTERDAY        0.00          1.98 1920   0.14  -0.14     0.00
  MONTH TO DATE    1.22                      2.98  -1.76     2.00
  SINCE SEP 1      5.81                     11.23  -5.42     9.35
  SINCE JAN 1     28.15                     41.50 -13.35    34.76

SNOWFALL (IN)
  YESTERDAY        0.0           5.0  1989   0.1   -0.1      0.0
  MONTH TO DATE    T                         1.2   -1.2      0.0
  SINCE SEP 1      1.5                       1.2    0.3       T
  SINCE JUL 1      1.5                       1.2    0.3       T
  SNOW DEPTH       0

DEGREE DAYS
 HEATING
  YESTERDAY       29                        25      4       31
  MONTH TO DATE  449                       492    -43      382
  SINCE SEP 1    858                      1009   -151      814
  SINCE JUL 1    858                      1021   -163      815

 COOLING
  YESTERDAY        0                         0      0        0
  MONTH TO DATE    0                         0      0        2
  SINCE SEP 1    138                        81     57      150
  SINCE JAN 1   1068                       756    312      964
..................................................................


WIND (MPH)
  RESULTANT WIND SPEED   9   RESULTANT WIND DIRECTION  NW (320)
  HIGHEST WIND SPEED    22   HIGHEST WIND DIRECTION    NW (310)
  HIGHEST GUST SPEED    27   HIGHEST GUST DIRECTION    NW (310)
  AVERAGE WIND SPEED     9.1


SKY COVER
  POSSIBLE SUNSHINE  MM
  AVERAGE SKY COVER 0.6


WEATHER CONDITIONS
 THE FOLLOWING WEATHER WAS RECORDED YESTERDAY.
  NO SIGNIFICANT WEATHER WAS OBSERVED.


RELATIVE HUMIDITY (PERCENT)
 HIGHEST    69           900 PM
 LOWEST     41           100 PM
 AVERAGE    55

..........................................................


THE HARTFORD CT CLIMATE NORMALS FOR TODAY
                         NORMAL    RECORD    YEAR
 MAXIMUM TEMPERATURE (F)   48        69      1931
 MINIMUM TEMPERATURE (F)   31         1      1989


SUNRISE AND SUNSET
NOVEMBER 24 2016......SUNRISE   652 AM EST   SUNSET   423 PM EST
NOVEMBER 25 2016......SUNRISE   653 AM EST   SUNSET   423 PM EST


-  INDICATES NEGATIVE NUMBERS.
R  INDICATES RECORD WAS SET OR TIED.
MM INDICATES DATA IS MISSING.
T  INDICATES TRACE AMOUNT.




$$
