736
CDUS41 KBOX 160612
CLIBDL


CLIMATE REPORT
NATIONAL WEATHER SERVICE TAUNTON MA
211 AM EDT TUE MAY 16 2017


...................................

...THE HARTFORD CT CLIMATE SUMMARY FOR MAY 15 2017...

CLIMATE NORMAL PERIOD 1981 TO 2010
CLIMATE RECORD PERIOD 1904 TO 2017


WEATHER ITEM   OBSERVED TIME   RECORD YEAR NORMAL DEPARTURE LAST
                VALUE   (LST)  VALUE       VALUE  FROM      YEAR
                                                  NORMAL
..................................................................
TEMPERATURE (F)
 YESTERDAY
  MAXIMUM         67    538 PM  89    2004  71     -4       59
  MINIMUM         51    631 AM  32    2013  47      4       42
  AVERAGE         59                        59      0       51

PRECIPITATION (IN)
  YESTERDAY        0.03          1.93 1972   0.14  -0.11     0.00
  MONTH TO DATE    3.03                      1.88   1.15     1.77
  SINCE MAR 1     10.73                      9.22   1.51     6.41
  SINCE JAN 1     16.71                     15.34   1.37    13.24

SNOWFALL (IN)
  YESTERDAY        0.0           0.0  2016   0.0    0.0      0.0
  MONTH TO DATE    0.0                       0.0    0.0      0.0
  SINCE MAR 1     19.6                       7.8   11.8      9.8
  SINCE JUL 1     62.3                      40.5   21.8     26.9
  SNOW DEPTH       0

DEGREE DAYS
 HEATING
  YESTERDAY        6                         7     -1       14
  MONTH TO DATE  171                       126     45      158
  SINCE MAR 1   1513                      1441     72     1318
  SINCE JUL 1   5406                      5879   -473     4994

 COOLING
  YESTERDAY        0                         1     -1        0
  MONTH TO DATE    0                         8     -8        0
  SINCE MAR 1     23                        14      9        2
  SINCE JAN 1     23                        14      9        2
..................................................................


WIND (MPH)
  RESULTANT WIND SPEED  15   RESULTANT WIND DIRECTION  NW (320)
  HIGHEST WIND SPEED    29   HIGHEST WIND DIRECTION    NW (310)
  HIGHEST GUST SPEED    37   HIGHEST GUST DIRECTION    NW (310)
  AVERAGE WIND SPEED    14.4


SKY COVER
  POSSIBLE SUNSHINE  MM
  AVERAGE SKY COVER 0.8


WEATHER CONDITIONS
 THE FOLLOWING WEATHER WAS RECORDED YESTERDAY.
  LIGHT RAIN


RELATIVE HUMIDITY (PERCENT)
 HIGHEST    77           100 AM
 LOWEST     44           100 PM
 AVERAGE    61

..........................................................


THE HARTFORD CT CLIMATE NORMALS FOR TODAY
                         NORMAL    RECORD    YEAR
 MAXIMUM TEMPERATURE (F)   71        91      1965
 MINIMUM TEMPERATURE (F)   48        35      1947


SUNRISE AND SUNSET
MAY 16 2017...........SUNRISE   529 AM EDT   SUNSET   806 PM EDT
MAY 17 2017...........SUNRISE   528 AM EDT   SUNSET   807 PM EDT


-  INDICATES NEGATIVE NUMBERS.
R  INDICATES RECORD WAS SET OR TIED.
MM INDICATES DATA IS MISSING.
T  INDICATES TRACE AMOUNT.




$$
