000
CDUS41 KBOX 090544
CLIBDL


CLIMATE REPORT
NATIONAL WEATHER SERVICE TAUNTON MA
134 AM EDT TUE MAY 9 2017


...................................

...THE HARTFORD CT CLIMATE SUMMARY FOR MAY 8 2017...

CLIMATE NORMAL PERIOD 1981 TO 2010
CLIMATE RECORD PERIOD 1904 TO 2017


WEATHER ITEM   OBSERVED TIME   RECORD YEAR NORMAL DEPARTURE LAST
                VALUE   (LST)  VALUE       VALUE  FROM      YEAR
                                                  NORMAL
..................................................................
TEMPERATURE (F)
 YESTERDAY
  MAXIMUM         54   1110 AM  92    2000  69    -15       64
  MINIMUM         39   1159 PM  31    1968  45     -6       45
  AVERAGE         47                        57    -10       55

PRECIPITATION (IN)
  YESTERDAY        T             1.27 1931   0.12  -0.12     0.09
  MONTH TO DATE    1.81                      0.98   0.83     1.56
  SINCE MAR 1      9.51                      8.32   1.19     6.20
  SINCE JAN 1     15.49                     14.44   1.05    13.03

SNOWFALL (IN)
  YESTERDAY        0.0           0.0  2002   0.0    0.0      0.0
                                      2001
                                      2000
  MONTH TO DATE    0.0                       0.0    0.0      0.0
  SINCE MAR 1     19.6                       7.8   11.8      9.8
  SINCE JUL 1     62.3                      40.5   21.8     26.9
  SNOW DEPTH       0

DEGREE DAYS
 HEATING
  YESTERDAY       18                         8     10       10
  MONTH TO DATE   81                        74      7      116
  SINCE MAR 1   1423                      1389     34     1276
  SINCE JUL 1   5316                      5827   -511     4952

 COOLING
  YESTERDAY        0                         1     -1        0
  MONTH TO DATE    0                         1     -1        0
  SINCE MAR 1     23                         7     16        2
  SINCE JAN 1     23                         7     16        2
..................................................................


WIND (MPH)
  RESULTANT WIND SPEED   8   RESULTANT WIND DIRECTION   W (290)
  HIGHEST WIND SPEED    23   HIGHEST WIND DIRECTION     W (280)
  HIGHEST GUST SPEED    36   HIGHEST GUST DIRECTION    NW (310)
  AVERAGE WIND SPEED     9.4


SKY COVER
  POSSIBLE SUNSHINE  MM
  AVERAGE SKY COVER 0.8


WEATHER CONDITIONS
 THE FOLLOWING WEATHER WAS RECORDED YESTERDAY.
  LIGHT RAIN


RELATIVE HUMIDITY (PERCENT)
 HIGHEST    76           600 AM
 LOWEST     38          1200 PM
 AVERAGE    57

..........................................................


THE HARTFORD CT CLIMATE NORMALS FOR TODAY
                         NORMAL    RECORD    YEAR
 MAXIMUM TEMPERATURE (F)   69        97      1979
 MINIMUM TEMPERATURE (F)   46        28      1956


SUNRISE AND SUNSET
MAY  9 2017...........SUNRISE   537 AM EDT   SUNSET   758 PM EDT
MAY 10 2017...........SUNRISE   536 AM EDT   SUNSET   759 PM EDT


-  INDICATES NEGATIVE NUMBERS.
R  INDICATES RECORD WAS SET OR TIED.
MM INDICATES DATA IS MISSING.
T  INDICATES TRACE AMOUNT.




$$
