000
CDUS41 KBOX 080547
CLIBDL


CLIMATE REPORT
NATIONAL WEATHER SERVICE TAUNTON MA
1239 AM EST SUN JAN 8 2017


...................................

...THE HARTFORD CT CLIMATE SUMMARY FOR JANUARY 7 2017...

CLIMATE NORMAL PERIOD 1981 TO 2010
CLIMATE RECORD PERIOD 1904 TO 2017


WEATHER ITEM   OBSERVED TIME   RECORD YEAR NORMAL DEPARTURE LAST
                VALUE   (LST)  VALUE       VALUE  FROM      YEAR
                                                  NORMAL
..................................................................
TEMPERATURE (F)
 YESTERDAY
  MAXIMUM         MM        MM  62    1907  34     MM       40
  MINIMUM         MM        MM   1    1912  18     MM       12
  AVERAGE         MM                        26     MM       26

PRECIPITATION (IN)
  YESTERDAY       MM             1.46 1938   0.10  MM        0.00
                                      1908
  MONTH TO DATE    0.98                      0.71   0.27      T
  SINCE DEC 1      3.71                      4.15  -0.44     4.25
  SINCE JAN 1      0.98                      0.71   0.27      T

SNOWFALL (IN)
  YESTERDAY        3.3           8.8  1977   0.4    2.9      0.0
  MONTH TO DATE    4.1                       2.7    1.4       T
  SINCE DEC 1     14.3                      10.1    4.2      1.0
  SINCE JUL 1     15.8                      12.1    3.7      1.0
  SNOW DEPTH      MM

DEGREE DAYS
 HEATING
  YESTERDAY       MM                        39     MM       39
  MONTH TO DATE  196                       270    -74      263
  SINCE DEC 1   1206                      1307   -101      933
  SINCE JUL 1   2243                      2514   -271     1917

 COOLING
  YESTERDAY       MM                         0     MM        0
  MONTH TO DATE    0                         0      0        0
  SINCE DEC 1      0                         0      0        0
  SINCE JAN 1      0                         0      0        0
..................................................................


WIND (MPH)
  RESULTANT WIND SPEED   8   RESULTANT WIND DIRECTION   N (10)
  HIGHEST WIND SPEED    16   HIGHEST WIND DIRECTION     N (360)
  HIGHEST GUST SPEED    MM   HIGHEST GUST DIRECTION    MM
  AVERAGE WIND SPEED     8.6


SKY COVER
  POSSIBLE SUNSHINE  MM
  AVERAGE SKY COVER 0.8


WEATHER CONDITIONS
 THE FOLLOWING WEATHER WAS RECORDED YESTERDAY.
  LIGHT SNOW
  FOG


RELATIVE HUMIDITY (PERCENT)
 HIGHEST    84           100 PM
 LOWEST     41          1200 AM
 AVERAGE    63

..........................................................


THE HARTFORD CT CLIMATE NORMALS FOR TODAY
                         NORMAL    RECORD    YEAR
 MAXIMUM TEMPERATURE (F)   34        62      2008
 MINIMUM TEMPERATURE (F)   18        -7      1968


SUNRISE AND SUNSET
JANUARY  8 2017.......SUNRISE   718 AM EST   SUNSET   437 PM EST
JANUARY  9 2017.......SUNRISE   718 AM EST   SUNSET   438 PM EST


-  INDICATES NEGATIVE NUMBERS.
R  INDICATES RECORD WAS SET OR TIED.
MM INDICATES DATA IS MISSING.
T  INDICATES TRACE AMOUNT.




$$
