000
CDUS41 KBOX 250647
CLIBDL


CLIMATE REPORT
NATIONAL WEATHER SERVICE TAUNTON MA
146 AM EST WED FEB 25 2015


...................................

...THE HARTFORD CT CLIMATE SUMMARY FOR FEBRUARY 24 2015...

CLIMATE NORMAL PERIOD 1981 TO 2010
CLIMATE RECORD PERIOD 1904 TO 2015


WEATHER ITEM   OBSERVED TIME   RECORD YEAR NORMAL DEPARTURE LAST
                VALUE   (LST)  VALUE       VALUE  FROM      YEAR
                                                  NORMAL
..................................................................
TEMPERATURE (F)
 YESTERDAY
  MAXIMUM         19    410 PM  73    1985  41    -22       44
  MINIMUM         -8R   549 AM  -4    1907  23    -31       21
  AVERAGE          6                        32    -26       33

PRECIPITATION (IN)
  YESTERDAY        T             1.85 1981   0.11  -0.11     0.00
  MONTH TO DATE    2.93                      2.45   0.48     3.96
  SINCE DEC 1     10.71                      9.12   1.59    11.29
  SINCE JAN 1      6.16                      5.68   0.48     7.37

SNOWFALL (IN)
  YESTERDAY        0.1           9.0  1969   0.4   -0.3      0.0
  MONTH TO DATE   31.6                       9.9   21.7     27.0
  SINCE DEC 1     49.4                      29.6   19.8     50.0
  SINCE JUL 1     54.5                      31.6   22.9     50.0
  SNOW DEPTH      24

DEGREE DAYS
 HEATING
  YESTERDAY       59                        33     26       32
  MONTH TO DATE 1176                       858    318      943
  SINCE DEC 1   3363                      3101    262     3257
  SINCE JUL 1   4460                      4308    152     4489

 COOLING
  YESTERDAY        0                         0      0        0
  MONTH TO DATE    0                         0      0        0
  SINCE DEC 1      0                         0      0        0
  SINCE JAN 1      0                         0      0        0
..................................................................


WIND (MPH)
  RESULTANT WIND SPEED   6   RESULTANT WIND DIRECTION   S (200)
  HIGHEST WIND SPEED    21   HIGHEST WIND DIRECTION     S (190)
  HIGHEST GUST SPEED    26   HIGHEST GUST DIRECTION     S (180)
  AVERAGE WIND SPEED     6.9


SKY COVER
  POSSIBLE SUNSHINE  MM
  AVERAGE SKY COVER 0.6


WEATHER CONDITIONS
 THE FOLLOWING WEATHER WAS RECORDED YESTERDAY.
  LIGHT SNOW
  FOG
  HAZE


RELATIVE HUMIDITY (PERCENT)
 HIGHEST    67           800 PM
 LOWEST     39           300 PM
 AVERAGE    53

..........................................................


THE HARTFORD CT CLIMATE NORMALS FOR TODAY
                         NORMAL    RECORD    YEAR
 MAXIMUM TEMPERATURE (F)   41        70      1976
 MINIMUM TEMPERATURE (F)   23        -2      1914


SUNRISE AND SUNSET
FEBRUARY 25 2015......SUNRISE   632 AM EST   SUNSET   536 PM EST
FEBRUARY 26 2015......SUNRISE   631 AM EST   SUNSET   537 PM EST


-  INDICATES NEGATIVE NUMBERS.
R  INDICATES RECORD WAS SET OR TIED.
MM INDICATES DATA IS MISSING.
T  INDICATES TRACE AMOUNT.




$$
