000
CDUS41 KBOX 080551
CLIBDL


CLIMATE REPORT
NATIONAL WEATHER SERVICE TAUNTON MA
147 AM EDT MON AUG 8 2016


...................................

...THE HARTFORD CT CLIMATE SUMMARY FOR AUGUST 7 2016...

CLIMATE NORMAL PERIOD 1981 TO 2010
CLIMATE RECORD PERIOD 1904 TO 2016


WEATHER ITEM   OBSERVED TIME   RECORD YEAR NORMAL DEPARTURE LAST
                VALUE   (LST)  VALUE       VALUE  FROM      YEAR
                                                  NORMAL
..................................................................
TEMPERATURE (F)
 YESTERDAY
  MAXIMUM         89    252 PM 100    1918  84      5       83
  MINIMUM         64    449 AM  48    1957  62      2       57
  AVERAGE         77                        73      4       70

PRECIPITATION (IN)
  YESTERDAY        0.00          2.15 2008   0.15  -0.15     0.00
  MONTH TO DATE    0.41                      1.04  -0.63     0.01
  SINCE JUN 1      4.62                      9.57  -4.95     9.77
  SINCE JAN 1     18.56                     27.38  -8.82    23.34

SNOWFALL (IN)
  YESTERDAY        0.0           0.0  2002   0.0    0.0      0.0
                                      2001
                                      2000
  MONTH TO DATE    0.0                       0.0    0.0      0.0
  SINCE JUN 1      0.0                       0.0    0.0      0.0
  SINCE JUL 1      0.0                       0.0    0.0      0.0
  SNOW DEPTH       0

DEGREE DAYS
 HEATING
  YESTERDAY        0                         0      0        0
  MONTH TO DATE    0                         0      0        0
  SINCE JUN 1     16                        43    -27       49
  SINCE JUL 1      0                         3     -3        1

 COOLING
  YESTERDAY       12                         8      4        5
  MONTH TO DATE   65                        59      6       61
  SINCE JUN 1    575                       472    103      477
  SINCE JAN 1    649                       511    138      594
..................................................................


WIND (MPH)
  RESULTANT WIND SPEED   6   RESULTANT WIND DIRECTION  NW (300)
  HIGHEST WIND SPEED    18   HIGHEST WIND DIRECTION    NW (300)
  HIGHEST GUST SPEED    23   HIGHEST GUST DIRECTION    NW (300)
  AVERAGE WIND SPEED     6.5


SKY COVER
  POSSIBLE SUNSHINE  MM
  AVERAGE SKY COVER 0.3


WEATHER CONDITIONS
 THE FOLLOWING WEATHER WAS RECORDED YESTERDAY.
  NO SIGNIFICANT WEATHER WAS OBSERVED.


RELATIVE HUMIDITY (PERCENT)
 HIGHEST    87           500 AM
 LOWEST     29           300 PM
 AVERAGE    58

..........................................................


THE HARTFORD CT CLIMATE NORMALS FOR TODAY
                         NORMAL    RECORD    YEAR
 MAXIMUM TEMPERATURE (F)   84        98      2001
 MINIMUM TEMPERATURE (F)   62        49      1957
                                             1950


SUNRISE AND SUNSET
AUGUST  8 2016........SUNRISE   552 AM EDT   SUNSET   800 PM EDT
AUGUST  9 2016........SUNRISE   553 AM EDT   SUNSET   759 PM EDT


-  INDICATES NEGATIVE NUMBERS.
R  INDICATES RECORD WAS SET OR TIED.
MM INDICATES DATA IS MISSING.
T  INDICATES TRACE AMOUNT.




$$
