000
CDUS41 KBOX 010534
CLIBDL


CLIMATE REPORT
NATIONAL WEATHER SERVICE TAUNTON MA
134 AM EDT TUE APR 1 2014


...................................

...THE HARTFORD CT CLIMATE SUMMARY FOR MARCH 31 2014...

CLIMATE NORMAL PERIOD 1981 TO 2010
CLIMATE RECORD PERIOD 1904 TO 2014


WEATHER ITEM   OBSERVED TIME   RECORD YEAR NORMAL DEPARTURE LAST
                VALUE   (LST)  VALUE       VALUE  FROM      YEAR
                                                  NORMAL
..................................................................
TEMPERATURE (F)
 YESTERDAY
  MAXIMUM         41    316 PM  89    1998  54    -13       57
  MINIMUM         33    830 AM  13    1923  33      0       27
  AVERAGE         37                        43     -6       42

PRECIPITATION (IN)
  YESTERDAY        0.72          2.52 1987   0.12   0.60     0.22
  MONTH TO DATE    4.72                      3.62   1.10     2.60
  SINCE MAR 1      4.72                      3.62   1.10     2.60
  SINCE JAN 1     12.09                      9.74   2.35     8.11

SNOWFALL (IN)
  YESTERDAY        0.8           4.2  1970   0.1    0.7      0.0
  MONTH TO DATE    0.8                       6.4   -5.6      9.8
  SINCE MAR 1      0.8                       6.4   -5.6      9.8
  SINCE JUL 1     50.9                      39.1   11.8     56.9
  SNOW DEPTH       0

DEGREE DAYS
 HEATING
  YESTERDAY       28                        22      6       23
  MONTH TO DATE 1039                       844    195      860
  SINCE MAR 1   1039                       843    196      860
  SINCE JUL 1   5718                      5281    437     5012

 COOLING
  YESTERDAY        0                         0      0        0
  MONTH TO DATE    0                         0      0        0
  SINCE MAR 1      0                         0      0        0
  SINCE JAN 1      0                         0      0        0
..................................................................


WIND (MPH)
  RESULTANT WIND SPEED  13   RESULTANT WIND DIRECTION   N (350)
  HIGHEST WIND SPEED    22   HIGHEST WIND DIRECTION     N (360)
  HIGHEST GUST SPEED    28   HIGHEST GUST DIRECTION     N (10)
  AVERAGE WIND SPEED    12.6


SKY COVER
  POSSIBLE SUNSHINE  MM
  AVERAGE SKY COVER 1.0


WEATHER CONDITIONS
 THE FOLLOWING WEATHER WAS RECORDED YESTERDAY.
  RAIN
  LIGHT RAIN
  LIGHT SNOW
  SLEET
  FOG


RELATIVE HUMIDITY (PERCENT)
 HIGHEST    96           900 AM
 LOWEST     54          1100 PM
 AVERAGE    75

..........................................................


THE HARTFORD CT CLIMATE NORMALS FOR TODAY
                         NORMAL    RECORD    YEAR
 MAXIMUM TEMPERATURE (F)   54        78      1967
 MINIMUM TEMPERATURE (F)   33         9      1970


SUNRISE AND SUNSET
APRIL  1 2014.........SUNRISE   634 AM EDT   SUNSET   716 PM EDT
APRIL  2 2014.........SUNRISE   632 AM EDT   SUNSET   717 PM EDT


-  INDICATES NEGATIVE NUMBERS.
R  INDICATES RECORD WAS SET OR TIED.
MM INDICATES DATA IS MISSING.
T  INDICATES TRACE AMOUNT.




$$
